{"id":978,"date":"2018-09-18T10:56:36","date_gmt":"2018-09-18T08:56:36","guid":{"rendered":"http:\/\/www.amicidellorgano.org\/?post_type=tribe_events&#038;p=978"},"modified":"2018-09-18T10:56:36","modified_gmt":"2018-09-18T08:56:36","slug":"concerto-di-olivier-eisenmann-22-settembre-2018","status":"publish","type":"tribe_events","link":"https:\/\/www.amicidellorgano.org\/index.php\/event\/concerto-di-olivier-eisenmann-22-settembre-2018\/","title":{"rendered":"Concerto di Olivier Eisenmann &#8211; 22 settembre 2018"},"content":{"rendered":"<p><img loading=\"lazy\" decoding=\"async\" class=\"aligncenter wp-image-863 size-large\" src=\"http:\/\/www.amicidellorgano.org\/wp-content\/uploads\/concerti2018\/14-Olivier-Eisenmann-1024x768.jpg\" alt=\"Concerto di Olivier Eisenmann - 22 settembre 2018\" width=\"474\" height=\"356\" \/><\/p>\n<p>sabato 22 settembre, ore 21<br \/>\nTORTONA, Santuario della Madonna della Guardia<br \/>\nOLIVIER EISENMANN, organo\u00a0 (Svizzera)<br \/>\n<em>dedicato a Paolo Perduca<br \/>\n<\/em><\/p>\n<p>Sabato 22 settembre alle ore 21 il noto organista svizzero Olivier Eisenmann, gi\u00e0 noto al pubblico alessandrino per aver partecipato diverse volte, fin dai primi anni, alla Rassegna di concerti sugli organi storici della Provincia di Alessandria, oggi sostenuta da Compagnia di San Paolo e dalle Fondazioni CRT, CRAL, SociAL e Piemonte dal Vivo,si esibir\u00e0 a TORTONA nel Santuario della Madonna della Guardia all&#8217;organo &#8220;Mascioni&#8221; del 1976 restaurato appena lo scorso anno.<\/p>\n<p>Il concerto \u00e8 dedicato al maestro Paolo Perduca, organista e musicista eclettico prematuramente scomparso.<\/p>\n<p>Il programma concepito da Eisenmann per questo particolare strumento comprende brani di\u00a0 Bach (Fuga sopra il Magnificat BWV 733),\u00a0 Mendelssohn\u00a0( Allegro in si bemolle maggiore), Fanny Hensel , sorella di Mendelssohn ( Preludio in sol maggiore), Gustav Adolph Merkel (Fantasia in re minore, op. 176), Josef Gabriel Rheinberger ( Tema variato in re maggiore,\u00a0 Vision in re bemolle maggiore, no. 5,\u00a0 Passacaglia in mi minore, no. 11), Max Reger ( Toccata in mi minore e fuga doppia in mi maggiore,) Egil Hovland (Partita op. 90 sopra il corale pasquale &#8220;Gelobt sei Gott in h\u00f6chstem Thron&#8221; scritta nel\u00a0 1975), Marian Sawa ( Fantasia slesiana \u201eTe Deum&#8221; del 2004)<\/p>\n<p><strong>Olivier Eisenmann<\/strong>, nato a Zurigo,\u00a0 ha iniziato lo studio del pianoforte con il padre, il compositore Will Eisenmann, e lo ha proseguito al Conservatorio di Lucerna con Sava Savoff. Contemporaneamente agli studi organistici con Eduard Kaufmann, organista della \u201eHofkirche&#8221; di Lucerna, ha seguito lo studio della Scienza conseguendo il grado di dottore all`Universit\u00e0 di Zurigo. Ha svolto attivit\u00e0 concertistica come pianista e poi come organista nelle pi\u00f9 importanti citt\u00e0: duomo di Aquisgrana, Colonia, Treviri, Fulda, Dresda (anche Frauenkirche e Kreuzkirche), Passavia, W\u00fcrzburg, Amburgo e Berlino, nelle cattedrali di Ginevra, Losanna, San Gallo, Vienna (Santo Stefano), Salisburgo, Graz, Oslo, Copenhagen, Stoccolma, Turku, Helsinki, Riga, Varsavia, Danzica, Rotterdam, Haarlem, Digione, Parigi (Notre-Dame e St-Sulpice), Cahors, Montpellier, Brusselle, Porto, Siviglia, Barcelona, Padova, Lucca, Ravenna (Basilica di S.Vitale), Dublino, Londra (St.Paul), York (Minster), Lincoln, Chester, inoltre in quasi tutte le cattedrali svedesi, in Pietroburgo, Kasan (Russia), Tallin, Vilnius, L`Aja, Lione, Alessandria, Ferrara, Bologna, Parma, Cagliari, Palermo, Madrid, Budapest, Lubiana, Bratislava, Praga, Cracovia, Monaco di Baviera etc.<br \/>\nSi \u00e8 esibito anche in USA (New York, Washington D.C., Boston, Chicago, Memphis, Seattle etc.), Islanda, Australia (Melbourne, Camberra, Sydney), Nuova Zelanda, Messico City, nel Hong Kong Arts Festival, nel Festival d`Avignon, nel Festival Internazionale di Musica di Lucerna e nei Festival Internazionali d`organo a Mosca, Niscni Novgorod, Ufa (Russia), Jalta, Minsk (Filarmonia), Oliva (Polonia), Ragusa, Napoli, Roma, Verona, Torino, Palma di Maiorca, Bonn (M\u00fcnster), Rostock, Helsing\u00f6r, Ko\u0161ice (Slovacchia), Brusselle, Anversa e Gent (Belgio), San Paolo (Brasile), Montevideo (Uruguay), Buenos Aires (Argentina) e nelle cattedrali di Morelia e Guadalajara (Messico). Inoltre ha svolto attivit\u00e0 solistica in qualit\u00e0 di organista in concerti sinfonici con l`Orchestre de la Suisse Romande, la Deutsche Bachorchester Ratzeburg, la Filarmonia statale di Ko\u0161ice, la S\u00fcdwestdeutsche Philharmonie, Singapore Symphony Orchestra a Singapore e diversi altri complessi orchestrali. Ha effettuato numerose registrazioni radio-televisive in Svizzera, Spagna, Svezia, Finlandia, Germania, Austria, Slovenia, Slovacchia, Repubblica Ceca, Ungheria, Polonia, Bielorussia, Russia, Brasile e Singapore, oltre a 21 incisioni discografiche, compresi 9 CD.<br \/>\nPer tanti anni Olivier Eisenmann \u00e8 stato membro direttore dell`Associazione della Musica Contemporanea (Sezione Svizzera Centrale) e professore al Liceo di Zug. Gli sono stati affidati conferenze sulla musica d`organo presso diverse accademie, p.es. a Herford, Sydney, Mosca e Niscni Novgorod, e recentemente ha dato un masterclass al Conservatorio Statale di Musica a Parma. Inoltre pubblica in riviste musicali. Nel 2014 gli \u00e8 stata assegnata dalla sua residenza comunale la \u201eWeggiser Rose&#8221; per la sua attivit\u00e0 mondiale come concertista e \u201eambasciatore musicale&#8221;.<\/p>\n<p>&nbsp;<\/p>\n","protected":false},"excerpt":{"rendered":"<p>sabato 22 settembre, ore 21 TORTONA, Santuario della Madonna della Guardia OLIVIER EISENMANN, organo\u00a0 (Svizzera) dedicato a Paolo Perduca Sabato 22 settembre alle ore 21 il noto organista svizzero Olivier &hellip; <a href=\"https:\/\/www.amicidellorgano.org\/index.php\/event\/concerto-di-olivier-eisenmann-22-settembre-2018\/\" class=\"more-link\">Continua la lettura di <span class=\"screen-reader-text\">Concerto di Olivier Eisenmann &#8211; 22 settembre 2018<\/span> <span class=\"meta-nav\">&rarr;<\/span><\/a><\/p>\n","protected":false},"author":1,"featured_media":0,"template":"","meta":{"_tribe_events_status":"","_tribe_events_status_reason":"","footnotes":""},"tags":[106,129,44],"tribe_events_cat":[107],"class_list":["post-978","tribe_events","type-tribe_events","status-publish","hentry","tag-concerti2018","tag-olivier-eisenmann","tag-tortona","tribe_events_cat-concerti-2018","cat_concerti-2018"],"_links":{"self":[{"href":"https:\/\/www.amicidellorgano.org\/index.php\/wp-json\/wp\/v2\/tribe_events\/978"}],"collection":[{"href":"https:\/\/www.amicidellorgano.org\/index.php\/wp-json\/wp\/v2\/tribe_events"}],"about":[{"href":"https:\/\/www.amicidellorgano.org\/index.php\/wp-json\/wp\/v2\/types\/tribe_events"}],"author":[{"embeddable":true,"href":"https:\/\/www.amicidellorgano.org\/index.php\/wp-json\/wp\/v2\/users\/1"}],"version-history":[{"count":1,"href":"https:\/\/www.amicidellorgano.org\/index.php\/wp-json\/wp\/v2\/tribe_events\/978\/revisions"}],"predecessor-version":[{"id":979,"href":"https:\/\/www.amicidellorgano.org\/index.php\/wp-json\/wp\/v2\/tribe_events\/978\/revisions\/979"}],"wp:attachment":[{"href":"https:\/\/www.amicidellorgano.org\/index.php\/wp-json\/wp\/v2\/media?parent=978"}],"wp:term":[{"taxonomy":"post_tag","embeddable":true,"href":"https:\/\/www.amicidellorgano.org\/index.php\/wp-json\/wp\/v2\/tags?post=978"},{"taxonomy":"tribe_events_cat","embeddable":true,"href":"https:\/\/www.amicidellorgano.org\/index.php\/wp-json\/wp\/v2\/tribe_events_cat?post=978"}],"curies":[{"name":"wp","href":"https:\/\/api.w.org\/{rel}","templated":true}]}}

<p><img loading="lazy" decoding="async" class="aligncenter wp-image-863 size-large" src="http://www.amicidellorgano.org/wp-content/uploads/concerti2018/14-Olivier-Eisenmann-1024x768.jpg" alt="Concerto di Olivier Eisenmann - 22 settembre 2018" width="474" height="356" /></p>
<p>sabato 22 settembre, ore 21<br />
TORTONA, Santuario della Madonna della Guardia<br />
OLIVIER EISENMANN, organo  (Svizzera)<br />
<em>dedicato a Paolo Perduca<br />
</em></p>
<p>Sabato 22 settembre alle ore 21 il noto organista svizzero Olivier Eisenmann, già noto al pubblico alessandrino per aver partecipato diverse volte, fin dai primi anni, alla Rassegna di concerti sugli organi storici della Provincia di Alessandria, oggi sostenuta da Compagnia di San Paolo e dalle Fondazioni CRT, CRAL, SociAL e Piemonte dal Vivo,si esibirà a TORTONA nel Santuario della Madonna della Guardia all&#8217;organo &#8220;Mascioni&#8221; del 1976 restaurato appena lo scorso anno.</p>
<p>Il concerto è dedicato al maestro Paolo Perduca, organista e musicista eclettico prematuramente scomparso.</p>
<p>Il programma concepito da Eisenmann per questo particolare strumento comprende brani di  Bach (Fuga sopra il Magnificat BWV 733),  Mendelssohn ( Allegro in si bemolle maggiore), Fanny Hensel , sorella di Mendelssohn ( Preludio in sol maggiore), Gustav Adolph Merkel (Fantasia in re minore, op. 176), Josef Gabriel Rheinberger ( Tema variato in re maggiore,  Vision in re bemolle maggiore, no. 5,  Passacaglia in mi minore, no. 11), Max Reger ( Toccata in mi minore e fuga doppia in mi maggiore,) Egil Hovland (Partita op. 90 sopra il corale pasquale &#8220;Gelobt sei Gott in höchstem Thron&#8221; scritta nel  1975), Marian Sawa ( Fantasia slesiana „Te Deum&#8221; del 2004)</p>
<p><strong>Olivier Eisenmann</strong>, nato a Zurigo,  ha iniziato lo studio del pianoforte con il padre, il compositore Will Eisenmann, e lo ha proseguito al Conservatorio di Lucerna con Sava Savoff. Contemporaneamente agli studi organistici con Eduard Kaufmann, organista della „Hofkirche&#8221; di Lucerna, ha seguito lo studio della Scienza conseguendo il grado di dottore all`Università di Zurigo. Ha svolto attività concertistica come pianista e poi come organista nelle più importanti città: duomo di Aquisgrana, Colonia, Treviri, Fulda, Dresda (anche Frauenkirche e Kreuzkirche), Passavia, Würzburg, Amburgo e Berlino, nelle cattedrali di Ginevra, Losanna, San Gallo, Vienna (Santo Stefano), Salisburgo, Graz, Oslo, Copenhagen, Stoccolma, Turku, Helsinki, Riga, Varsavia, Danzica, Rotterdam, Haarlem, Digione, Parigi (Notre-Dame e St-Sulpice), Cahors, Montpellier, Brusselle, Porto, Siviglia, Barcelona, Padova, Lucca, Ravenna (Basilica di S.Vitale), Dublino, Londra (St.Paul), York (Minster), Lincoln, Chester, inoltre in quasi tutte le cattedrali svedesi, in Pietroburgo, Kasan (Russia), Tallin, Vilnius, L`Aja, Lione, Alessandria, Ferrara, Bologna, Parma, Cagliari, Palermo, Madrid, Budapest, Lubiana, Bratislava, Praga, Cracovia, Monaco di Baviera etc.<br />
Si è esibito anche in USA (New York, Washington D.C., Boston, Chicago, Memphis, Seattle etc.), Islanda, Australia (Melbourne, Camberra, Sydney), Nuova Zelanda, Messico City, nel Hong Kong Arts Festival, nel Festival d`Avignon, nel Festival Internazionale di Musica di Lucerna e nei Festival Internazionali d`organo a Mosca, Niscni Novgorod, Ufa (Russia), Jalta, Minsk (Filarmonia), Oliva (Polonia), Ragusa, Napoli, Roma, Verona, Torino, Palma di Maiorca, Bonn (Münster), Rostock, Helsingör, Košice (Slovacchia), Brusselle, Anversa e Gent (Belgio), San Paolo (Brasile), Montevideo (Uruguay), Buenos Aires (Argentina) e nelle cattedrali di Morelia e Guadalajara (Messico). Inoltre ha svolto attività solistica in qualità di organista in concerti sinfonici con l`Orchestre de la Suisse Romande, la Deutsche Bachorchester Ratzeburg, la Filarmonia statale di Košice, la Südwestdeutsche Philharmonie, Singapore Symphony Orchestra a Singapore e diversi altri complessi orchestrali. Ha effettuato numerose registrazioni radio-televisive in Svizzera, Spagna, Svezia, Finlandia, Germania, Austria, Slovenia, Slovacchia, Repubblica Ceca, Ungheria, Polonia, Bielorussia, Russia, Brasile e Singapore, oltre a 21 incisioni discografiche, compresi 9 CD.<br />
Per tanti anni Olivier Eisenmann è stato membro direttore dell`Associazione della Musica Contemporanea (Sezione Svizzera Centrale) e professore al Liceo di Zug. Gli sono stati affidati conferenze sulla musica d`organo presso diverse accademie, p.es. a Herford, Sydney, Mosca e Niscni Novgorod, e recentemente ha dato un masterclass al Conservatorio Statale di Musica a Parma. Inoltre pubblica in riviste musicali. Nel 2014 gli è stata assegnata dalla sua residenza comunale la „Weggiser Rose&#8221; per la sua attività mondiale come concertista e „ambasciatore musicale&#8221;.</p>
<p>&nbsp;</p>
