{"id":969,"date":"2018-09-10T14:13:51","date_gmt":"2018-09-10T12:13:51","guid":{"rendered":"http:\/\/www.amicidellorgano.org\/?post_type=tribe_events&#038;p=969"},"modified":"2018-09-10T14:13:51","modified_gmt":"2018-09-10T12:13:51","slug":"concerto-di-gian-maria-bonino-16-settembre-2018","status":"publish","type":"tribe_events","link":"https:\/\/www.amicidellorgano.org\/index.php\/event\/concerto-di-gian-maria-bonino-16-settembre-2018\/","title":{"rendered":"Concerto di Gian Maria Bonino &#8211; 16 settembre 2018"},"content":{"rendered":"<p><img loading=\"lazy\" decoding=\"async\" class=\"aligncenter wp-image-971 size-large\" src=\"http:\/\/www.amicidellorgano.org\/wp-content\/uploads\/concerti2018\/12-Gian-Maria-Bonino-768x1024.jpg\" alt=\"Concerti d'organo 2018 - Gian Maria Bonino\" width=\"474\" height=\"632\" \/><\/p>\n<p>domenica 16 settembre, ore 17<br \/>\nPINACOTECA DI VOLTAGGIO,<br \/>\nConvento e Quadreria dei Frati Cappuccini<br \/>\nGIAN MARIA BONINO, fortepiano<\/p>\n<p>Da diversi anni la Stagione sugli organi storici della provincia di Alessandriai dedica alcuni concerti agli strumenti affini. Domenica 16 settembre alle ore 17 nella chiesa del Convento\u00a0 dei Frati Cappuccini di Voltaggio GIAN MARIA BONINO eseguir\u00e0 su un\u00a0 fortepiano Jgnace Pleyel, costruito nel 1842, un programma interamente dedicato a Fryderyc Chopin:<br \/>\nQuattro Mazurche op.33<br \/>\n(1810 \u2013 1849)<br \/>\nn.1 in sol# minore<br \/>\nn.2 in re maggiore<br \/>\nn.3 in do maggiore<br \/>\nn.4 in si minore<\/p>\n<p>Scherzo n. 2 op 31<br \/>\nScherzo n.3 op.39<\/p>\n<p>Sonata op35<br \/>\nGrave-doppio movimento<br \/>\nScherzo<br \/>\nMarche fun\u00e8bre -Lento<br \/>\nFinale-Presto<\/p>\n<p>I fortepiani ed i pianoforti di Ignace e di Camille Pleyel sono intimamente legati alla musica di Chopin. Essi rappresentano una affascinante commistione delle tradizioni costruttive degli strumenti viennesi ed inglesi, che offre appunto i suoi frutti migliori nella fattura degli strumenti Pleyel (sia square che verticali che a coda) dal 1820 al 1850.<br \/>\nOgni modello di pianoforte \u00e8 frutto della stessa visione estetica, ed ognuno ha il suo valore artistico (pensiamo ad esempio che Chopin, quando doveva suonare solo per se stesso, preferiva i toni pi\u00f9 imtimi dei piccoli verticali e degli squares alle code ).<\/p>\n<p>Nato a Ruppersthal in Austria, figlio di Martin, maestro di scuola, il giovane Ignaz studi\u00f2 musica prima presso il compositore Johann Baptist Vanhal, e poi, a partire dal 1772, fu allievo di Joseph Haydn ad Eisenstadt. Trasferitosi in Francia, dove assunse il nome francese di Ignace, lavor\u00f2 a partire dal 1797 come editore musicale (la maison Pleyel); a lui si deve la prima edizione (1801) dei quartetti per archi del suo maestro Haydn. In seguito divenne uno dei pi\u00f9 famosi costruttori di pianoforti francesi del XIX secolo, facendo concorrenza anche ad altri grandi altri artigiani come S\u00e9bastien \u00c9rard. Quando mor\u00ec, nel 1831, gli succedette, nella compagnia da lui stesso fondata, il figlio Camille.<\/p>\n<p>Una differenza sostanziale tra i pianoforti di Pleyel e quelli di \u00c9rard consiste anche nell&#8217;assenza, all&#8217;interno dei primi, del meccanismo del doppio scappamento, in quanto Pleyel seguiva le tecniche di costruzione degli artigiani inglesi. Il doppio scappamento, tuttavia, \u00e8 oggi diffuso e generalmente presente in tutti i pianoforti a coda.<\/p>\n<p><strong>Gian Maria Bonino<\/strong><br \/>\nsi \u00e8 diplomato presso il Conservatorio &#8220;G. Verdi&#8221; di Milano con Lydia Arcuri e presso il Conservatorio di Lucerna con il M \u00b0 Myeczislaw Horszowski. Successivamente\u00a0 studia clavicembalo diplomandosi nel 1989 al Conservatorio di Genova con Alda Bellasich e nel gennaio 1999 ottiene il diploma in pianoforte al Conservatorio Superiore di Winterthur (CH). Sin da giovane dedicatosi all\u2019 attivit\u00e0 artistica, egli ha suonato in qualit\u00e0 di solista in numerose citt\u00e0 italiane e all&#8217;estero, e in particolare per le societ\u00e0 GoG di Genova, i Concerti di Autunno di Bergamo, il Teatro di Trieste, la Societ\u00e0 dei Concerti di Milano ,\u00a0 al Conservatorio di Sydney, alla Bosendorfer-Saal di Vienna, al Conservatorio di Mosca, e negli Stati Uniti, dove nel 1992 ha ottenuto il 3 \u00b0 premio al concorso della\u00a0 Bach Society di Washington DC sulle &#8220;Variazioni Goldberg &#8220;. Ha suonato in qualit\u00e0 di solista e con\u00a0 molti gruppi in Festival internazionali, quali\u00a0 Lubiana, il Festival Suoni del Mediterraneo, le\u00a0 Floraisons Musicales di Chateauneuf &#8211; Du &#8211; Pape, l&#8217;Emilia Romagna Festival e altri quali Llivia, Santa Florentina. Fondatore dal 2001 del gruppo &#8220;Camerata Mist\u00e0&#8221; e dei &#8220;Musici di Vivaldi&#8221;, insieme al violinista Glauco Bertagnin, con il gruppo tiene regolarmente concerti per importanti istituzioni; Ha registrato recentemente per la casa Chant de Linos di Bruxelles, con la realizzazione del cd con il flautista Andrea Oliva (integrale sonate di Haendel), e con la casa Polhymnia di musica antica con il traverso Luca Ripanti, con l&#8217;integrale delle sonate di JSBach.<br \/>\nHa suonato con orchestre come l&#8217;Orchestra Filarmonica di Torino, l&#8217;Orchestra del Teatro alla Scala e Pomeriggi Musicali di Milano e altri, con i flautisti Shigenori Kudo, Maxence Larrieu, Andrea Oliva e i violoncellisti Enrico Bronzi, Vittorio Ceccanti e Alessandro Laffranchini, e con il quartetto d&#8217;archi Atheneum dei Berliner Philharmoniker, con cui ha suonato in prima assoluta esecuzioni di musica contemporanea per Radio 3 RAI nel febbraio 2005, e al festival di musica contemporanea di Cincinnati (USA). Suona anche con i Virtuosen dei Berliner Philharmoniker, la Philharmonische Kamerata Berlin ed al festival di Lucerna e al Rheingau &#8211; festival con l\u2019 oboista Albrecht Mayer, con il quale ha tenuto numerosi tour in Spagna, Francia, Slovenia e Italia. Recentemente ha suonato come solista presso la Philharmonie di Berlino\u00a0 il concerto di apertura della stagione 2007 &#8211; 2008 della stagione concertistica dei Berliner Philharmoniker con un brano del compositore contemporaneo Joel Hoffmann.<\/p>\n","protected":false},"excerpt":{"rendered":"<p>domenica 16 settembre, ore 17 PINACOTECA DI VOLTAGGIO, Convento e Quadreria dei Frati Cappuccini GIAN MARIA BONINO, fortepiano Da diversi anni la Stagione sugli organi storici della provincia di Alessandriai &hellip; <a href=\"https:\/\/www.amicidellorgano.org\/index.php\/event\/concerto-di-gian-maria-bonino-16-settembre-2018\/\" class=\"more-link\">Continua la lettura di <span class=\"screen-reader-text\">Concerto di Gian Maria Bonino &#8211; 16 settembre 2018<\/span> <span class=\"meta-nav\">&rarr;<\/span><\/a><\/p>\n","protected":false},"author":1,"featured_media":0,"template":"","meta":{"_tribe_events_status":"","_tribe_events_status_reason":"","footnotes":""},"tags":[106,126,95],"tribe_events_cat":[107],"class_list":["post-969","tribe_events","type-tribe_events","status-publish","hentry","tag-concerti2018","tag-gian-maria-bonino","tag-voltaggio","tribe_events_cat-concerti-2018","cat_concerti-2018"],"_links":{"self":[{"href":"https:\/\/www.amicidellorgano.org\/index.php\/wp-json\/wp\/v2\/tribe_events\/969"}],"collection":[{"href":"https:\/\/www.amicidellorgano.org\/index.php\/wp-json\/wp\/v2\/tribe_events"}],"about":[{"href":"https:\/\/www.amicidellorgano.org\/index.php\/wp-json\/wp\/v2\/types\/tribe_events"}],"author":[{"embeddable":true,"href":"https:\/\/www.amicidellorgano.org\/index.php\/wp-json\/wp\/v2\/users\/1"}],"version-history":[{"count":2,"href":"https:\/\/www.amicidellorgano.org\/index.php\/wp-json\/wp\/v2\/tribe_events\/969\/revisions"}],"predecessor-version":[{"id":972,"href":"https:\/\/www.amicidellorgano.org\/index.php\/wp-json\/wp\/v2\/tribe_events\/969\/revisions\/972"}],"wp:attachment":[{"href":"https:\/\/www.amicidellorgano.org\/index.php\/wp-json\/wp\/v2\/media?parent=969"}],"wp:term":[{"taxonomy":"post_tag","embeddable":true,"href":"https:\/\/www.amicidellorgano.org\/index.php\/wp-json\/wp\/v2\/tags?post=969"},{"taxonomy":"tribe_events_cat","embeddable":true,"href":"https:\/\/www.amicidellorgano.org\/index.php\/wp-json\/wp\/v2\/tribe_events_cat?post=969"}],"curies":[{"name":"wp","href":"https:\/\/api.w.org\/{rel}","templated":true}]}}

<p><img loading="lazy" decoding="async" class="aligncenter wp-image-971 size-large" src="http://www.amicidellorgano.org/wp-content/uploads/concerti2018/12-Gian-Maria-Bonino-768x1024.jpg" alt="Concerti d'organo 2018 - Gian Maria Bonino" width="474" height="632" /></p>
<p>domenica 16 settembre, ore 17<br />
PINACOTECA DI VOLTAGGIO,<br />
Convento e Quadreria dei Frati Cappuccini<br />
GIAN MARIA BONINO, fortepiano</p>
<p>Da diversi anni la Stagione sugli organi storici della provincia di Alessandriai dedica alcuni concerti agli strumenti affini. Domenica 16 settembre alle ore 17 nella chiesa del Convento  dei Frati Cappuccini di Voltaggio GIAN MARIA BONINO eseguirà su un  fortepiano Jgnace Pleyel, costruito nel 1842, un programma interamente dedicato a Fryderyc Chopin:<br />
Quattro Mazurche op.33<br />
(1810 – 1849)<br />
n.1 in sol# minore<br />
n.2 in re maggiore<br />
n.3 in do maggiore<br />
n.4 in si minore</p>
<p>Scherzo n. 2 op 31<br />
Scherzo n.3 op.39</p>
<p>Sonata op35<br />
Grave-doppio movimento<br />
Scherzo<br />
Marche funèbre -Lento<br />
Finale-Presto</p>
<p>I fortepiani ed i pianoforti di Ignace e di Camille Pleyel sono intimamente legati alla musica di Chopin. Essi rappresentano una affascinante commistione delle tradizioni costruttive degli strumenti viennesi ed inglesi, che offre appunto i suoi frutti migliori nella fattura degli strumenti Pleyel (sia square che verticali che a coda) dal 1820 al 1850.<br />
Ogni modello di pianoforte è frutto della stessa visione estetica, ed ognuno ha il suo valore artistico (pensiamo ad esempio che Chopin, quando doveva suonare solo per se stesso, preferiva i toni più imtimi dei piccoli verticali e degli squares alle code ).</p>
<p>Nato a Ruppersthal in Austria, figlio di Martin, maestro di scuola, il giovane Ignaz studiò musica prima presso il compositore Johann Baptist Vanhal, e poi, a partire dal 1772, fu allievo di Joseph Haydn ad Eisenstadt. Trasferitosi in Francia, dove assunse il nome francese di Ignace, lavorò a partire dal 1797 come editore musicale (la maison Pleyel); a lui si deve la prima edizione (1801) dei quartetti per archi del suo maestro Haydn. In seguito divenne uno dei più famosi costruttori di pianoforti francesi del XIX secolo, facendo concorrenza anche ad altri grandi altri artigiani come Sébastien Érard. Quando morì, nel 1831, gli succedette, nella compagnia da lui stesso fondata, il figlio Camille.</p>
<p>Una differenza sostanziale tra i pianoforti di Pleyel e quelli di Érard consiste anche nell&#8217;assenza, all&#8217;interno dei primi, del meccanismo del doppio scappamento, in quanto Pleyel seguiva le tecniche di costruzione degli artigiani inglesi. Il doppio scappamento, tuttavia, è oggi diffuso e generalmente presente in tutti i pianoforti a coda.</p>
<p><strong>Gian Maria Bonino</strong><br />
si è diplomato presso il Conservatorio &#8220;G. Verdi&#8221; di Milano con Lydia Arcuri e presso il Conservatorio di Lucerna con il M ° Myeczislaw Horszowski. Successivamente  studia clavicembalo diplomandosi nel 1989 al Conservatorio di Genova con Alda Bellasich e nel gennaio 1999 ottiene il diploma in pianoforte al Conservatorio Superiore di Winterthur (CH). Sin da giovane dedicatosi all’ attività artistica, egli ha suonato in qualità di solista in numerose città italiane e all&#8217;estero, e in particolare per le società GoG di Genova, i Concerti di Autunno di Bergamo, il Teatro di Trieste, la Società dei Concerti di Milano ,  al Conservatorio di Sydney, alla Bosendorfer-Saal di Vienna, al Conservatorio di Mosca, e negli Stati Uniti, dove nel 1992 ha ottenuto il 3 ° premio al concorso della  Bach Society di Washington DC sulle &#8220;Variazioni Goldberg &#8220;. Ha suonato in qualità di solista e con  molti gruppi in Festival internazionali, quali  Lubiana, il Festival Suoni del Mediterraneo, le  Floraisons Musicales di Chateauneuf &#8211; Du &#8211; Pape, l&#8217;Emilia Romagna Festival e altri quali Llivia, Santa Florentina. Fondatore dal 2001 del gruppo &#8220;Camerata Mistà&#8221; e dei &#8220;Musici di Vivaldi&#8221;, insieme al violinista Glauco Bertagnin, con il gruppo tiene regolarmente concerti per importanti istituzioni; Ha registrato recentemente per la casa Chant de Linos di Bruxelles, con la realizzazione del cd con il flautista Andrea Oliva (integrale sonate di Haendel), e con la casa Polhymnia di musica antica con il traverso Luca Ripanti, con l&#8217;integrale delle sonate di JSBach.<br />
Ha suonato con orchestre come l&#8217;Orchestra Filarmonica di Torino, l&#8217;Orchestra del Teatro alla Scala e Pomeriggi Musicali di Milano e altri, con i flautisti Shigenori Kudo, Maxence Larrieu, Andrea Oliva e i violoncellisti Enrico Bronzi, Vittorio Ceccanti e Alessandro Laffranchini, e con il quartetto d&#8217;archi Atheneum dei Berliner Philharmoniker, con cui ha suonato in prima assoluta esecuzioni di musica contemporanea per Radio 3 RAI nel febbraio 2005, e al festival di musica contemporanea di Cincinnati (USA). Suona anche con i Virtuosen dei Berliner Philharmoniker, la Philharmonische Kamerata Berlin ed al festival di Lucerna e al Rheingau &#8211; festival con l’ oboista Albrecht Mayer, con il quale ha tenuto numerosi tour in Spagna, Francia, Slovenia e Italia. Recentemente ha suonato come solista presso la Philharmonie di Berlino  il concerto di apertura della stagione 2007 &#8211; 2008 della stagione concertistica dei Berliner Philharmoniker con un brano del compositore contemporaneo Joel Hoffmann.</p>
