{"id":897,"date":"2018-06-25T13:51:20","date_gmt":"2018-06-25T11:51:20","guid":{"rendered":"http:\/\/www.amicidellorgano.org\/?post_type=tribe_events&#038;p=897"},"modified":"2018-07-23T10:21:40","modified_gmt":"2018-07-23T08:21:40","slug":"concerto-di-suzanne-ozorak-27-luglio-2018","status":"publish","type":"tribe_events","link":"https:\/\/www.amicidellorgano.org\/index.php\/event\/concerto-di-suzanne-ozorak-27-luglio-2018\/","title":{"rendered":"Concerto di Suzanne Ozorak &#8211; 27 luglio 2018"},"content":{"rendered":"<p><img loading=\"lazy\" decoding=\"async\" class=\"aligncenter wp-image-930 size-full\" src=\"http:\/\/www.amicidellorgano.org\/wp-content\/uploads\/concerti2018\/07-Suzanne-Ozorak-e1532333995196.jpg\" alt=\"Concerto di Suzanne Ozorak - 27 luglio 2018\" width=\"480\" height=\"639\" srcset=\"https:\/\/www.amicidellorgano.org\/wp-content\/uploads\/concerti2018\/07-Suzanne-Ozorak-e1532333995196.jpg 480w, https:\/\/www.amicidellorgano.org\/wp-content\/uploads\/concerti2018\/07-Suzanne-Ozorak-e1532333995196-225x300.jpg 225w\" sizes=\"(max-width: 480px) 100vw, 480px\" \/><\/p>\n<p><strong>venerd\u00ec 27 luglio, ore 21<\/strong><br \/>\n<strong>LERMA, chiesa Parrocchiale<\/strong><br \/>\n<strong>SUZANNE OZORAK, organo (Canada) <\/strong><\/p>\n<p>\u200bUna grande organista proveniente dal Canada, conosciuta in tutto il mondo, suoner\u00e0 per la prima volta nell&#8217;ambito della Stagione internazionale sugli organi storici organizzata dagli Amici dell&#8217;Organo con il sostegno delle Fondazioni CRT, CRAL, SociAl e Piemonte Dal Vivo. Si tratta di \u200bSUZANNE OZORAK, \u200bche si esibir\u00e0 \u200b venerd\u00ec 27 luglio alle ore 21 nella chiesa Parrocchiale di LERMA ove esiste un pregevole organo &#8220;Fratelli Scolari&#8221; di Bolzano Novarese datato 1883.<\/p>\n<p><strong>Programma<br \/>\n<\/strong>Giovanni Gabrieli (1557-1612)<br \/>\nCanzona Seconda<br \/>\nCanzona \u201cLa Spiritata\u201d<\/p>\n<p>Jan Pieterszoon Sweelinck (1562-1621)<br \/>\nVariazioni sopra \u201cEst ce Mars\u201d<\/p>\n<p>Orlando Gibbons ( 1583-1625)<br \/>\nAn Italian Ground<\/p>\n<p>Girolamo Frescobaldi (1583-1643)<br \/>\ndalla \u201cMessa della Madonna\u201d:<br \/>\n-Canzon dopo l&#8217;Epistola<br \/>\n-Toccata per l&#8217;Elevazione<br \/>\n-Bergamasca<\/p>\n<p>Giles Farnaby (1560-1640)<br \/>\nFantasia in sol maggiore<\/p>\n<p>William Byrd ( 1539-1623)<br \/>\nAlman<br \/>\nWolsey&#8217;s Wilde<br \/>\nLa Volta<\/p>\n<p>Carl Philipp Emanuel Bach (1714-1788)<br \/>\nVariazioni su La Folia di Spagnia<\/p>\n<p>Jean-Baptiste Maillochaud (1840-1928)<br \/>\nSortie Fanfare<\/p>\n<p><strong>Suzanne Ozorak<br \/>\n<\/strong>Nativa della Capitale nazionale, Ottawa, Canada, Suzanne Ozorak ha compiuto presso l&#8217;Universit\u00e0 di Ottawa gli studi di Organo e di Pedagogia Musicale al pianoforte. Ha proseguito la formazione musicale al Conservatorio di Montreal nella classe di Raymond Daveluy dove si \u00e8 distinta per aver ricevuto un Primo Premio.<br \/>\nIn seguito si \u00e8 perfezionata con Bernafd Lagac\u00e9 all&#8217; Universit\u00e0 Concordia, dove ha ottenuto il diploma di Interpretazione all&#8217;organo.<br \/>\nNumerosi corsi in vari Paesi europei le hanno permesso di lavorare con grandi Maestri quali Andr\u00e9 Isoir, Luigi Ferdinando Tagliavini,Daniel Roth, Marie-Claire Alain, Michel Chapuis e molti altri.. Si \u00e8 anche perfezionata nell&#8217;improvvisazione con Tobias Willi ed Emmanuel Ledivellec in Svizzera.<br \/>\nIl suo ultimo CD, registrato sul magnifico organo di S. Martin a Dudelange (Lussenburgo) \u00e8 dedicato a brani del repertorio organistico sinfonico.<br \/>\nE&#8217; stata titolare titolare dell&#8217;organo della Concattedrale di S. Antonio da Padova di Longeuil dal 2012 al 2017 ed in quest&#8217;ultimo anno \u00e8 stata seconda assistente alla Cattedrale di Notre-Dame ad Ottawa.<br \/>\nDal 2015 M.me Ozorak \u00e8 fra gli artisti regolarmente invitati nell&#8217;ambito della serie \u201c LES EXCURSIONS-CONCERTS DE VOYAGE GENDRON\u201d, un&#8217; attivit\u00e0 culturale che si propone di valorizzare il patrimonio concertistico religioso, a fianco di Paul Racine, storico dell&#8217;arte sacra, allo scopo di far conoscere tutti gli organi del Qebec e dell&#8217;Ontario.<br \/>\nLa sua attivit\u00e0 si divide tra l&#8217;insegnamento al collegio privato S.te -Anne de Dorval ed il concertismo. Ha recentemente suonato in Malesia e quest&#8217;estate si produrr\u00e0 in Polonia ed in Italia.<\/p>\n","protected":false},"excerpt":{"rendered":"<p>venerd\u00ec 27 luglio, ore 21 LERMA, chiesa Parrocchiale SUZANNE OZORAK, organo (Canada) \u200bUna grande organista proveniente dal Canada, conosciuta in tutto il mondo, suoner\u00e0 per la prima volta nell&#8217;ambito della &hellip; <a href=\"https:\/\/www.amicidellorgano.org\/index.php\/event\/concerto-di-suzanne-ozorak-27-luglio-2018\/\" class=\"more-link\">Continua la lettura di <span class=\"screen-reader-text\">Concerto di Suzanne Ozorak &#8211; 27 luglio 2018<\/span> <span class=\"meta-nav\">&rarr;<\/span><\/a><\/p>\n","protected":false},"author":1,"featured_media":0,"template":"","meta":{"_tribe_events_status":"","_tribe_events_status_reason":"","footnotes":""},"tags":[106,37,118],"tribe_events_cat":[107],"class_list":["post-897","tribe_events","type-tribe_events","status-publish","hentry","tag-concerti2018","tag-lerma","tag-suzanne-ozorak","tribe_events_cat-concerti-2018","cat_concerti-2018"],"_links":{"self":[{"href":"https:\/\/www.amicidellorgano.org\/index.php\/wp-json\/wp\/v2\/tribe_events\/897"}],"collection":[{"href":"https:\/\/www.amicidellorgano.org\/index.php\/wp-json\/wp\/v2\/tribe_events"}],"about":[{"href":"https:\/\/www.amicidellorgano.org\/index.php\/wp-json\/wp\/v2\/types\/tribe_events"}],"author":[{"embeddable":true,"href":"https:\/\/www.amicidellorgano.org\/index.php\/wp-json\/wp\/v2\/users\/1"}],"version-history":[{"count":2,"href":"https:\/\/www.amicidellorgano.org\/index.php\/wp-json\/wp\/v2\/tribe_events\/897\/revisions"}],"predecessor-version":[{"id":933,"href":"https:\/\/www.amicidellorgano.org\/index.php\/wp-json\/wp\/v2\/tribe_events\/897\/revisions\/933"}],"wp:attachment":[{"href":"https:\/\/www.amicidellorgano.org\/index.php\/wp-json\/wp\/v2\/media?parent=897"}],"wp:term":[{"taxonomy":"post_tag","embeddable":true,"href":"https:\/\/www.amicidellorgano.org\/index.php\/wp-json\/wp\/v2\/tags?post=897"},{"taxonomy":"tribe_events_cat","embeddable":true,"href":"https:\/\/www.amicidellorgano.org\/index.php\/wp-json\/wp\/v2\/tribe_events_cat?post=897"}],"curies":[{"name":"wp","href":"https:\/\/api.w.org\/{rel}","templated":true}]}}

<p><img loading="lazy" decoding="async" class="aligncenter wp-image-930 size-full" src="http://www.amicidellorgano.org/wp-content/uploads/concerti2018/07-Suzanne-Ozorak-e1532333995196.jpg" alt="Concerto di Suzanne Ozorak - 27 luglio 2018" width="480" height="639" srcset="https://www.amicidellorgano.org/wp-content/uploads/concerti2018/07-Suzanne-Ozorak-e1532333995196.jpg 480w, https://www.amicidellorgano.org/wp-content/uploads/concerti2018/07-Suzanne-Ozorak-e1532333995196-225x300.jpg 225w" sizes="(max-width: 480px) 100vw, 480px" /></p>
<p><strong>venerdì 27 luglio, ore 21</strong><br />
<strong>LERMA, chiesa Parrocchiale</strong><br />
<strong>SUZANNE OZORAK, organo (Canada) </strong></p>
<p>​Una grande organista proveniente dal Canada, conosciuta in tutto il mondo, suonerà per la prima volta nell&#8217;ambito della Stagione internazionale sugli organi storici organizzata dagli Amici dell&#8217;Organo con il sostegno delle Fondazioni CRT, CRAL, SociAl e Piemonte Dal Vivo. Si tratta di ​SUZANNE OZORAK, ​che si esibirà ​ venerdì 27 luglio alle ore 21 nella chiesa Parrocchiale di LERMA ove esiste un pregevole organo &#8220;Fratelli Scolari&#8221; di Bolzano Novarese datato 1883.</p>
<p><strong>Programma<br />
</strong>Giovanni Gabrieli (1557-1612)<br />
Canzona Seconda<br />
Canzona “La Spiritata”</p>
<p>Jan Pieterszoon Sweelinck (1562-1621)<br />
Variazioni sopra “Est ce Mars”</p>
<p>Orlando Gibbons ( 1583-1625)<br />
An Italian Ground</p>
<p>Girolamo Frescobaldi (1583-1643)<br />
dalla “Messa della Madonna”:<br />
-Canzon dopo l&#8217;Epistola<br />
-Toccata per l&#8217;Elevazione<br />
-Bergamasca</p>
<p>Giles Farnaby (1560-1640)<br />
Fantasia in sol maggiore</p>
<p>William Byrd ( 1539-1623)<br />
Alman<br />
Wolsey&#8217;s Wilde<br />
La Volta</p>
<p>Carl Philipp Emanuel Bach (1714-1788)<br />
Variazioni su La Folia di Spagnia</p>
<p>Jean-Baptiste Maillochaud (1840-1928)<br />
Sortie Fanfare</p>
<p><strong>Suzanne Ozorak<br />
</strong>Nativa della Capitale nazionale, Ottawa, Canada, Suzanne Ozorak ha compiuto presso l&#8217;Università di Ottawa gli studi di Organo e di Pedagogia Musicale al pianoforte. Ha proseguito la formazione musicale al Conservatorio di Montreal nella classe di Raymond Daveluy dove si è distinta per aver ricevuto un Primo Premio.<br />
In seguito si è perfezionata con Bernafd Lagacé all&#8217; Università Concordia, dove ha ottenuto il diploma di Interpretazione all&#8217;organo.<br />
Numerosi corsi in vari Paesi europei le hanno permesso di lavorare con grandi Maestri quali André Isoir, Luigi Ferdinando Tagliavini,Daniel Roth, Marie-Claire Alain, Michel Chapuis e molti altri.. Si è anche perfezionata nell&#8217;improvvisazione con Tobias Willi ed Emmanuel Ledivellec in Svizzera.<br />
Il suo ultimo CD, registrato sul magnifico organo di S. Martin a Dudelange (Lussenburgo) è dedicato a brani del repertorio organistico sinfonico.<br />
E&#8217; stata titolare titolare dell&#8217;organo della Concattedrale di S. Antonio da Padova di Longeuil dal 2012 al 2017 ed in quest&#8217;ultimo anno è stata seconda assistente alla Cattedrale di Notre-Dame ad Ottawa.<br />
Dal 2015 M.me Ozorak è fra gli artisti regolarmente invitati nell&#8217;ambito della serie “ LES EXCURSIONS-CONCERTS DE VOYAGE GENDRON”, un&#8217; attività culturale che si propone di valorizzare il patrimonio concertistico religioso, a fianco di Paul Racine, storico dell&#8217;arte sacra, allo scopo di far conoscere tutti gli organi del Qebec e dell&#8217;Ontario.<br />
La sua attività si divide tra l&#8217;insegnamento al collegio privato S.te -Anne de Dorval ed il concertismo. Ha recentemente suonato in Malesia e quest&#8217;estate si produrrà in Polonia ed in Italia.</p>

<p>venerdì 27 luglio, ore 21 LERMA, chiesa Parrocchiale SUZANNE OZORAK, organo (Canada) ​Una grande organista proveniente dal Canada, conosciuta in tutto il mondo, suonerà per la prima volta nell&#8217;ambito della &hellip; <a href="https://www.amicidellorgano.org/index.php/event/concerto-di-suzanne-ozorak-27-luglio-2018/" class="more-link">Continua la lettura di <span class="screen-reader-text">Concerto di Suzanne Ozorak &#8211; 27 luglio 2018</span> <span class="meta-nav">&rarr;</span></a></p>
