{"id":769,"date":"2017-08-17T11:54:35","date_gmt":"2017-08-17T09:54:35","guid":{"rendered":"http:\/\/www.amicidellorgano.org\/?post_type=tribe_events&#038;p=769"},"modified":"2017-09-29T09:43:14","modified_gmt":"2017-09-29T07:43:14","slug":"concerto-elena-e-letizia-romiti-4-ottobre-2017","status":"publish","type":"tribe_events","link":"https:\/\/www.amicidellorgano.org\/index.php\/event\/concerto-elena-e-letizia-romiti-4-ottobre-2017\/","title":{"rendered":"Concerto Elena e Letizia Romiti \u2013 4 ottobre 2017"},"content":{"rendered":"<p><img loading=\"lazy\" decoding=\"async\" class=\"aligncenter wp-image-602 size-full\" src=\"http:\/\/www.amicidellorgano.org\/wp-content\/uploads\/concerti2017\/07-Elena-Letizia-Romiti.jpg\" alt=\"Concerti d'organo 2017 - Elena e Letizia Romiti\" width=\"488\" height=\"504\" srcset=\"https:\/\/www.amicidellorgano.org\/wp-content\/uploads\/concerti2017\/07-Elena-Letizia-Romiti.jpg 488w, https:\/\/www.amicidellorgano.org\/wp-content\/uploads\/concerti2017\/07-Elena-Letizia-Romiti-290x300.jpg 290w\" sizes=\"(max-width: 488px) 100vw, 488px\" \/><\/p>\n<p>Il penultimo appuntamento della Stagione Internazionale di concerti degli Amici dell&#8217; Organo si terr\u00e0 <strong>mercoled\u00ec 4 ottobre alle ore 21 nella Sala Conferenze dell&#8217; Associazione Cultura e Sviluppo ad Alessandria<\/strong>, piazza De Andr\u00e9 76 in zona Orti.<br \/>\nSar\u00e0 di scena il duo Romiti, oboe ed organo positivo, che riproporr\u00e0 il programma che avrebbe dovuto essere eseguito il 22 ottobre dello scorso anno, ma che per indisposizione dell&#8217; organista fu sostituito, insieme al duo stesso, con una serie di brani per voce e basso continuo.<br \/>\nPer l&#8217;occasione verr\u00e0 impiegato un pregevole organo positivo costruito da Walter Chinaglia di Cermenate, che alcune altre volte \u00e8 stato utilizzato nella Stagione.<br \/>\nAll&#8217;inizio del concerto lo stesso dottor Chinaglia illustrer\u00e0 le caratteristiche dello strumento, la sua storia e le differenze rispetto ad un organo &#8220;normale&#8221;, di quelli cio\u00e8 che siamo abituati a sentire nelle chiese.<br \/>\nAl termine ci sar\u00e0 un momento conviviale ed un brindisi per salutare tutti coloro che ci hanno seguito negli appuntamenti di quest&#8217;anno, in attesa dell&#8217;ultimo concerto di sabato 7 a Bosco Marengo.<br \/>\n&#8220;Tra le numerose &#8220;new entries&#8221; che hanno contribuito a rinnovare il circuito delle &#8220;locations&#8221; dei nostri appuntamenti negli ultimi anni &#8211; dice Letizia Romiti coordinatrice della Rassegna &#8211; il salone dell&#8217;Associazione Cultura e Sviluppo \u00e8 una fra le pi\u00f9 gradite, sia perch\u00e9 ci consente di aumentare i concerti nel capoluogo, sia perch\u00e9 \u00e8 fra l&#8217;altro la sede della <strong>Fondazione SociAl<\/strong> che vogliamo calorosamente ringraziare per averci di nuovo sostenuto, insieme alla <strong>Compagnia di San Paolo ed alle Fondazioni CRT, CRAL e Piemonte Dal Vivo&#8221;<\/strong>.<br \/>\nSi potranno ascoltare Sonate di Antonio Vivaldi, di Benedetto Marcello e di Giuseppe Sammartini inframezzati da altri brani per oboe e per organo solo.<\/p>\n<p><strong>Programma<br \/>\n<\/strong>B. Marcello (1686 &#8211; 1739)<br \/>\nSonata in re minore op.2 n. 11 per oboe e basso continuo<br \/>\n(Adagio &#8211; Allegro &#8211; Largo &#8211; Allegro)<\/p>\n<p>H. Purcell (1659 \u2013 1695)<br \/>\nMarch<br \/>\nTrumpet Tune<br \/>\nSefauchi\u2019s Farewell<br \/>\nA new scott Tune<br \/>\nA new irish Tune<\/p>\n<p>A. Vivaldi (1678 &#8211; 1741)<br \/>\nSonata in fa maggiore Rv 52 per oboe e basso continuo<br \/>\n(Siciliana &#8211; Allemande &#8211; Aria di Giga)<\/p>\n<p>C. Besozzi (1744 &#8211; 1792)<br \/>\nStudio n\u00b0 8 in la maggiore &#8211; Moderato dai 28 Studi per oboe solo<\/p>\n<p>J.K. Kerll (1627 &#8211; 1693)<br \/>\nPassacaglia<\/p>\n<p>G. Sammartini (1695 &#8211; 1750)<br \/>\nSonata in sol maggiore op. 13 n\u00b0 4<br \/>\nper oboe e basso continuo<br \/>\n(Andante &#8211; Allegro &#8211; Adagio &#8211; Minuetto)<\/p>\n<p><strong><em>Elena Romiti <\/em><\/strong>si \u00e8 diplomata in oboe presso il Conservatorio &#8220;A. Vivaldi&#8221; di Alessandria sotto la guida di O. Zoboli ed in oboe barocco presso la scuola Civica di Musica di Milano.Si \u00e8 poi laureata presso il DAMS di Brescia con una tesi sulla produzione di Robert Ashley e di Steve Reich., relatore Fabrizio Chirico.<br \/>\nHa seguito seminari con O. Zoboli e R. Canter in diverse edizioni dei Corsi Internazionali di Perfezionamento &#8220;Tullio Macoggi&#8221; di Varenna (Co).<br \/>\nSvolge attivit\u00e0 concertistica in duo con pianoforte, chitarra, organo e cembalo ed in formazioni cameristiche classiche e contemporanee, tra cui il &#8220;Carpinensemble&#8221; di cui \u00e8 fondatrice. Come solista ha tenuto concerti in Italia, Spagna, Francia, Austria e Germania riportando lusinghieri consensi da parte della stampa. Col complesso da camera &#8220;Accademia dei Solinghi&#8221; di Torino, ha partecipato alla registrazione su compact disc della cantata di Johan Kuhnau &#8220;Uns ist ein Kind Geboren&#8221;.<\/p>\n<p><strong><em>Letizia Romiti, <\/em><\/strong> diplomata in organo e composizione organistica sotto la guida di Luigi Benedetti presso il Conservatorio &#8220;G. Verdi&#8221; di Milano, ha conseguito presso l\u2019Universit\u00e0 della stessa citt\u00e0, la laurea in Filosofia con una tesi sulle Messe organistiche di Gerolamo Cavazzoni, relatore Guglielmo Barblan. Si \u00e8 poi diplomata in clavicembalo presso il Conservatorio di Musica di Brescia dove ha studiato con Fiorella Brancacci. Ha frequentato il corso di L. F. Tagliavini presso l\u2019Accademia di Musica Antica Italiana per Organo a Pistoia e corsi di interpretazione tenuti da K. Gilbert e T. Koopman. Ha pubblicato il volume &#8220;Gli organi storici della citt\u00e0 di Alessandria&#8221; ed ha tenuto concerti in tutta Europa e nell\u2019ex Unione Sovietica, esibendosi in rassegne e sedi prestigiose. Ha effettuato incisioni discografiche su organi storici in Italia e all\u2019estero. Ha tenuto masterclasses sulla musica antica italiana per organo ed \u00e8 docente di organo e composizione organistica presso il Conservatorio &#8220;A. Vivaldi&#8221; di Alessandria<\/p>\n","protected":false},"excerpt":{"rendered":"<p>Il penultimo appuntamento della Stagione Internazionale di concerti degli Amici dell&#8217; Organo si terr\u00e0 mercoled\u00ec 4 ottobre alle ore 21 nella Sala Conferenze dell&#8217; Associazione Cultura e Sviluppo ad Alessandria, &hellip; <a href=\"https:\/\/www.amicidellorgano.org\/index.php\/event\/concerto-elena-e-letizia-romiti-4-ottobre-2017\/\" class=\"more-link\">Continua la lettura di <span class=\"screen-reader-text\">Concerto Elena e Letizia Romiti \u2013 4 ottobre 2017<\/span> <span class=\"meta-nav\">&rarr;<\/span><\/a><\/p>\n","protected":false},"author":1,"featured_media":0,"template":"","meta":{"_tribe_events_status":"","_tribe_events_status_reason":"","footnotes":""},"tags":[51,72,46,18],"tribe_events_cat":[71],"class_list":["post-769","tribe_events","type-tribe_events","status-publish","hentry","tag-alessandria","tag-concerti2017","tag-elena-romiti","tag-letizia-romiti","tribe_events_cat-concerti-2017","cat_concerti-2017"],"_links":{"self":[{"href":"https:\/\/www.amicidellorgano.org\/index.php\/wp-json\/wp\/v2\/tribe_events\/769"}],"collection":[{"href":"https:\/\/www.amicidellorgano.org\/index.php\/wp-json\/wp\/v2\/tribe_events"}],"about":[{"href":"https:\/\/www.amicidellorgano.org\/index.php\/wp-json\/wp\/v2\/types\/tribe_events"}],"author":[{"embeddable":true,"href":"https:\/\/www.amicidellorgano.org\/index.php\/wp-json\/wp\/v2\/users\/1"}],"version-history":[{"count":3,"href":"https:\/\/www.amicidellorgano.org\/index.php\/wp-json\/wp\/v2\/tribe_events\/769\/revisions"}],"predecessor-version":[{"id":804,"href":"https:\/\/www.amicidellorgano.org\/index.php\/wp-json\/wp\/v2\/tribe_events\/769\/revisions\/804"}],"wp:attachment":[{"href":"https:\/\/www.amicidellorgano.org\/index.php\/wp-json\/wp\/v2\/media?parent=769"}],"wp:term":[{"taxonomy":"post_tag","embeddable":true,"href":"https:\/\/www.amicidellorgano.org\/index.php\/wp-json\/wp\/v2\/tags?post=769"},{"taxonomy":"tribe_events_cat","embeddable":true,"href":"https:\/\/www.amicidellorgano.org\/index.php\/wp-json\/wp\/v2\/tribe_events_cat?post=769"}],"curies":[{"name":"wp","href":"https:\/\/api.w.org\/{rel}","templated":true}]}}

<p><img loading="lazy" decoding="async" class="aligncenter wp-image-602 size-full" src="http://www.amicidellorgano.org/wp-content/uploads/concerti2017/07-Elena-Letizia-Romiti.jpg" alt="Concerti d'organo 2017 - Elena e Letizia Romiti" width="488" height="504" srcset="https://www.amicidellorgano.org/wp-content/uploads/concerti2017/07-Elena-Letizia-Romiti.jpg 488w, https://www.amicidellorgano.org/wp-content/uploads/concerti2017/07-Elena-Letizia-Romiti-290x300.jpg 290w" sizes="(max-width: 488px) 100vw, 488px" /></p>
<p>Il penultimo appuntamento della Stagione Internazionale di concerti degli Amici dell&#8217; Organo si terrà <strong>mercoledì 4 ottobre alle ore 21 nella Sala Conferenze dell&#8217; Associazione Cultura e Sviluppo ad Alessandria</strong>, piazza De André 76 in zona Orti.<br />
Sarà di scena il duo Romiti, oboe ed organo positivo, che riproporrà il programma che avrebbe dovuto essere eseguito il 22 ottobre dello scorso anno, ma che per indisposizione dell&#8217; organista fu sostituito, insieme al duo stesso, con una serie di brani per voce e basso continuo.<br />
Per l&#8217;occasione verrà impiegato un pregevole organo positivo costruito da Walter Chinaglia di Cermenate, che alcune altre volte è stato utilizzato nella Stagione.<br />
All&#8217;inizio del concerto lo stesso dottor Chinaglia illustrerà le caratteristiche dello strumento, la sua storia e le differenze rispetto ad un organo &#8220;normale&#8221;, di quelli cioè che siamo abituati a sentire nelle chiese.<br />
Al termine ci sarà un momento conviviale ed un brindisi per salutare tutti coloro che ci hanno seguito negli appuntamenti di quest&#8217;anno, in attesa dell&#8217;ultimo concerto di sabato 7 a Bosco Marengo.<br />
&#8220;Tra le numerose &#8220;new entries&#8221; che hanno contribuito a rinnovare il circuito delle &#8220;locations&#8221; dei nostri appuntamenti negli ultimi anni &#8211; dice Letizia Romiti coordinatrice della Rassegna &#8211; il salone dell&#8217;Associazione Cultura e Sviluppo è una fra le più gradite, sia perché ci consente di aumentare i concerti nel capoluogo, sia perché è fra l&#8217;altro la sede della <strong>Fondazione SociAl</strong> che vogliamo calorosamente ringraziare per averci di nuovo sostenuto, insieme alla <strong>Compagnia di San Paolo ed alle Fondazioni CRT, CRAL e Piemonte Dal Vivo&#8221;</strong>.<br />
Si potranno ascoltare Sonate di Antonio Vivaldi, di Benedetto Marcello e di Giuseppe Sammartini inframezzati da altri brani per oboe e per organo solo.</p>
<p><strong>Programma<br />
</strong>B. Marcello (1686 &#8211; 1739)<br />
Sonata in re minore op.2 n. 11 per oboe e basso continuo<br />
(Adagio &#8211; Allegro &#8211; Largo &#8211; Allegro)</p>
<p>H. Purcell (1659 – 1695)<br />
March<br />
Trumpet Tune<br />
Sefauchi’s Farewell<br />
A new scott Tune<br />
A new irish Tune</p>
<p>A. Vivaldi (1678 &#8211; 1741)<br />
Sonata in fa maggiore Rv 52 per oboe e basso continuo<br />
(Siciliana &#8211; Allemande &#8211; Aria di Giga)</p>
<p>C. Besozzi (1744 &#8211; 1792)<br />
Studio n° 8 in la maggiore &#8211; Moderato dai 28 Studi per oboe solo</p>
<p>J.K. Kerll (1627 &#8211; 1693)<br />
Passacaglia</p>
<p>G. Sammartini (1695 &#8211; 1750)<br />
Sonata in sol maggiore op. 13 n° 4<br />
per oboe e basso continuo<br />
(Andante &#8211; Allegro &#8211; Adagio &#8211; Minuetto)</p>
<p><strong><em>Elena Romiti </em></strong>si è diplomata in oboe presso il Conservatorio &#8220;A. Vivaldi&#8221; di Alessandria sotto la guida di O. Zoboli ed in oboe barocco presso la scuola Civica di Musica di Milano.Si è poi laureata presso il DAMS di Brescia con una tesi sulla produzione di Robert Ashley e di Steve Reich., relatore Fabrizio Chirico.<br />
Ha seguito seminari con O. Zoboli e R. Canter in diverse edizioni dei Corsi Internazionali di Perfezionamento &#8220;Tullio Macoggi&#8221; di Varenna (Co).<br />
Svolge attività concertistica in duo con pianoforte, chitarra, organo e cembalo ed in formazioni cameristiche classiche e contemporanee, tra cui il &#8220;Carpinensemble&#8221; di cui è fondatrice. Come solista ha tenuto concerti in Italia, Spagna, Francia, Austria e Germania riportando lusinghieri consensi da parte della stampa. Col complesso da camera &#8220;Accademia dei Solinghi&#8221; di Torino, ha partecipato alla registrazione su compact disc della cantata di Johan Kuhnau &#8220;Uns ist ein Kind Geboren&#8221;.</p>
<p><strong><em>Letizia Romiti, </em></strong> diplomata in organo e composizione organistica sotto la guida di Luigi Benedetti presso il Conservatorio &#8220;G. Verdi&#8221; di Milano, ha conseguito presso l’Università della stessa città, la laurea in Filosofia con una tesi sulle Messe organistiche di Gerolamo Cavazzoni, relatore Guglielmo Barblan. Si è poi diplomata in clavicembalo presso il Conservatorio di Musica di Brescia dove ha studiato con Fiorella Brancacci. Ha frequentato il corso di L. F. Tagliavini presso l’Accademia di Musica Antica Italiana per Organo a Pistoia e corsi di interpretazione tenuti da K. Gilbert e T. Koopman. Ha pubblicato il volume &#8220;Gli organi storici della città di Alessandria&#8221; ed ha tenuto concerti in tutta Europa e nell’ex Unione Sovietica, esibendosi in rassegne e sedi prestigiose. Ha effettuato incisioni discografiche su organi storici in Italia e all’estero. Ha tenuto masterclasses sulla musica antica italiana per organo ed è docente di organo e composizione organistica presso il Conservatorio &#8220;A. Vivaldi&#8221; di Alessandria</p>

<p>Il penultimo appuntamento della Stagione Internazionale di concerti degli Amici dell&#8217; Organo si terrà mercoledì 4 ottobre alle ore 21 nella Sala Conferenze dell&#8217; Associazione Cultura e Sviluppo ad Alessandria, &hellip; <a href="https://www.amicidellorgano.org/index.php/event/concerto-elena-e-letizia-romiti-4-ottobre-2017/" class="more-link">Continua la lettura di <span class="screen-reader-text">Concerto Elena e Letizia Romiti – 4 ottobre 2017</span> <span class="meta-nav">&rarr;</span></a></p>
