{"id":681,"date":"2017-06-20T23:48:29","date_gmt":"2017-06-20T21:48:29","guid":{"rendered":"http:\/\/www.amicidellorgano.org\/?post_type=tribe_events&#038;p=681"},"modified":"2017-06-20T23:48:29","modified_gmt":"2017-06-20T21:48:29","slug":"concerto-johan-hermans-8-luglio-2017","status":"publish","type":"tribe_events","link":"https:\/\/www.amicidellorgano.org\/index.php\/event\/concerto-johan-hermans-8-luglio-2017\/","title":{"rendered":"Concerto Johan Hermans \u2013 8 luglio 2017"},"content":{"rendered":"<p>Il settimo concerto della nuova Stagione si svolger\u00e0 sabato 8 luglio alle ore 21 presso <strong>l&#8217;Oratorio dell&#8217;Annunziata a Ovada <\/strong>e avr\u00e0 come interprete <strong>Johan Hermans<\/strong><br \/>\nall\u2019organo<\/p>\n<p>Si ringraziano <strong>Fondazioni CRT, CRAL e SOCIAL<\/strong>, il <strong>Conservatorio \u201cVivaldi\u201d<\/strong> per la preziosa collaborazione che ci aiuta sempre a mantenere elevata l\u2019offerta artistica.<\/p>\n<p><strong>Programma<br \/>\n<\/strong>Abraham Kerckhoven\u00a0\u00a0 (1619 &#8211; 1701)<br \/>\nSalve Regina, 5 versetti per organo<br \/>\nVerse on the 6<sup>th<\/sup> tone (in the style of a canzona francese)<br \/>\nFantasia del primo tono<\/p>\n<p>Joan Cabanilles (1644 &#8211; 1712)<br \/>\nTiento de mano derecha sobre &#8216;Ave Maris Stella&#8217;<\/p>\n<p>J.P. Sweelinck (1562 &#8211; 1621)<br \/>\nVariazioni sul canto studentesco &#8220;More Palatino&#8221;<\/p>\n<p>John Bull (1563 &#8211; 1628)<br \/>\nSalve Regina, 5 versetti organistici<\/p>\n<p>Gherardeschi (1759 \u2013 1815)<br \/>\nRond\u00f2 I da \u201cSuonate da organo\u201d <em>[1787]\u00a0\u00a0\u00a0\u00a0\u00a0\u00a0\u00a0\u00a0\u00a0\u00a0\u00a0\u00a0\u00a0\u00a0\u00a0\u00a0\u00a0\u00a0\u00a0\u00a0\u00a0\u00a0\u00a0\u00a0\u00a0\u00a0\u00a0\u00a0\u00a0\u00a0\u00a0\u00a0\u00a0\u00a0\u00a0\u00a0\u00a0\u00a0\u00a0\u00a0\u00a0\u00a0\u00a0\u00a0\u00a0\u00a0 <\/em><\/p>\n<p>Philip Glass (\u00b0 1937)<br \/>\nMad Rush<\/p>\n<p>Niccol\u00f2 Moretti (1763 &#8211; 1821)<br \/>\nSonata VIII ad uso sinfonia<\/p>\n<p>Carlo Fumagalli (1813 &#8211; 1901)<br \/>\ndalla <em>&#8220;Messa Solenne tratta da opere del celebre G. <\/em><em>Verdi e adattata all&#8217; organo da Carlo Fumagalli&#8221;<\/em> :<br \/>\nVersetti per il Gloria da &#8220;Traviata<br \/>\nMarcia per dopo la Messa da &#8220;Aida&#8221;<\/p>\n<p><strong>Johan Hermans<\/strong> \u00e8 docente di Organo e Musica da Camera presso il Conservatorio di Hasselt (Belgio) ed \u00e8 organista dell&#8217; organo Cavaill\u00e9-Coll della\u00a0 Chiesa del Sacro Cuore nella stessa citt\u00e0.<br \/>\n\u00c8 fondatore e direttore artistico del Festival Internazionale di Organo promosso dalle autori\u00e0 provinciali e nazionali.<br \/>\nHa studiato organo, Composizione organistica\u00a0 e storia della musica presso il famoso Istituto Lemmens di Leuven e presso il\u00a0 Conservatorio Reale di Li\u00e8ge (Belgio), dove ha completato gli studi\u00a0 con una tesi dal titolo &#8220;Retorica ed Affetti nella musica di J.S. Bach&#8221;,\u00a0 ottenendo il diploma superiore (Premio di Virtuosit\u00e0, &#8220;DMA&#8221;) in organo e la\u00a0 premiazione con la State Medal da parte del Governatore della communit\u00e0 francese belga.<br \/>\nGrazie al conseguimento di borse di studio ricevute dalla Comunit\u00e0 fiamminga e francese, ha proseguito il suo perfezionamento seguendo master class internazionali in Francia, in Germania, in Spagna, nei Paesi Bassi ed in Italia.<br \/>\nLa sua intensa attivit\u00e0 concertistica lo ha portato ad esibirsi come solista presso importanti festival in Europa, nel Regno Unito, negli Stati Uniti, in Brasil, Uruguay, Australia, Russia e in Giappone. Invitato ad inaugurare nuovi strumenti, Johan Hermans ha tenuto master class presso diverse universit\u00e0.<br \/>\nHa inoltre partecipato a numerose incisioni in differenti nazioni e per svariate case discografiche.<br \/>\nHa realizzato registrazioni per la radio in Belgio, nei Paesi Bassi, in Germania, in Canada, in Polonia, in Spagna, negli Stati Uniti ed in Lettonia ed ha effettuato registrazioni su CD-labels, ricevendo lodevoli riconoscimenti.<br \/>\nI suoi prossimi appuntamenti concertistici saranno presso la Cattedrale Notre Dame di Parigi (Francia), Kaiser Dom a Francoforte (Germania), il municipio a Adelaide (Australia), la Cattedrale st Giles a Edinburgh (Scozia) ed in varie citt\u00e0 degli Stati Uniti.<br \/>\nNell\u2019Aprile 2005 Johan Hermns \u00e8 stato insignito del titolo di &#8220;Arts &#8211; Sciences &#8211; Lettres&#8221; dall\u2019 Academic Society di Parigi.<\/p>\n","protected":false},"excerpt":{"rendered":"<p>Il settimo concerto della nuova Stagione si svolger\u00e0 sabato 8 luglio alle ore 21 presso l&#8217;Oratorio dell&#8217;Annunziata a Ovada e avr\u00e0 come interprete Johan Hermans all\u2019organo Si ringraziano Fondazioni CRT, &hellip; <a href=\"https:\/\/www.amicidellorgano.org\/index.php\/event\/concerto-johan-hermans-8-luglio-2017\/\" class=\"more-link\">Continua la lettura di <span class=\"screen-reader-text\">Concerto Johan Hermans \u2013 8 luglio 2017<\/span> <span class=\"meta-nav\">&rarr;<\/span><\/a><\/p>\n","protected":false},"author":1,"featured_media":0,"template":"","meta":{"_tribe_events_status":"","_tribe_events_status_reason":"","footnotes":""},"tags":[72,81,24,25],"tribe_events_cat":[71],"class_list":["post-681","tribe_events","type-tribe_events","status-publish","hentry","tag-concerti2017","tag-johan-hermans","tag-oratorio-dellannunziata","tag-ovada","tribe_events_cat-concerti-2017","cat_concerti-2017"],"_links":{"self":[{"href":"https:\/\/www.amicidellorgano.org\/index.php\/wp-json\/wp\/v2\/tribe_events\/681"}],"collection":[{"href":"https:\/\/www.amicidellorgano.org\/index.php\/wp-json\/wp\/v2\/tribe_events"}],"about":[{"href":"https:\/\/www.amicidellorgano.org\/index.php\/wp-json\/wp\/v2\/types\/tribe_events"}],"author":[{"embeddable":true,"href":"https:\/\/www.amicidellorgano.org\/index.php\/wp-json\/wp\/v2\/users\/1"}],"version-history":[{"count":1,"href":"https:\/\/www.amicidellorgano.org\/index.php\/wp-json\/wp\/v2\/tribe_events\/681\/revisions"}],"predecessor-version":[{"id":683,"href":"https:\/\/www.amicidellorgano.org\/index.php\/wp-json\/wp\/v2\/tribe_events\/681\/revisions\/683"}],"wp:attachment":[{"href":"https:\/\/www.amicidellorgano.org\/index.php\/wp-json\/wp\/v2\/media?parent=681"}],"wp:term":[{"taxonomy":"post_tag","embeddable":true,"href":"https:\/\/www.amicidellorgano.org\/index.php\/wp-json\/wp\/v2\/tags?post=681"},{"taxonomy":"tribe_events_cat","embeddable":true,"href":"https:\/\/www.amicidellorgano.org\/index.php\/wp-json\/wp\/v2\/tribe_events_cat?post=681"}],"curies":[{"name":"wp","href":"https:\/\/api.w.org\/{rel}","templated":true}]}}

<p>Il settimo concerto della nuova Stagione si svolgerà sabato 8 luglio alle ore 21 presso <strong>l&#8217;Oratorio dell&#8217;Annunziata a Ovada </strong>e avrà come interprete <strong>Johan Hermans</strong><br />
all’organo</p>
<p>Si ringraziano <strong>Fondazioni CRT, CRAL e SOCIAL</strong>, il <strong>Conservatorio “Vivaldi”</strong> per la preziosa collaborazione che ci aiuta sempre a mantenere elevata l’offerta artistica.</p>
<p><strong>Programma<br />
</strong>Abraham Kerckhoven   (1619 &#8211; 1701)<br />
Salve Regina, 5 versetti per organo<br />
Verse on the 6<sup>th</sup> tone (in the style of a canzona francese)<br />
Fantasia del primo tono</p>
<p>Joan Cabanilles (1644 &#8211; 1712)<br />
Tiento de mano derecha sobre &#8216;Ave Maris Stella&#8217;</p>
<p>J.P. Sweelinck (1562 &#8211; 1621)<br />
Variazioni sul canto studentesco &#8220;More Palatino&#8221;</p>
<p>John Bull (1563 &#8211; 1628)<br />
Salve Regina, 5 versetti organistici</p>
<p>Gherardeschi (1759 – 1815)<br />
Rondò I da “Suonate da organo” <em>[1787]                                               </em></p>
<p>Philip Glass (° 1937)<br />
Mad Rush</p>
<p>Niccolò Moretti (1763 &#8211; 1821)<br />
Sonata VIII ad uso sinfonia</p>
<p>Carlo Fumagalli (1813 &#8211; 1901)<br />
dalla <em>&#8220;Messa Solenne tratta da opere del celebre G. </em><em>Verdi e adattata all&#8217; organo da Carlo Fumagalli&#8221;</em> :<br />
Versetti per il Gloria da &#8220;Traviata<br />
Marcia per dopo la Messa da &#8220;Aida&#8221;</p>
<p><strong>Johan Hermans</strong> è docente di Organo e Musica da Camera presso il Conservatorio di Hasselt (Belgio) ed è organista dell&#8217; organo Cavaillé-Coll della  Chiesa del Sacro Cuore nella stessa città.<br />
È fondatore e direttore artistico del Festival Internazionale di Organo promosso dalle autorià provinciali e nazionali.<br />
Ha studiato organo, Composizione organistica  e storia della musica presso il famoso Istituto Lemmens di Leuven e presso il  Conservatorio Reale di Liège (Belgio), dove ha completato gli studi  con una tesi dal titolo &#8220;Retorica ed Affetti nella musica di J.S. Bach&#8221;,  ottenendo il diploma superiore (Premio di Virtuosità, &#8220;DMA&#8221;) in organo e la  premiazione con la State Medal da parte del Governatore della communità francese belga.<br />
Grazie al conseguimento di borse di studio ricevute dalla Comunità fiamminga e francese, ha proseguito il suo perfezionamento seguendo master class internazionali in Francia, in Germania, in Spagna, nei Paesi Bassi ed in Italia.<br />
La sua intensa attività concertistica lo ha portato ad esibirsi come solista presso importanti festival in Europa, nel Regno Unito, negli Stati Uniti, in Brasil, Uruguay, Australia, Russia e in Giappone. Invitato ad inaugurare nuovi strumenti, Johan Hermans ha tenuto master class presso diverse università.<br />
Ha inoltre partecipato a numerose incisioni in differenti nazioni e per svariate case discografiche.<br />
Ha realizzato registrazioni per la radio in Belgio, nei Paesi Bassi, in Germania, in Canada, in Polonia, in Spagna, negli Stati Uniti ed in Lettonia ed ha effettuato registrazioni su CD-labels, ricevendo lodevoli riconoscimenti.<br />
I suoi prossimi appuntamenti concertistici saranno presso la Cattedrale Notre Dame di Parigi (Francia), Kaiser Dom a Francoforte (Germania), il municipio a Adelaide (Australia), la Cattedrale st Giles a Edinburgh (Scozia) ed in varie città degli Stati Uniti.<br />
Nell’Aprile 2005 Johan Hermns è stato insignito del titolo di &#8220;Arts &#8211; Sciences &#8211; Lettres&#8221; dall’ Academic Society di Parigi.</p>

<p>Il settimo concerto della nuova Stagione si svolgerà sabato 8 luglio alle ore 21 presso l&#8217;Oratorio dell&#8217;Annunziata a Ovada e avrà come interprete Johan Hermans all’organo Si ringraziano Fondazioni CRT, &hellip; <a href="https://www.amicidellorgano.org/index.php/event/concerto-johan-hermans-8-luglio-2017/" class="more-link">Continua la lettura di <span class="screen-reader-text">Concerto Johan Hermans – 8 luglio 2017</span> <span class="meta-nav">&rarr;</span></a></p>
