{"id":675,"date":"2017-06-20T23:15:33","date_gmt":"2017-06-20T21:15:33","guid":{"rendered":"http:\/\/www.amicidellorgano.org\/?post_type=tribe_events&#038;p=675"},"modified":"2017-06-20T23:15:33","modified_gmt":"2017-06-20T21:15:33","slug":"concerto-michael-schonheit-29-giugno-2017","status":"publish","type":"tribe_events","link":"https:\/\/www.amicidellorgano.org\/index.php\/event\/concerto-michael-schonheit-29-giugno-2017\/","title":{"rendered":"Concerto Michael Schonheit \u2013 29 giugno 2017"},"content":{"rendered":"<p><img loading=\"lazy\" decoding=\"async\" class=\"aligncenter wp-image-601 size-full\" src=\"http:\/\/www.amicidellorgano.org\/wp-content\/uploads\/concerti2017\/03-Michale-Schonheit.jpg\" alt=\"Concerti d'organo 2017 - Michael Schonheit\" width=\"625\" height=\"625\" srcset=\"https:\/\/www.amicidellorgano.org\/wp-content\/uploads\/concerti2017\/03-Michale-Schonheit.jpg 625w, https:\/\/www.amicidellorgano.org\/wp-content\/uploads\/concerti2017\/03-Michale-Schonheit-150x150.jpg 150w, https:\/\/www.amicidellorgano.org\/wp-content\/uploads\/concerti2017\/03-Michale-Schonheit-300x300.jpg 300w\" sizes=\"(max-width: 625px) 100vw, 625px\" \/><\/p>\n<p>Il quarto concerto della nuova Stagione si svolger\u00e0 gioved\u00ec 29 giugno alle ore 21 presso <strong>la Collegiata di San Pietro di Castelnuovo Scrivia <\/strong>e avr\u00e0 come interprete <strong>Michael Schonheit<\/strong><br \/>\nall&#8217;organo<\/p>\n<p>Si ringraziano <strong>Fondazioni CRT, CRAL e SOCIAL<\/strong>, il <strong>Conservatorio \u201cVivaldi\u201d<\/strong> per la preziosa collaborazione che ci aiuta sempre a mantenere elevata l\u2019offerta artistica.<\/p>\n<p><strong>Programma<br \/>\n<\/strong>Girolamo Frescobaldi<br \/>\n(1583 &#8211; 1643)<br \/>\nToccata ottava<\/p>\n<p>Johann Jakob Froberger<br \/>\n(1616 &#8211; 1667)<br \/>\nRicercar\u00a0 FbWV 401<\/p>\n<p>Johann Caspar von Kerll<br \/>\n(1627 &#8211; 1693)<br \/>\nCanzona in d minore<\/p>\n<p>Johann Pachelbel<br \/>\n(1653 &#8211; 1706)<br \/>\nPartita sopra &#8220;Was Gott tut, das ist wohlgetan&#8221;<\/p>\n<p>Georg Friedrich H\u00e4ndel<br \/>\n(1685 &#8211; 1759)<br \/>\nFuge g minore HWV 605<\/p>\n<p>Georg Philipp Telemann<br \/>\n(1681 &#8211; 1767)<br \/>\nChoralbearbeitung &#8220;Christ lag in Todesbanden&#8221;<br \/>\nChoral alio modo<\/p>\n<p>Carl Philipp Emanuel Bach<br \/>\n(1714 &#8211; 1788)<br \/>\nSonata a &#8211; minore Wq 70\/4, H 85<br \/>\nAllegro assai &#8211; Adagio &#8211; Allegro<\/p>\n<p>Johann Ludwig Krebs<br \/>\n(1713 &#8211; 1780)<br \/>\nAus der &#8220;Clavier\u00fcbung&#8221;<br \/>\nPraeambulum sopra &#8220;Jesu, meine Freude&#8221;<br \/>\nChoral &#8220;Jesu meine Freude&#8221;<br \/>\nChoral alio modo<\/p>\n<p>Johann Sebastian Bach<br \/>\n(1685 &#8211; 1750)<br \/>\nPastorella F maggiore\u00a0 BWV 590<\/p>\n<p><strong>Michael Sch\u00f6nheit<\/strong>, nato a Saalfeld, ha ricevuto le sue prime lezioni musicali dal padre Walter Sch\u00f6nheit ed \u00e8 stato membro della Th\u00fcringer S\u00e4ngerknaben. Dal 1978 al 1985 ha studiato direzione d&#8217;orchestra, pianoforte e organo presso l&#8217;Accademia di Musica &#8220;Felix Mendelssohn Bartholdy&#8221;. Nel 1984 \u00e8 stato vincitore del Concorso Internazionale Johann Sebastian Bach di Lipsia.<br \/>\nDal 1985 al 1991 ha lavorato come organista e maestro di cappella a Saalfeld. Nel 1986 \u00e8 stato nominato organista della Gewandhaus. Qui il suo campo di applicazione comprende la progettazione dei concerti d&#8217;organo, cicli tematici, la partecipazione alla musica da camera della Gewandhaus e concerti come solista con l&#8217;Orchestra della Gewandhaus.<br \/>\nDal 1994 Michael Sch\u00f6nheit \u00e8 direttore artistico del\u00a0 Festival &#8220;Merseburger Orgeltage&#8221;, che oggi \u00e8\u00a0 uno dei principali festival d&#8217;organo in Germania. Dal 1996\u00a0 Sch\u00f6nheit \u00e8 anche organista della Cattedrale di Merseburg.<br \/>\nNel 1998 ha fondato l&#8217;ensemble Merseburger Hofmusik che si \u00e8 posto il compito di riprodurre la musica dal 17\u00b0 al 19 \u00b0 secolo su strumenti storici.<br \/>\nOltre ai numerosi spettacoli con questo insieme nella cattedrale di Merseburg e nella Gewandhaus di Lipsia, l&#8217;ensemble \u00e8 stato ospite di numerosi festival.<br \/>\nDal 1998 al 2005 ha guidato il\u00a0 Carl Philipp Emanuel Bach-Chor Amburgo, con il quale ha eseguito una serie di grandi oratori del 18 \u00b0 e 19 \u00b0 secolo.<br \/>\nMichael Sch\u00f6nheit \u00e8 anche organista ospite frequente di prestigiosi Festival. La sua attivit\u00e0 concertistica si estende al di l\u00e0 dei paesi europei anche negli Stati Uniti e in Giappone.<br \/>\nCome solista si \u00e8 esibito alla Gewandhaus con orchestre come la Staatskapelle di Dresda, la Filarmonica di Monaco di Baviera, la Berlin Konzerthaus Orchestra, la Filarmonica di Dresda, la MDR &#8211; Symphony, l&#8217;Orchestra dell &#8216;Accademia Nazionale di Santa Cecilia di Roma, la New York Philharmonic Orchestra. In numerosi concorsi internazionali \u00e8 stato un membro della giuria.<br \/>\nOltre al suo lavoro come organista e direttore Sch\u00f6nheit si \u00e8 dedicato per molti anni al fortepiano storico suonando uno strumento di John Broadwood del 1805 e un fortepiano Franz Bayer Vienna\u00a0 circa del 1825.<br \/>\nRadio, televisione e numerose produzioni di CD completano la sua versatilit\u00e0 artistica.<br \/>\nNel 2005 e\u00a0 nel 2006 ha realizzato per MDG alcuni acclamati CD\u00a0 con opere di Johann Sebastian Bach, Franz Liszt, Julius Reubke e Max Reger con il grande organo Friedrich-Ladegast\u00a0 della cattedrale di Merseburg, restaurato nel 2004. All&#8217;inizio del 2010 ha pubblicato per la Decca la produzione dei sei Concerti Brandeburghesi di Johann Sebastian Bach con l&#8217;Orchestra della Gewandhaus diretta dal\u00a0 maestro Riccardo Chailly, interpretando la parte del clavicembalo solo del 5\u00b0 Concerto.<br \/>\n\u201cLa musica di corte a Merseburg\u201d \u00e8 stato pubblicato nel 2013 nella produzione dell&#8217; Editore Kamprad di Altenburg, con concerti e cantate di Johann Ludwig Krebs. Questa produzione \u00e8 stata seguita nel 2016 dalla pubblicazione dell&#8217; oratorio di Joseph Haydn &#8220;La Creazione&#8221; per lo stesso editore. Altre pubblicazioni, ad es. &#8220;Il Requiem&#8221;, Op. 144b di Max Reger e il &#8220;Requiem tedesco&#8221; di Johannes Brahms sono in preparazione.<br \/>\nPer i suoi contributi al restauro dell&#8217;organo della cattedrale di Merseburg e per lo sviluppo del Festival \u201cMerseburger Orgeltage\u201d, oggi di alto rango, Michael Sch\u00f6nheit \u00e8 stato insignito nel 2015 dell&#8217;Ordine al Merito dello Stato della Sassonia-Anhalt.<\/p>\n","protected":false},"excerpt":{"rendered":"<p>Il quarto concerto della nuova Stagione si svolger\u00e0 gioved\u00ec 29 giugno alle ore 21 presso la Collegiata di San Pietro di Castelnuovo Scrivia e avr\u00e0 come interprete Michael Schonheit all&#8217;organo &hellip; <a href=\"https:\/\/www.amicidellorgano.org\/index.php\/event\/concerto-michael-schonheit-29-giugno-2017\/\" class=\"more-link\">Continua la lettura di <span class=\"screen-reader-text\">Concerto Michael Schonheit \u2013 29 giugno 2017<\/span> <span class=\"meta-nav\">&rarr;<\/span><\/a><\/p>\n","protected":false},"author":1,"featured_media":0,"template":"","meta":{"_tribe_events_status":"","_tribe_events_status_reason":"","footnotes":""},"tags":[54,15,72,79],"tribe_events_cat":[71],"class_list":["post-675","tribe_events","type-tribe_events","status-publish","hentry","tag-castelnuovo-scrivia","tag-collegiata-san-pietro","tag-concerti2017","tag-michael-schonheit","tribe_events_cat-concerti-2017","cat_concerti-2017"],"_links":{"self":[{"href":"https:\/\/www.amicidellorgano.org\/index.php\/wp-json\/wp\/v2\/tribe_events\/675"}],"collection":[{"href":"https:\/\/www.amicidellorgano.org\/index.php\/wp-json\/wp\/v2\/tribe_events"}],"about":[{"href":"https:\/\/www.amicidellorgano.org\/index.php\/wp-json\/wp\/v2\/types\/tribe_events"}],"author":[{"embeddable":true,"href":"https:\/\/www.amicidellorgano.org\/index.php\/wp-json\/wp\/v2\/users\/1"}],"version-history":[{"count":1,"href":"https:\/\/www.amicidellorgano.org\/index.php\/wp-json\/wp\/v2\/tribe_events\/675\/revisions"}],"predecessor-version":[{"id":676,"href":"https:\/\/www.amicidellorgano.org\/index.php\/wp-json\/wp\/v2\/tribe_events\/675\/revisions\/676"}],"wp:attachment":[{"href":"https:\/\/www.amicidellorgano.org\/index.php\/wp-json\/wp\/v2\/media?parent=675"}],"wp:term":[{"taxonomy":"post_tag","embeddable":true,"href":"https:\/\/www.amicidellorgano.org\/index.php\/wp-json\/wp\/v2\/tags?post=675"},{"taxonomy":"tribe_events_cat","embeddable":true,"href":"https:\/\/www.amicidellorgano.org\/index.php\/wp-json\/wp\/v2\/tribe_events_cat?post=675"}],"curies":[{"name":"wp","href":"https:\/\/api.w.org\/{rel}","templated":true}]}}

<p><img loading="lazy" decoding="async" class="aligncenter wp-image-601 size-full" src="http://www.amicidellorgano.org/wp-content/uploads/concerti2017/03-Michale-Schonheit.jpg" alt="Concerti d'organo 2017 - Michael Schonheit" width="625" height="625" srcset="https://www.amicidellorgano.org/wp-content/uploads/concerti2017/03-Michale-Schonheit.jpg 625w, https://www.amicidellorgano.org/wp-content/uploads/concerti2017/03-Michale-Schonheit-150x150.jpg 150w, https://www.amicidellorgano.org/wp-content/uploads/concerti2017/03-Michale-Schonheit-300x300.jpg 300w" sizes="(max-width: 625px) 100vw, 625px" /></p>
<p>Il quarto concerto della nuova Stagione si svolgerà giovedì 29 giugno alle ore 21 presso <strong>la Collegiata di San Pietro di Castelnuovo Scrivia </strong>e avrà come interprete <strong>Michael Schonheit</strong><br />
all&#8217;organo</p>
<p>Si ringraziano <strong>Fondazioni CRT, CRAL e SOCIAL</strong>, il <strong>Conservatorio “Vivaldi”</strong> per la preziosa collaborazione che ci aiuta sempre a mantenere elevata l’offerta artistica.</p>
<p><strong>Programma<br />
</strong>Girolamo Frescobaldi<br />
(1583 &#8211; 1643)<br />
Toccata ottava</p>
<p>Johann Jakob Froberger<br />
(1616 &#8211; 1667)<br />
Ricercar  FbWV 401</p>
<p>Johann Caspar von Kerll<br />
(1627 &#8211; 1693)<br />
Canzona in d minore</p>
<p>Johann Pachelbel<br />
(1653 &#8211; 1706)<br />
Partita sopra &#8220;Was Gott tut, das ist wohlgetan&#8221;</p>
<p>Georg Friedrich Händel<br />
(1685 &#8211; 1759)<br />
Fuge g minore HWV 605</p>
<p>Georg Philipp Telemann<br />
(1681 &#8211; 1767)<br />
Choralbearbeitung &#8220;Christ lag in Todesbanden&#8221;<br />
Choral alio modo</p>
<p>Carl Philipp Emanuel Bach<br />
(1714 &#8211; 1788)<br />
Sonata a &#8211; minore Wq 70/4, H 85<br />
Allegro assai &#8211; Adagio &#8211; Allegro</p>
<p>Johann Ludwig Krebs<br />
(1713 &#8211; 1780)<br />
Aus der &#8220;Clavierübung&#8221;<br />
Praeambulum sopra &#8220;Jesu, meine Freude&#8221;<br />
Choral &#8220;Jesu meine Freude&#8221;<br />
Choral alio modo</p>
<p>Johann Sebastian Bach<br />
(1685 &#8211; 1750)<br />
Pastorella F maggiore  BWV 590</p>
<p><strong>Michael Schönheit</strong>, nato a Saalfeld, ha ricevuto le sue prime lezioni musicali dal padre Walter Schönheit ed è stato membro della Thüringer Sängerknaben. Dal 1978 al 1985 ha studiato direzione d&#8217;orchestra, pianoforte e organo presso l&#8217;Accademia di Musica &#8220;Felix Mendelssohn Bartholdy&#8221;. Nel 1984 è stato vincitore del Concorso Internazionale Johann Sebastian Bach di Lipsia.<br />
Dal 1985 al 1991 ha lavorato come organista e maestro di cappella a Saalfeld. Nel 1986 è stato nominato organista della Gewandhaus. Qui il suo campo di applicazione comprende la progettazione dei concerti d&#8217;organo, cicli tematici, la partecipazione alla musica da camera della Gewandhaus e concerti come solista con l&#8217;Orchestra della Gewandhaus.<br />
Dal 1994 Michael Schönheit è direttore artistico del  Festival &#8220;Merseburger Orgeltage&#8221;, che oggi è  uno dei principali festival d&#8217;organo in Germania. Dal 1996  Schönheit è anche organista della Cattedrale di Merseburg.<br />
Nel 1998 ha fondato l&#8217;ensemble Merseburger Hofmusik che si è posto il compito di riprodurre la musica dal 17° al 19 ° secolo su strumenti storici.<br />
Oltre ai numerosi spettacoli con questo insieme nella cattedrale di Merseburg e nella Gewandhaus di Lipsia, l&#8217;ensemble è stato ospite di numerosi festival.<br />
Dal 1998 al 2005 ha guidato il  Carl Philipp Emanuel Bach-Chor Amburgo, con il quale ha eseguito una serie di grandi oratori del 18 ° e 19 ° secolo.<br />
Michael Schönheit è anche organista ospite frequente di prestigiosi Festival. La sua attività concertistica si estende al di là dei paesi europei anche negli Stati Uniti e in Giappone.<br />
Come solista si è esibito alla Gewandhaus con orchestre come la Staatskapelle di Dresda, la Filarmonica di Monaco di Baviera, la Berlin Konzerthaus Orchestra, la Filarmonica di Dresda, la MDR &#8211; Symphony, l&#8217;Orchestra dell &#8216;Accademia Nazionale di Santa Cecilia di Roma, la New York Philharmonic Orchestra. In numerosi concorsi internazionali è stato un membro della giuria.<br />
Oltre al suo lavoro come organista e direttore Schönheit si è dedicato per molti anni al fortepiano storico suonando uno strumento di John Broadwood del 1805 e un fortepiano Franz Bayer Vienna  circa del 1825.<br />
Radio, televisione e numerose produzioni di CD completano la sua versatilità artistica.<br />
Nel 2005 e  nel 2006 ha realizzato per MDG alcuni acclamati CD  con opere di Johann Sebastian Bach, Franz Liszt, Julius Reubke e Max Reger con il grande organo Friedrich-Ladegast  della cattedrale di Merseburg, restaurato nel 2004. All&#8217;inizio del 2010 ha pubblicato per la Decca la produzione dei sei Concerti Brandeburghesi di Johann Sebastian Bach con l&#8217;Orchestra della Gewandhaus diretta dal  maestro Riccardo Chailly, interpretando la parte del clavicembalo solo del 5° Concerto.<br />
“La musica di corte a Merseburg” è stato pubblicato nel 2013 nella produzione dell&#8217; Editore Kamprad di Altenburg, con concerti e cantate di Johann Ludwig Krebs. Questa produzione è stata seguita nel 2016 dalla pubblicazione dell&#8217; oratorio di Joseph Haydn &#8220;La Creazione&#8221; per lo stesso editore. Altre pubblicazioni, ad es. &#8220;Il Requiem&#8221;, Op. 144b di Max Reger e il &#8220;Requiem tedesco&#8221; di Johannes Brahms sono in preparazione.<br />
Per i suoi contributi al restauro dell&#8217;organo della cattedrale di Merseburg e per lo sviluppo del Festival “Merseburger Orgeltage”, oggi di alto rango, Michael Schönheit è stato insignito nel 2015 dell&#8217;Ordine al Merito dello Stato della Sassonia-Anhalt.</p>

<p>Il quarto concerto della nuova Stagione si svolgerà giovedì 29 giugno alle ore 21 presso la Collegiata di San Pietro di Castelnuovo Scrivia e avrà come interprete Michael Schonheit all&#8217;organo &hellip; <a href="https://www.amicidellorgano.org/index.php/event/concerto-michael-schonheit-29-giugno-2017/" class="more-link">Continua la lettura di <span class="screen-reader-text">Concerto Michael Schonheit – 29 giugno 2017</span> <span class="meta-nav">&rarr;</span></a></p>
