{"id":665,"date":"2017-06-20T15:37:38","date_gmt":"2017-06-20T13:37:38","guid":{"rendered":"http:\/\/www.amicidellorgano.org\/?post_type=tribe_events&#038;p=665"},"modified":"2017-06-20T15:38:13","modified_gmt":"2017-06-20T13:38:13","slug":"665","status":"publish","type":"tribe_events","link":"https:\/\/www.amicidellorgano.org\/index.php\/event\/665\/","title":{"rendered":"Concerto 24 giugno 2017"},"content":{"rendered":"<p><img loading=\"lazy\" decoding=\"async\" class=\"aligncenter wp-image-654 size-full\" src=\"http:\/\/www.amicidellorgano.org\/wp-content\/uploads\/concerti2017\/02-Schola-Cantorum-Guglielmetti.jpg\" alt=\"Concerti d'organo 2017 - Schola Cantorum Guglielmetti\" width=\"1280\" height=\"854\" srcset=\"https:\/\/www.amicidellorgano.org\/wp-content\/uploads\/concerti2017\/02-Schola-Cantorum-Guglielmetti.jpg 1280w, https:\/\/www.amicidellorgano.org\/wp-content\/uploads\/concerti2017\/02-Schola-Cantorum-Guglielmetti-300x200.jpg 300w, https:\/\/www.amicidellorgano.org\/wp-content\/uploads\/concerti2017\/02-Schola-Cantorum-Guglielmetti-1024x683.jpg 1024w\" sizes=\"(max-width: 1280px) 100vw, 1280px\" \/><\/p>\n<p><img loading=\"lazy\" decoding=\"async\" class=\"aligncenter wp-image-653 size-full\" src=\"http:\/\/www.amicidellorgano.org\/wp-content\/uploads\/concerti2017\/02-Daniela-Scavio.jpg\" alt=\"Concerti d'organo 2017 - Daniela Scavio\" width=\"1280\" height=\"1140\" srcset=\"https:\/\/www.amicidellorgano.org\/wp-content\/uploads\/concerti2017\/02-Daniela-Scavio.jpg 1280w, https:\/\/www.amicidellorgano.org\/wp-content\/uploads\/concerti2017\/02-Daniela-Scavio-300x267.jpg 300w, https:\/\/www.amicidellorgano.org\/wp-content\/uploads\/concerti2017\/02-Daniela-Scavio-1024x912.jpg 1024w\" sizes=\"(max-width: 1280px) 100vw, 1280px\" \/><\/p>\n<p>Il secondo concerto della nuova Stagione si svolger\u00e0 sabato 24 giugno alle ore 21 nella <strong>chiesa di Sant&#8217;Antonio da Padova (Novi Ligure)<br \/>\n<\/strong>e avr\u00e0 come interpreti<\/p>\n<p><strong>Agatha Bocedi<\/strong>, arpa<br \/>\n<strong>Daniela Scavio<\/strong>, organo<br \/>\n<strong>Schola Cantorum \u00abPaolo Guglielmetti\u00bb \u00b7 Antonio Quero, direttore<\/strong><br \/>\n<strong>Phonurgia Nova: Antonio Quero, tromba\u00b7 Marco Vestiboli, tromba\u00b7 Giuseppe Monari, organo<\/strong><\/p>\n<p>Si ringraziano <strong>Fondazioni CRT, CRAL e SOCIAL<\/strong>, il <strong>Conservatorio \u201cVivaldi\u201d<\/strong> per la preziosa collaborazione che ci aiuta sempre a mantenere elevata l\u2019offerta artistica.<\/p>\n<p><strong>Programma<br \/>\n<\/strong>Guido Donati (1949)<br \/>\nFanfare [due trombe e organo]<br \/>\nGaillarde fraiche [arpa e organo]<\/p>\n<p>Giuseppe Zanaboni (1926-1996)<br \/>\nVersetto su un Alleluja [arpa e organo]<\/p>\n<p>Pellegrino Santucci (1921-2010)<br \/>\nAlleluja Modo II [arpa e organo]<br \/>\nWachet auf [arpa e organo]<\/p>\n<p>Ottorino Respighi (1879-1936)<br \/>\nAntiche arie e danze Suite I [per organo a quattro mani]<br \/>\nBalletto detto \u00abIl Conte Orlando\u00bb, Gagliarda.<\/p>\n<p>Pellegrino Santucci (1921-2010)<br \/>\nBerceuse [tromba, organo a 4 mani e arpa]<\/p>\n<p>Pier Paolo Scattolin (1949)<br \/>\nDalla \u00abMissa Instrumentalis in onore di San Girolamo della Certosa\u00bb<br \/>\nKyrie &#8211; Gloria &#8211; Sanctus &#8211; Finale [due trombe e organo]<\/p>\n<p>Cesar Franck (1822-1890)<br \/>\nSalmo CL (Alleluja, lodate Dio nel suo santuario)<br \/>\n[Coro, arpa, tromba e organo]<\/p>\n<p>Pellegrino Santucci (1921-2010)<br \/>\nAve Maria [coro e organo]<\/p>\n<p>Alleluja &#8211; O filli et fili\u00e6 Mottetto Concertante<br \/>\n[coro, tromba solista, tromba, arpa e organo, (Giuseppe Monari, direttore)]<\/p>\n<p>Giuseppe Monari (1966)<br \/>\nIn illa die [coro, trombe, arpa e organo**, (Giuseppe Monari, direttore)]<\/p>\n<p><strong>La Schola Cantorum \u00abPaolo Guglielmetti\u00bb<\/strong> di Agazzano (PC) \u00e8 stata fondata nel 1982. Costituitasi associazione culturale nel 2011, viene intitolata a colui che tanto si \u00e8 prodigato per realizzare questa realt\u00e0, il prof. Paolo Guglielmetti. \u00c8 composta da 36 elementi non professionisti di ogni et\u00e0, uniti dalla passione comune per il canto, ed \u00e8 diretta dal Maestro Antonio Quero.. L\u2019attivit\u00e0 della Schola \u00e8 dedita in primo luogo all\u2019animazione delle celebrazioni liturgiche della parrocchia, e conta numerose partecipazioni a rassegne e concerti, attraverso un repertorio che spazia dalla musica antica a quella contemporanea. Tra le esecuzioni pi\u00f9 significative: i <em>Carmina Burana<\/em> di Carl Orff, Il <em>Requiem<\/em> di Gabriel Faur\u00e9, il <em>Gloria<\/em> di Antonio Vivaldi. Ha inciso brani inediti del compositore bolognese Pellegrino Santucci (1921-2010) che fanno parte del triplo cd <em>Opere Sacre <\/em>(TC.921980) pubblicato dall\u2019etichetta Tactus di Bologna, specializzata nella valorizzazione del patrimonio musicale italiano e distribuita in tutto il mondo.<\/p>\n<p><strong>Antonio Quero <\/strong>&#8211; tromba<br \/>\nDopo aver conseguito la maturit\u00e0 tecnica si \u00e9 diplomato in tromba presso il Conservatorio \u00abG. Nicolini\u00bb di Piacenza, nella classe di Lauro Bassi. Si \u00e9 in seguito perfezionato sotto la guida di Silvio Franzini. \u00c8 docente di tromba e solfeggio presso la scuola di musica \u00abC. Vignola\u00bb di Agazzano (PC), e collabora inoltre con il Collegio Strumentale Piacentino e con il Coro Farnesiano di Piacenza.<\/p>\n<p><strong>Marco Vestiboli<\/strong> &#8211; tromba<br \/>\nNato nel 1965 a Casalpusterlengo (MI); dopo aver conseguito la maturit\u00e0 tecnica, si \u00e9 diplomato in tromba presso il Conservatorio \u00abG. Nicolini\u00bb di Piacenza, nella classe di Silvio Franzini. Collabora con il Coro Farnesiano e con il Gruppo Strumentale Farnesiano di Piacenza.<\/p>\n<p><strong>Giuseppe Monari<\/strong> &#8211; organo<br \/>\nGiuseppe Monari ha studiato pianoforte con Maria Chiara Mazzi, organo e composizione con Andrea Macinanti, Davide Masarati e Luigi Toja. Ha partecipato a corsi di perfezionamento riguardanti vari ambiti musicali tenuti da Lionel Rogg, Arturo Sacchetti, Luigi Ferdinando Tagliavini. Dal 1987 fa parte del gruppo strumentale <em>Phonurgia Nova <\/em>(due trombe e organo), vincitore di concorsi nazionali di interpretazione musicale, con il quale si esibisce regolarmente in numerose rassegne. Parallelamente agli studi musicali, ha lavorato per numerosi anni nei settori di sviluppo informatico della grafica editoriale, della musica, e dell\u2019editing audio-video. Dal 1992 lavora come tecnico del suono, producendo fino ad oggi svariate centinaia di cd audio con i principali interpreti della scena musicale italiana ed europea; dal 2010 ricopre la carica di direttore artistico e responsabile di produzione dell\u2019etichetta discografica Tactus, che si occupa della riscoperta e della valorizzazione del patrimonio musicale italiano. Prosegue l\u2019attivit\u00e0 concertistica privilegiando la musica d\u2019insieme, esibendosi in varie formazioni volte soprattutto alla riscoperta di aspetti e autori poco eseguiti ma particolarmente interessanti, dal periodo barocco fino al repertorio contemporaneo.<\/p>\n<p><strong>Daniela Scavio<\/strong> \u2013 organo<br \/>\nDaniela Scavio ha compiuto gli studi presso il Conservatorio \u00abAntonio Vivaldi\u00bb di Alessandria, conseguendo i diplomi in Pianoforte, Organo e Composizione Organistica, e la laurea magistrale in Organo Concertistico, sotto la guida di Letizia Romiti. Consegue inoltre la laurea in Musicoterapia, frequentando corsi pedagogici dedicati al trattamento dei disturbi specifici dell\u2019apprendimento (DSA) tramite le attivit\u00e0 musicali. Ha frequentato corsi di Didattica Musicale sul Metodo Orff e di propedeutica e direzione corale presso la Societ\u00e0 Italiana di Educazione Musicale. Ha studiato clavicembalo con Andrea Coen e Francesca Lanfranco e ha seguito corsi di perfezionamento in vari ambiti, con Giovanni Acciai, Luigi Ferdinando Tagliavini, Gustav Leohnardt, Bob Van Asperen, Christopher Kent. Viene invitata ad esibirsi in varie ressegne concertistiche, quali \u00abAmici dell\u2019Organo\u00bb di Alessandria, \u00abFestival Internazionale d\u2019Organo\u00bb di Aosta, \u00abMozart Nacht und Tag\u00bb e \u00abOrganalia\u00bb di Torino. \u00c8 autrice di musiche originali per documentari naturalistici e storici promossi dalle Regioni Piemonte e Liguria. Ha partecipato in qualit\u00e0 di assistente di produzione e di organista aggiunto alla produzione discografica <em>Opere Sacre <\/em>del compositore Pellegrino Santucci, che sar\u00e0 pubblicato nel corso del 2017 dall\u2019etichetta discografica Tactus di Bologna (TC.921980). \u00c8 docente di pianoforte nella Scuola Secondaria di primo grado ad indirizzo musicale, e di Organo e Grammatiche Musicali nel laboratorio per adulti del Conservatorio \u00abA. Vivaldi\u00bb di Alessandria.<\/p>\n<p><strong>Agatha Bocedi<\/strong> \u00e8 nata a Reggio Emilia nel 2000 e ha iniziato lo studio dell\u2019arpa a sette anni presso il \u00abLaboratorio musicale\u00bb di Rivalta (metodo Suzuki). In breve tempo la sua curiosit\u00e0 per questo straordinario strumento si \u00e8 trasformata in grande passione e Agatha studia dal 2008 al Conservatorio \u00abArrigo Boito\u00bb di Parma sotto la guida di Emanuela Degli Esposti.<br \/>\nPartecipa attivamente a masterclasses e corsi di perfezionamento con Ieuan Jones, Letizia Belmondo, Marcela Mendez, Melinda Felletar, Lincoln Almada, Vincenzo Zitello, Marcella Carboni, Jekaterina Suvorova, Maria Luisa Rayan.<br \/>\nIn qualit\u00e0 di solista, ha vinto il primo premio assoluto ai Concorsi \u00abCitt\u00e0 di Padova\u00bb (2008), \u00abRovere d\u2019oro\u00bb di Imperia (2008), \u00abCitt\u00e0 di Riccione\u00bb (2009), \u00abParma Lirica-Giovani Talenti\u00bb (2009), \u00abDaniele Ridolfi\u00bb di Pietrasanta (2009), \u00abCarpineti in Musica\u00bb (2009),\u00a0\u00abAntonio Salieri\u00bb (Legnago, 2010), \u00abCitt\u00e0 di Guastalla Giovani Talenti\u00bb (2011), \u00abPonti &amp; Torri\u00bb (Roma, 2013), \u00abConcorso di Bellagio\u00bb (2013), \u00abConcorso Internazionale di Treviso\u00bb (2014), \u00abConcorso Internazionale Giovani Strumentisti\u00bb (Povoletto, 2015),\u00a0 \u00abGiovani in Crescendo\u00bb (Pesaro, 2015), Concorso Internazionale \u00abSuoni d\u2019Arpa\u00bb (Saluzzo, 2015 &#8211; Saluzzo 2016), Concours Fran\u00e7ais de la Harpe (Limoges, 2017).<br \/>\nHa gi\u00e0 al suo attivo una intensa attivit\u00e0 concertistica presso sedi prestigiose come i Teatri \u00abValli\u00bb di Reggio Emilia, \u00abRegio\u00bb di Parma, \u00abVerdi\u00bb di Busseto. Recentemente ha eseguito il Concerto n. 6 Op. IV di G.F. H\u00e4ndel con l\u2019Orchestra da Camera dell\u2019Associazione Musicale \u00abAdagio Furioso\u00bb. Fa parte dell\u2019ensemble di arpe \u00abLeonardo Primavera\u00bb.<br \/>\nHa inciso i brani per arpa e organo all\u2019interno del triplo cd dedicato alle opere sacre del compositore bolognese Pellegrino Santucci (1921-2010), Ed. Tactus, Bologna, TC.921980.<\/p>\n","protected":false},"excerpt":{"rendered":"<p>Il secondo concerto della nuova Stagione si svolger\u00e0 sabato 24 giugno alle ore 21 nella chiesa di Sant&#8217;Antonio da Padova (Novi Ligure) e avr\u00e0 come interpreti Agatha Bocedi, arpa Daniela &hellip; <a href=\"https:\/\/www.amicidellorgano.org\/index.php\/event\/665\/\" class=\"more-link\">Continua la lettura di <span class=\"screen-reader-text\">Concerto 24 giugno 2017<\/span> <span class=\"meta-nav\">&rarr;<\/span><\/a><\/p>\n","protected":false},"author":1,"featured_media":0,"template":"","meta":{"_tribe_events_status":"","_tribe_events_status_reason":"","footnotes":""},"tags":[75,72,76,78,49,77],"tribe_events_cat":[71],"class_list":["post-665","tribe_events","type-tribe_events","status-publish","hentry","tag-agatha-bocedi","tag-concerti2017","tag-daniela-scavio","tag-ensemble-phonurgia-nova","tag-novi-ligure","tag-schola-cantorum-paolo-guglielmetti","tribe_events_cat-concerti-2017","cat_concerti-2017"],"_links":{"self":[{"href":"https:\/\/www.amicidellorgano.org\/index.php\/wp-json\/wp\/v2\/tribe_events\/665"}],"collection":[{"href":"https:\/\/www.amicidellorgano.org\/index.php\/wp-json\/wp\/v2\/tribe_events"}],"about":[{"href":"https:\/\/www.amicidellorgano.org\/index.php\/wp-json\/wp\/v2\/types\/tribe_events"}],"author":[{"embeddable":true,"href":"https:\/\/www.amicidellorgano.org\/index.php\/wp-json\/wp\/v2\/users\/1"}],"version-history":[{"count":2,"href":"https:\/\/www.amicidellorgano.org\/index.php\/wp-json\/wp\/v2\/tribe_events\/665\/revisions"}],"predecessor-version":[{"id":667,"href":"https:\/\/www.amicidellorgano.org\/index.php\/wp-json\/wp\/v2\/tribe_events\/665\/revisions\/667"}],"wp:attachment":[{"href":"https:\/\/www.amicidellorgano.org\/index.php\/wp-json\/wp\/v2\/media?parent=665"}],"wp:term":[{"taxonomy":"post_tag","embeddable":true,"href":"https:\/\/www.amicidellorgano.org\/index.php\/wp-json\/wp\/v2\/tags?post=665"},{"taxonomy":"tribe_events_cat","embeddable":true,"href":"https:\/\/www.amicidellorgano.org\/index.php\/wp-json\/wp\/v2\/tribe_events_cat?post=665"}],"curies":[{"name":"wp","href":"https:\/\/api.w.org\/{rel}","templated":true}]}}

<p><img loading="lazy" decoding="async" class="aligncenter wp-image-654 size-full" src="http://www.amicidellorgano.org/wp-content/uploads/concerti2017/02-Schola-Cantorum-Guglielmetti.jpg" alt="Concerti d'organo 2017 - Schola Cantorum Guglielmetti" width="1280" height="854" srcset="https://www.amicidellorgano.org/wp-content/uploads/concerti2017/02-Schola-Cantorum-Guglielmetti.jpg 1280w, https://www.amicidellorgano.org/wp-content/uploads/concerti2017/02-Schola-Cantorum-Guglielmetti-300x200.jpg 300w, https://www.amicidellorgano.org/wp-content/uploads/concerti2017/02-Schola-Cantorum-Guglielmetti-1024x683.jpg 1024w" sizes="(max-width: 1280px) 100vw, 1280px" /></p>
<p><img loading="lazy" decoding="async" class="aligncenter wp-image-653 size-full" src="http://www.amicidellorgano.org/wp-content/uploads/concerti2017/02-Daniela-Scavio.jpg" alt="Concerti d'organo 2017 - Daniela Scavio" width="1280" height="1140" srcset="https://www.amicidellorgano.org/wp-content/uploads/concerti2017/02-Daniela-Scavio.jpg 1280w, https://www.amicidellorgano.org/wp-content/uploads/concerti2017/02-Daniela-Scavio-300x267.jpg 300w, https://www.amicidellorgano.org/wp-content/uploads/concerti2017/02-Daniela-Scavio-1024x912.jpg 1024w" sizes="(max-width: 1280px) 100vw, 1280px" /></p>
<p>Il secondo concerto della nuova Stagione si svolgerà sabato 24 giugno alle ore 21 nella <strong>chiesa di Sant&#8217;Antonio da Padova (Novi Ligure)<br />
</strong>e avrà come interpreti</p>
<p><strong>Agatha Bocedi</strong>, arpa<br />
<strong>Daniela Scavio</strong>, organo<br />
<strong>Schola Cantorum «Paolo Guglielmetti» · Antonio Quero, direttore</strong><br />
<strong>Phonurgia Nova: Antonio Quero, tromba· Marco Vestiboli, tromba· Giuseppe Monari, organo</strong></p>
<p>Si ringraziano <strong>Fondazioni CRT, CRAL e SOCIAL</strong>, il <strong>Conservatorio “Vivaldi”</strong> per la preziosa collaborazione che ci aiuta sempre a mantenere elevata l’offerta artistica.</p>
<p><strong>Programma<br />
</strong>Guido Donati (1949)<br />
Fanfare [due trombe e organo]<br />
Gaillarde fraiche [arpa e organo]</p>
<p>Giuseppe Zanaboni (1926-1996)<br />
Versetto su un Alleluja [arpa e organo]</p>
<p>Pellegrino Santucci (1921-2010)<br />
Alleluja Modo II [arpa e organo]<br />
Wachet auf [arpa e organo]</p>
<p>Ottorino Respighi (1879-1936)<br />
Antiche arie e danze Suite I [per organo a quattro mani]<br />
Balletto detto «Il Conte Orlando», Gagliarda.</p>
<p>Pellegrino Santucci (1921-2010)<br />
Berceuse [tromba, organo a 4 mani e arpa]</p>
<p>Pier Paolo Scattolin (1949)<br />
Dalla «Missa Instrumentalis in onore di San Girolamo della Certosa»<br />
Kyrie &#8211; Gloria &#8211; Sanctus &#8211; Finale [due trombe e organo]</p>
<p>Cesar Franck (1822-1890)<br />
Salmo CL (Alleluja, lodate Dio nel suo santuario)<br />
[Coro, arpa, tromba e organo]</p>
<p>Pellegrino Santucci (1921-2010)<br />
Ave Maria [coro e organo]</p>
<p>Alleluja &#8211; O filli et filiæ Mottetto Concertante<br />
[coro, tromba solista, tromba, arpa e organo, (Giuseppe Monari, direttore)]</p>
<p>Giuseppe Monari (1966)<br />
In illa die [coro, trombe, arpa e organo**, (Giuseppe Monari, direttore)]</p>
<p><strong>La Schola Cantorum «Paolo Guglielmetti»</strong> di Agazzano (PC) è stata fondata nel 1982. Costituitasi associazione culturale nel 2011, viene intitolata a colui che tanto si è prodigato per realizzare questa realtà, il prof. Paolo Guglielmetti. È composta da 36 elementi non professionisti di ogni età, uniti dalla passione comune per il canto, ed è diretta dal Maestro Antonio Quero.. L’attività della Schola è dedita in primo luogo all’animazione delle celebrazioni liturgiche della parrocchia, e conta numerose partecipazioni a rassegne e concerti, attraverso un repertorio che spazia dalla musica antica a quella contemporanea. Tra le esecuzioni più significative: i <em>Carmina Burana</em> di Carl Orff, Il <em>Requiem</em> di Gabriel Fauré, il <em>Gloria</em> di Antonio Vivaldi. Ha inciso brani inediti del compositore bolognese Pellegrino Santucci (1921-2010) che fanno parte del triplo cd <em>Opere Sacre </em>(TC.921980) pubblicato dall’etichetta Tactus di Bologna, specializzata nella valorizzazione del patrimonio musicale italiano e distribuita in tutto il mondo.</p>
<p><strong>Antonio Quero </strong>&#8211; tromba<br />
Dopo aver conseguito la maturità tecnica si é diplomato in tromba presso il Conservatorio «G. Nicolini» di Piacenza, nella classe di Lauro Bassi. Si é in seguito perfezionato sotto la guida di Silvio Franzini. È docente di tromba e solfeggio presso la scuola di musica «C. Vignola» di Agazzano (PC), e collabora inoltre con il Collegio Strumentale Piacentino e con il Coro Farnesiano di Piacenza.</p>
<p><strong>Marco Vestiboli</strong> &#8211; tromba<br />
Nato nel 1965 a Casalpusterlengo (MI); dopo aver conseguito la maturità tecnica, si é diplomato in tromba presso il Conservatorio «G. Nicolini» di Piacenza, nella classe di Silvio Franzini. Collabora con il Coro Farnesiano e con il Gruppo Strumentale Farnesiano di Piacenza.</p>
<p><strong>Giuseppe Monari</strong> &#8211; organo<br />
Giuseppe Monari ha studiato pianoforte con Maria Chiara Mazzi, organo e composizione con Andrea Macinanti, Davide Masarati e Luigi Toja. Ha partecipato a corsi di perfezionamento riguardanti vari ambiti musicali tenuti da Lionel Rogg, Arturo Sacchetti, Luigi Ferdinando Tagliavini. Dal 1987 fa parte del gruppo strumentale <em>Phonurgia Nova </em>(due trombe e organo), vincitore di concorsi nazionali di interpretazione musicale, con il quale si esibisce regolarmente in numerose rassegne. Parallelamente agli studi musicali, ha lavorato per numerosi anni nei settori di sviluppo informatico della grafica editoriale, della musica, e dell’editing audio-video. Dal 1992 lavora come tecnico del suono, producendo fino ad oggi svariate centinaia di cd audio con i principali interpreti della scena musicale italiana ed europea; dal 2010 ricopre la carica di direttore artistico e responsabile di produzione dell’etichetta discografica Tactus, che si occupa della riscoperta e della valorizzazione del patrimonio musicale italiano. Prosegue l’attività concertistica privilegiando la musica d’insieme, esibendosi in varie formazioni volte soprattutto alla riscoperta di aspetti e autori poco eseguiti ma particolarmente interessanti, dal periodo barocco fino al repertorio contemporaneo.</p>
<p><strong>Daniela Scavio</strong> – organo<br />
Daniela Scavio ha compiuto gli studi presso il Conservatorio «Antonio Vivaldi» di Alessandria, conseguendo i diplomi in Pianoforte, Organo e Composizione Organistica, e la laurea magistrale in Organo Concertistico, sotto la guida di Letizia Romiti. Consegue inoltre la laurea in Musicoterapia, frequentando corsi pedagogici dedicati al trattamento dei disturbi specifici dell’apprendimento (DSA) tramite le attività musicali. Ha frequentato corsi di Didattica Musicale sul Metodo Orff e di propedeutica e direzione corale presso la Società Italiana di Educazione Musicale. Ha studiato clavicembalo con Andrea Coen e Francesca Lanfranco e ha seguito corsi di perfezionamento in vari ambiti, con Giovanni Acciai, Luigi Ferdinando Tagliavini, Gustav Leohnardt, Bob Van Asperen, Christopher Kent. Viene invitata ad esibirsi in varie ressegne concertistiche, quali «Amici dell’Organo» di Alessandria, «Festival Internazionale d’Organo» di Aosta, «Mozart Nacht und Tag» e «Organalia» di Torino. È autrice di musiche originali per documentari naturalistici e storici promossi dalle Regioni Piemonte e Liguria. Ha partecipato in qualità di assistente di produzione e di organista aggiunto alla produzione discografica <em>Opere Sacre </em>del compositore Pellegrino Santucci, che sarà pubblicato nel corso del 2017 dall’etichetta discografica Tactus di Bologna (TC.921980). È docente di pianoforte nella Scuola Secondaria di primo grado ad indirizzo musicale, e di Organo e Grammatiche Musicali nel laboratorio per adulti del Conservatorio «A. Vivaldi» di Alessandria.</p>
<p><strong>Agatha Bocedi</strong> è nata a Reggio Emilia nel 2000 e ha iniziato lo studio dell’arpa a sette anni presso il «Laboratorio musicale» di Rivalta (metodo Suzuki). In breve tempo la sua curiosità per questo straordinario strumento si è trasformata in grande passione e Agatha studia dal 2008 al Conservatorio «Arrigo Boito» di Parma sotto la guida di Emanuela Degli Esposti.<br />
Partecipa attivamente a masterclasses e corsi di perfezionamento con Ieuan Jones, Letizia Belmondo, Marcela Mendez, Melinda Felletar, Lincoln Almada, Vincenzo Zitello, Marcella Carboni, Jekaterina Suvorova, Maria Luisa Rayan.<br />
In qualità di solista, ha vinto il primo premio assoluto ai Concorsi «Città di Padova» (2008), «Rovere d’oro» di Imperia (2008), «Città di Riccione» (2009), «Parma Lirica-Giovani Talenti» (2009), «Daniele Ridolfi» di Pietrasanta (2009), «Carpineti in Musica» (2009), «Antonio Salieri» (Legnago, 2010), «Città di Guastalla Giovani Talenti» (2011), «Ponti &amp; Torri» (Roma, 2013), «Concorso di Bellagio» (2013), «Concorso Internazionale di Treviso» (2014), «Concorso Internazionale Giovani Strumentisti» (Povoletto, 2015),  «Giovani in Crescendo» (Pesaro, 2015), Concorso Internazionale «Suoni d’Arpa» (Saluzzo, 2015 &#8211; Saluzzo 2016), Concours Français de la Harpe (Limoges, 2017).<br />
Ha già al suo attivo una intensa attività concertistica presso sedi prestigiose come i Teatri «Valli» di Reggio Emilia, «Regio» di Parma, «Verdi» di Busseto. Recentemente ha eseguito il Concerto n. 6 Op. IV di G.F. Händel con l’Orchestra da Camera dell’Associazione Musicale «Adagio Furioso». Fa parte dell’ensemble di arpe «Leonardo Primavera».<br />
Ha inciso i brani per arpa e organo all’interno del triplo cd dedicato alle opere sacre del compositore bolognese Pellegrino Santucci (1921-2010), Ed. Tactus, Bologna, TC.921980.</p>

<p>Il secondo concerto della nuova Stagione si svolgerà sabato 24 giugno alle ore 21 nella chiesa di Sant&#8217;Antonio da Padova (Novi Ligure) e avrà come interpreti Agatha Bocedi, arpa Daniela &hellip; <a href="https://www.amicidellorgano.org/index.php/event/665/" class="more-link">Continua la lettura di <span class="screen-reader-text">Concerto 24 giugno 2017</span> <span class="meta-nav">&rarr;</span></a></p>
