{"id":2534,"date":"2026-09-05T15:59:16","date_gmt":"2026-09-05T13:59:16","guid":{"rendered":"https:\/\/www.amicidellorgano.org\/?post_type=tribe_events&#038;p=2534"},"modified":"2026-09-05T16:07:32","modified_gmt":"2026-09-05T14:07:32","slug":"concerto-di-alessandro-urbano-13-settembre-2026","status":"publish","type":"tribe_events","link":"https:\/\/www.amicidellorgano.org\/index.php\/event\/concerto-di-alessandro-urbano-13-settembre-2026\/","title":{"rendered":"Concerto di Alessandro Urbano &#8211; 13 settembre 2026"},"content":{"rendered":"<p><strong>Concerto di Alessandro Urbano &#8211; 13 settembre 2026<\/strong><\/p>\n<p><img loading=\"lazy\" decoding=\"async\" class=\"aligncenter size-full wp-image-2464\" src=\"http:\/\/www.amicidellorgano.org\/wp-content\/uploads\/concerti2026\/Foto-Alessandro-Urbano-1.jpeg\" alt=\"\" width=\"960\" height=\"640\" \/><\/p>\n<div>\n<p><strong>Domenica 13 settembre 2026 ore 16.30<\/strong><br \/>\n<strong>NOVI LIGURE, Basilica di Santa Maria Maddalena<\/strong><br \/>\n<strong>ALESSANDRO URBANO, organo e visita guidata (Italia \u2013 Lussemburgo)<\/strong><br \/>\n<strong>\u201cL\u2019Organo svela i suoi segreti\u201d<\/strong><br \/>\n<strong>Concerto in collaborazione con l\u2019Unione Italiana Ciechi<\/strong><\/p>\n<p>Fine settimana denso di appuntamenti per la Stagione di concerti sugli organi storici, organizzata dagli Amici dell&#8217;Organo e sostenuta da diversi Enti, principalmente dalle Fondazioni CRAL e CRT.<br \/>\nDomenica 13 settembre sar\u00e0 la volta dell&#8217;organista Alessandro Urbano, originario di Novi Ligure ma da tempo residente all&#8217;estero, il quale alle 16.30 nella Basilica di Santa Maria Maddalena terr\u00e0 insieme un concerto ed una illustrazione dello strumento accessibile anche ai non vedenti. Il concerto \u00e8 stato realizzato in collaborazione con l\u2019Unione Italiana Ciechi.<\/p>\n<p><strong>Programma<\/strong><br \/>\nCLAUDIO MERULO (1533-1604)<br \/>\nDal Libro I di Ricercari d\u2019Intavolatura d\u2019organo (1567):<br \/>\nRicercar del duodecimo tuono<\/p>\n<p>LUZZASCO LUZZASCHI (circa 1545 &#8211; 1607)<br \/>\nDalla seconda parte del Transilvano, \u201cDialogo [\u2026] nel quale si contiene<br \/>\nil vero modo et la vera regola d\u2019intavolare ciascun canto\u201d (1622):<br \/>\nRicercare del secondo modo<\/p>\n<p>GIOSEFFO GUAMI (1542-1611)<br \/>\nDalla prima parte del Transilvano, \u201cDialogo sopra il vero modo<br \/>\ndi sonar organi, et istromenti da penna\u201d (1597):<br \/>\nToccata del secondo tuono (per organo)<br \/>\nDa Nova Musices Organicae Tabulatura (ed. Johann Woltz, 1617):<br \/>\nCanzon francese \u201cLa Guamina\u201d<\/p>\n<p>GIOVANNI GABRIELI (1557-1612)<br \/>\nDalla seconda parte del Transilvano: Canzone detta \u201cLa spiritata\u201d<\/p>\n<p>ADRIANO BANCHIERI (1568-1634)<br \/>\nDalle \u201cCanzoni alla francese a quattro voci\u2026\u201d (1596):<br \/>\nCanzon Undecima: La Organistina Bella, in Echo<br \/>\nDa \u201cL\u2019organo suonarino\u201d (1605):<br \/>\nSuonata terza, fuga grave<br \/>\nLa Battaglia (ed. 1611)<\/p>\n<p>GIROLAMO FRESCOBALDI (1583-1643)<br \/>\nDal primo libro di Capricci, Ricercari e Canzoni (1626):<br \/>\nCapriccio sopra ut re mi fa sol la<br \/>\nCapriccio sopra la sol fa mi re ut<\/p>\n<p>MICHELANGELO ROSSI (1601 o 1602 \u2013 1656)<br \/>\nDalle \u201cToccate e Correnti d\u2019intavolatura d\u2019organo e cembalo\u201d (1657):<br \/>\nQuarta toccata<\/p>\n<p>BERNARDO PASQUINI (1637-1710)<br \/>\nDal manoscritto MS DD\/53 del Civico museo bibliografico musicale di Bologna:<br \/>\nToccata ottavo tuono<br \/>\nRicercare primo del secondo tuono<\/p>\n<p>BERNARDO STORACE (circa 1637 &#8211; dopo il 1664)<br \/>\nDa \u201cSelva di varie compositioni d\u2019intavolatura per cimbalo et organo\u201d (1664):<br \/>\nCiaccona<\/p>\n<p>ALESSANDRO URBANO ha un\u2019attivit\u00e0 trasversale, che varia dal repertorio solistico alla musica d\u2019insieme, dall\u2019antico al moderno. I suoi studi di organo, clavicembalo e direzione in musica antica (Maestro al Cembalo) sono stati premiati con il Prix Pierre Segond della Citt\u00e0 di Ginevra e con il Prix Groux-Extermann della Haute \u00c9cole de Musique di Ginevra.<br \/>\nHa tenuto concerti d\u2019organo in diversi paesi europei (Italia, Francia, Germania, Svizzera, Inghilterra, Lussemburgo, Romania, Slovacchia) e ha partecipato a numerose produzioni con coro e orchestra. Si \u00e8 esibito in luoghi prestigiosi, tra cui la cattedrale e la collegiata di Albi nell\u2019ambito del Festival Toulouse les Orgues, la cattedrale di St Albans, il Victoria Hall di Ginevra, la Philharmonie di Parigi, BOZAR a Bruxelles.<br \/>\nNel 2022 ha suonato l\u2019organo della Philharmonie di Lussemburgo nella Seconda Sinfonia di Gustav Mahler con la London Symphony Orchestra e il London Symphony Choir, sotto la direzione di Sir Simon Rattle.<br \/>\nHa inciso i dischi Franck\u2019s Connection e Marco Enrico Bossi, il primo degli organisti per l\u2019etichetta OrganRoxx, registrati all\u2019organo di Dudelange (Granducato di Lussemburgo). Ha inoltre realizzato un podcast in francese dedicato a Marco Enrico Bossi, in occasione del centesimo anniversario della morte del compositore (2025).<br \/>\nNel 2025 ha preso parte all\u2019esecuzione integrale delle trascrizioni per organo delle sinfonie di Bruckner realizzate da Eberhard Klotz, interpretando la Terza Sinfonia agli organi della chiesa di Saint Martin a Dudelange e della cattedrale di Spira (Germania). La stessa serie sar\u00e0 ripresa nell\u2019ottobre 2026 a Berlino.<br \/>\nCon il suo ensemble L\u2019Armonia degli Affetti (Ginevra), si esibisce in festival quali il Festival d\u2019Ambronay, il Festival Baroque des Pays du Mont-Blanche, il Festival Silbermann. Il loro primo disco, Tantalo, \u00e8 stato inserito tra i \u201cdischi eccezionali\u201d dalla rivista Scherzo nel novembre 2021, raccomandato da Mel\u00f3mano nel gennaio 2022, e ha ricevuto il premio CHOC di Classica nel marzo 2023.<br \/>\nTra le collaborazioni come direttore si ricordano quella con l\u2019Ensemble Cappella Mediterranea nel 2022 (coproduzione con il Th\u00e9\u00e2tre de Carouge e il Grand Th\u00e9\u00e2tre de Gen\u00e8ve) e quella con il Ch\u0153ur de Chambre de Namur a partire dal 2024.<br \/>\nAttivo anche come clavicembalista, ha partecipato a produzioni all\u2019Op\u00e9ra Bastille di Parigi, al Grand Th\u00e9\u00e2tre de Gen\u00e8ve e al Grand Th\u00e9\u00e2tre de Luxembourg. Nel 2023 ha preso parte alla maratona delle sonate di Scarlatti al Mus\u00e9e d\u2019Art et d\u2019Histoire di Neuch\u00e2tel (Svizzera), su clavicembali storici della collezione Badoud e sul celebre clavicembalo Ruckers del museo.<br \/>\nInvitato pi\u00f9 volte dall\u2019Ambasciata d\u2019Italia e dalla Fondazione Cavour in Lussemburgo, si cita in particolare il recital scarlattiano Tempra Scarlatta alla Philharmonie di Lussemburgo e il ciclo \u201cBach e l\u2019Italia\u201d.<br \/>\n\u00c8 organista titolare al grande organo di Dudelange e docente di organo al Conservatorio della Citt\u00e0 di Lussemburgo (Granducato di Lussemburgo).<\/p>\n<\/div>\n","protected":false},"excerpt":{"rendered":"<p>Concerto di Alessandro Urbano &#8211; 13 settembre 2026 Domenica 13 settembre 2026 ore 16.30 NOVI LIGURE, Basilica di Santa Maria Maddalena ALESSANDRO URBANO, organo e visita guidata (Italia \u2013 Lussemburgo) &hellip; <a href=\"https:\/\/www.amicidellorgano.org\/index.php\/event\/concerto-di-alessandro-urbano-13-settembre-2026\/\" class=\"more-link\">Continua la lettura di <span class=\"screen-reader-text\">Concerto di Alessandro Urbano &#8211; 13 settembre 2026<\/span> <span class=\"meta-nav\">&rarr;<\/span><\/a><\/p>\n","protected":false},"author":1,"featured_media":0,"template":"","meta":{"_tribe_events_status":"","_tribe_events_status_reason":"","footnotes":""},"tags":[155,312,49],"tribe_events_cat":[314],"class_list":["post-2534","tribe_events","type-tribe_events","status-publish","hentry","tag-alessandro-urbano","tag-concerti2026","tag-novi-ligure","tribe_events_cat-concerti-2026","cat_concerti-2026"],"_links":{"self":[{"href":"https:\/\/www.amicidellorgano.org\/index.php\/wp-json\/wp\/v2\/tribe_events\/2534","targetHints":{"allow":["GET"]}}],"collection":[{"href":"https:\/\/www.amicidellorgano.org\/index.php\/wp-json\/wp\/v2\/tribe_events"}],"about":[{"href":"https:\/\/www.amicidellorgano.org\/index.php\/wp-json\/wp\/v2\/types\/tribe_events"}],"author":[{"embeddable":true,"href":"https:\/\/www.amicidellorgano.org\/index.php\/wp-json\/wp\/v2\/users\/1"}],"version-history":[{"count":5,"href":"https:\/\/www.amicidellorgano.org\/index.php\/wp-json\/wp\/v2\/tribe_events\/2534\/revisions"}],"predecessor-version":[{"id":2545,"href":"https:\/\/www.amicidellorgano.org\/index.php\/wp-json\/wp\/v2\/tribe_events\/2534\/revisions\/2545"}],"wp:attachment":[{"href":"https:\/\/www.amicidellorgano.org\/index.php\/wp-json\/wp\/v2\/media?parent=2534"}],"wp:term":[{"taxonomy":"post_tag","embeddable":true,"href":"https:\/\/www.amicidellorgano.org\/index.php\/wp-json\/wp\/v2\/tags?post=2534"},{"taxonomy":"tribe_events_cat","embeddable":true,"href":"https:\/\/www.amicidellorgano.org\/index.php\/wp-json\/wp\/v2\/tribe_events_cat?post=2534"}],"curies":[{"name":"wp","href":"https:\/\/api.w.org\/{rel}","templated":true}]}}

<p><strong>Concerto di Alessandro Urbano &#8211; 13 settembre 2026</strong></p>
<p><img loading="lazy" decoding="async" class="aligncenter size-full wp-image-2464" src="http://www.amicidellorgano.org/wp-content/uploads/concerti2026/Foto-Alessandro-Urbano-1.jpeg" alt="" width="960" height="640" /></p>
<div>
<p><strong>Domenica 13 settembre 2026 ore 16.30</strong><br />
<strong>NOVI LIGURE, Basilica di Santa Maria Maddalena</strong><br />
<strong>ALESSANDRO URBANO, organo e visita guidata (Italia – Lussemburgo)</strong><br />
<strong>“L’Organo svela i suoi segreti”</strong><br />
<strong>Concerto in collaborazione con l’Unione Italiana Ciechi</strong></p>
<p>Fine settimana denso di appuntamenti per la Stagione di concerti sugli organi storici, organizzata dagli Amici dell&#8217;Organo e sostenuta da diversi Enti, principalmente dalle Fondazioni CRAL e CRT.<br />
Domenica 13 settembre sarà la volta dell&#8217;organista Alessandro Urbano, originario di Novi Ligure ma da tempo residente all&#8217;estero, il quale alle 16.30 nella Basilica di Santa Maria Maddalena terrà insieme un concerto ed una illustrazione dello strumento accessibile anche ai non vedenti. Il concerto è stato realizzato in collaborazione con l’Unione Italiana Ciechi.</p>
<p><strong>Programma</strong><br />
CLAUDIO MERULO (1533-1604)<br />
Dal Libro I di Ricercari d’Intavolatura d’organo (1567):<br />
Ricercar del duodecimo tuono</p>
<p>LUZZASCO LUZZASCHI (circa 1545 &#8211; 1607)<br />
Dalla seconda parte del Transilvano, “Dialogo […] nel quale si contiene<br />
il vero modo et la vera regola d’intavolare ciascun canto” (1622):<br />
Ricercare del secondo modo</p>
<p>GIOSEFFO GUAMI (1542-1611)<br />
Dalla prima parte del Transilvano, “Dialogo sopra il vero modo<br />
di sonar organi, et istromenti da penna” (1597):<br />
Toccata del secondo tuono (per organo)<br />
Da Nova Musices Organicae Tabulatura (ed. Johann Woltz, 1617):<br />
Canzon francese “La Guamina”</p>
<p>GIOVANNI GABRIELI (1557-1612)<br />
Dalla seconda parte del Transilvano: Canzone detta “La spiritata”</p>
<p>ADRIANO BANCHIERI (1568-1634)<br />
Dalle “Canzoni alla francese a quattro voci…” (1596):<br />
Canzon Undecima: La Organistina Bella, in Echo<br />
Da “L’organo suonarino” (1605):<br />
Suonata terza, fuga grave<br />
La Battaglia (ed. 1611)</p>
<p>GIROLAMO FRESCOBALDI (1583-1643)<br />
Dal primo libro di Capricci, Ricercari e Canzoni (1626):<br />
Capriccio sopra ut re mi fa sol la<br />
Capriccio sopra la sol fa mi re ut</p>
<p>MICHELANGELO ROSSI (1601 o 1602 – 1656)<br />
Dalle “Toccate e Correnti d’intavolatura d’organo e cembalo” (1657):<br />
Quarta toccata</p>
<p>BERNARDO PASQUINI (1637-1710)<br />
Dal manoscritto MS DD/53 del Civico museo bibliografico musicale di Bologna:<br />
Toccata ottavo tuono<br />
Ricercare primo del secondo tuono</p>
<p>BERNARDO STORACE (circa 1637 &#8211; dopo il 1664)<br />
Da “Selva di varie compositioni d’intavolatura per cimbalo et organo” (1664):<br />
Ciaccona</p>
<p>ALESSANDRO URBANO ha un’attività trasversale, che varia dal repertorio solistico alla musica d’insieme, dall’antico al moderno. I suoi studi di organo, clavicembalo e direzione in musica antica (Maestro al Cembalo) sono stati premiati con il Prix Pierre Segond della Città di Ginevra e con il Prix Groux-Extermann della Haute École de Musique di Ginevra.<br />
Ha tenuto concerti d’organo in diversi paesi europei (Italia, Francia, Germania, Svizzera, Inghilterra, Lussemburgo, Romania, Slovacchia) e ha partecipato a numerose produzioni con coro e orchestra. Si è esibito in luoghi prestigiosi, tra cui la cattedrale e la collegiata di Albi nell’ambito del Festival Toulouse les Orgues, la cattedrale di St Albans, il Victoria Hall di Ginevra, la Philharmonie di Parigi, BOZAR a Bruxelles.<br />
Nel 2022 ha suonato l’organo della Philharmonie di Lussemburgo nella Seconda Sinfonia di Gustav Mahler con la London Symphony Orchestra e il London Symphony Choir, sotto la direzione di Sir Simon Rattle.<br />
Ha inciso i dischi Franck’s Connection e Marco Enrico Bossi, il primo degli organisti per l’etichetta OrganRoxx, registrati all’organo di Dudelange (Granducato di Lussemburgo). Ha inoltre realizzato un podcast in francese dedicato a Marco Enrico Bossi, in occasione del centesimo anniversario della morte del compositore (2025).<br />
Nel 2025 ha preso parte all’esecuzione integrale delle trascrizioni per organo delle sinfonie di Bruckner realizzate da Eberhard Klotz, interpretando la Terza Sinfonia agli organi della chiesa di Saint Martin a Dudelange e della cattedrale di Spira (Germania). La stessa serie sarà ripresa nell’ottobre 2026 a Berlino.<br />
Con il suo ensemble L’Armonia degli Affetti (Ginevra), si esibisce in festival quali il Festival d’Ambronay, il Festival Baroque des Pays du Mont-Blanche, il Festival Silbermann. Il loro primo disco, Tantalo, è stato inserito tra i “dischi eccezionali” dalla rivista Scherzo nel novembre 2021, raccomandato da Melómano nel gennaio 2022, e ha ricevuto il premio CHOC di Classica nel marzo 2023.<br />
Tra le collaborazioni come direttore si ricordano quella con l’Ensemble Cappella Mediterranea nel 2022 (coproduzione con il Théâtre de Carouge e il Grand Théâtre de Genève) e quella con il Chœur de Chambre de Namur a partire dal 2024.<br />
Attivo anche come clavicembalista, ha partecipato a produzioni all’Opéra Bastille di Parigi, al Grand Théâtre de Genève e al Grand Théâtre de Luxembourg. Nel 2023 ha preso parte alla maratona delle sonate di Scarlatti al Musée d’Art et d’Histoire di Neuchâtel (Svizzera), su clavicembali storici della collezione Badoud e sul celebre clavicembalo Ruckers del museo.<br />
Invitato più volte dall’Ambasciata d’Italia e dalla Fondazione Cavour in Lussemburgo, si cita in particolare il recital scarlattiano Tempra Scarlatta alla Philharmonie di Lussemburgo e il ciclo “Bach e l’Italia”.<br />
È organista titolare al grande organo di Dudelange e docente di organo al Conservatorio della Città di Lussemburgo (Granducato di Lussemburgo).</p>
</div>
