{"id":2527,"date":"2026-09-05T15:50:25","date_gmt":"2026-09-05T13:50:25","guid":{"rendered":"https:\/\/www.amicidellorgano.org\/?post_type=tribe_events&#038;p=2527"},"modified":"2026-09-05T15:51:23","modified_gmt":"2026-09-05T13:51:23","slug":"concerto-di-paolo-tognon-e-nicola-dolci-12-settembre-2026","status":"publish","type":"tribe_events","link":"https:\/\/www.amicidellorgano.org\/index.php\/event\/concerto-di-paolo-tognon-e-nicola-dolci-12-settembre-2026\/","title":{"rendered":"Concerto di Paolo Tognon e Nicola Dolci &#8211; 12 settembre 2026"},"content":{"rendered":"<p><strong>Concerto di Paolo Tognon e Nicola Dolci &#8211; 12 settembre 2026<\/strong><\/p>\n<p><img loading=\"lazy\" decoding=\"async\" class=\"aligncenter size-large wp-image-2473\" src=\"http:\/\/www.amicidellorgano.org\/wp-content\/uploads\/concerti2026\/foto-Tognon-e-Dolci-1-900x1024.jpg\" alt=\"\" width=\"474\" height=\"539\" \/><\/p>\n<div>\n<p><strong>Sabato 12 settembre 2026 ore 17<\/strong><br \/>\n<strong>OVADA, Oratorio della SS. Annunziata<\/strong><br \/>\n<strong>PAOLO TOGNON, dulciana soprano e basso<\/strong><br \/>\n<strong>NICOLA DOLCI, organo<\/strong><br \/>\n<strong>\u201cDa pacem Domine\u201d \u2010 Viae musicae et pacis in Europa<\/strong><\/p>\n<p>Fine settimana denso di appuntamenti per la Stagione di concerti sugli organi storici, organizzata dagli Amici dell&#8217;Organo e sostenuta da diversi Enti, principalmente dalle Fondazioni CRAL e CRT.<br \/>\nIl suono raffinato della Dulciana sar\u00e0 il protagonista del concerto di sabato 12 settembre alle ore 17 nell&#8217; Oratorio della SS. Annunziata di OVADA dove PAOLO TOGNON, alla dulciana soprano e basso, e NICOLA DOLCI all&#8217; organo daranno vita ad un particolarissimo programma dal titolo \u201cDa pacem Domine\u201d \u2013 Viae musicae et pacis in Europa.<\/p>\n<p><strong>Programma<\/strong><br \/>\nJAN PIETERSZOON SWEELINCK (1562-1621)<br \/>\nEst-ce Mars? (organo solo)<\/p>\n<p>GIROLAMO PARABOSCO (circa 1524 &#8211; 1557)<br \/>\nRicercare XIV \u201cDa pacem Domine\u201d<\/p>\n<p>CLAUDIN DE SERMISY (circa 1490 &#8211; 1562)<br \/>\nDa pacem Domine<\/p>\n<p>WILLIAM BYRD (circa 1540 &#8211; 1623)<br \/>\nFantasia in la (organo solo)<\/p>\n<p>BARTOLOMEO TROMBONCINO (circa 1470 \u2013 dopo il 1535)<br \/>\nVergine bella, che di sol vestita<\/p>\n<p>ADRIAN WILLAERT (1490-1562)<br \/>\nDa pacem, Domine<\/p>\n<p>SEBASTIANO FESTA (circa 1490 &#8211; 1524)<br \/>\nMottetto \u201cDa pacem, Domine\u201d<\/p>\n<p>BARTOLOM\u00c9 DE SELMA Y SALAVERDE (circa 1595 &#8211; dopo il 1638)<br \/>\nFantasia a fagotto solo (e continuo)<\/p>\n<p>PADRE DAVIDE DA BERGAMO (1791-1863)<br \/>\n\u201cLe sanguinose giornate di marzo, ossia la Rivoluzione di Milano\u201d<br \/>\n(organo solo)<\/p>\n<p>MELCHIOR FRANCK (circa 1579 &#8211; 1639)<br \/>\nCorale \u201cDa pacem, Domine, in diebus nostris\u201d<\/p>\n<p>JAN PIETERSZOON SWEELINCK (1562-1621)<br \/>\nDa pacem, Domine, in diebus nostris (organo solo)<\/p>\n<p>ANDREAS HAMMERSCHMIDT (1611 o 1612 &#8211; 1675)<br \/>\nMottetto \u201cDa pacem, Domine\u201d<\/p>\n<p>Il programma ha come filo conduttore il canto fermo Da pacem Domine, sopra il quale molti compositori del Rinascimento e primo Barocco hanno elaborato brani polifonici di indubbio interesse. Su una melodia lineare di stampo gregoriano si sviluppano arabeschi e contrappunti che, mantenendo viva l\u2019attenzione del tema principale, permettono all\u2019ascoltatore di cogliere gli aspetti di raffinato contrappunto, che rivelano una sapiente tecnica compositiva diffusasi a grandi livelli in tutti i compositori europei dell\u2019epoca. Sono state inserite nel programma anche due composizioni virtuosistiche (de Selma, Padre Davide da Bergamo), che potremmo definire in antitesi al carattere serafico della pace, quasi un confronto fra la caducit\u00e0 terrena e l\u2019aspirazione spirituale. L\u2019accostamento all\u2019organo della dulciana, dal suono di per s\u00e9 dolce e morbido, \u00e8 perfettamente adatto a rendere uno spirito vocale in simbiosi con il tema della pace: timbro che viene risaltato ed evidenziato dalla combinazione fonica di opportuni registri organistici, scelti per un giusto accostamento sonoro.<\/p>\n<p>PAOLO TOGNON, nato a Padova, ha studiato l\u2019esecuzione di tutti i fagotti storici. Nel 1991 \u00e8 diventato membro della European Union Baroque Orchestra, e da allora ha continuato a suonare con prestigiosi ensemble e orchestre barocche europee fra cui Les Arts Florissants, The Amsterdam Baroque Orchestra, Concerto K\u00f6ln, Capella Savaria, Wiener Akademie, Le Concert de Nations, The Harp Consort, Ars Antiqua Austria, Accademia Bizantina, L\u2019Arte dell\u2019Arco, Accademia del Santo Spirito, Capella Ducale Venetia, Musicians of the King\u2019s Road, suonando sotto la direzione di G. Leonhardt, F. Bruggen, W. Christie, T. Koopman, J. Savall, C. Hogwood, J. C. Malgoire, P. N\u00e9meth, R. Jacobs, A. Lawrence King, S. Preston, R. Goodman e, in Italia, con L. Picotti, F. M. Bressan, P. Da Col, S. Balestracci, S. Vartolo, B. Gini, F. Guglielmo.<br \/>\nHa fondato vari gruppi tra cui La Bande des Hautbois du Roy e Quoniam (consort di dulciane). Ha suonato in Europa, Stati Uniti, Messico, Medio Oriente. Ha inciso oltre 120 CD, alcuni dei quali in veste di solista.<br \/>\nLa sua attivit\u00e0 di docente di fagotti storici ha incluso il Dipartimento di musica antica del Conservatoire National Sup\u00e9rieur de Musique et de Danse di Parigi, nonch\u00e9 in Italia i Conservator\u00ee di Padova, Verona e Adria.<\/p>\n<p>NICOLA DOLCI, organista, compositore e direttore, studia presso il Civico Istituto Musicale \u201cLuigi Folcioni\u201d di Crema, con Francesco Zuvadelli, e presso i Conservator\u00ee di Brescia e Verona, con Pietro Pasquini e Massimiliano Raschietti, conseguendo i Diplomi Accademici di I e II livello in organo con il massimo dei voti, lode e menzione d\u2019onore. Si perfeziona \u00a0sotto la guida di J.-B. Monnot, B. Leighton e B. Van Oosten, nell\u2019improvvisazione organistica con F. Caporali e nella direzione di ensemble corali e strumentali con A. Quarta e A. Bolciaghi.<br \/>\nDiversi i suoi riconoscimenti a livello internazionale: si ricordano il 2\u00b0 premio al prestigioso \u201cInternational Martini Organ Competition\u201d di Groningen nel 2022 e il 1\u00b0 premio nel ministeriale \u201cPremio nazionale delle Arti\u201d, XV edizione. Ha all\u2019attivo un\u2019intensa attivit\u00e0 concertistica internazionale in qualit\u00e0 di solista (Italia, Svizzera, Olanda e Germania) e in veste di organista, concertatore e direttore in numerosi ensemble (I Barocchisti e Coro RSI, ensemble \u201cQuoniam\u201d, Coro \u201cClaudio Monteverdi\u201d di Crema); dal 2018 \u00e8 direttore dell\u2019Orchestra \u201cCremaggiore\u201d di Crema.<br \/>\n\u00c8 docente di organo presso il Pontificio Istituto di Musica Sacra di Roma e alla Scuola Diocesana di musica \u201cSanta Cecilia\u201d di Brescia. \u00c8 organista della Basilica di Santa Maria della Croce a Crema.<\/p>\n<\/div>\n","protected":false},"excerpt":{"rendered":"<p>Concerto di Paolo Tognon e Nicola Dolci &#8211; 12 settembre 2026 Sabato 12 settembre 2026 ore 17 OVADA, Oratorio della SS. Annunziata PAOLO TOGNON, dulciana soprano e basso NICOLA DOLCI, &hellip; <a href=\"https:\/\/www.amicidellorgano.org\/index.php\/event\/concerto-di-paolo-tognon-e-nicola-dolci-12-settembre-2026\/\" class=\"more-link\">Continua la lettura di <span class=\"screen-reader-text\">Concerto di Paolo Tognon e Nicola Dolci &#8211; 12 settembre 2026<\/span> <span class=\"meta-nav\">&rarr;<\/span><\/a><\/p>\n","protected":false},"author":1,"featured_media":0,"template":"","meta":{"_tribe_events_status":"","_tribe_events_status_reason":"","footnotes":""},"tags":[312,325,25,324],"tribe_events_cat":[314],"class_list":["post-2527","tribe_events","type-tribe_events","status-publish","hentry","tag-concerti2026","tag-nicola-dolci","tag-ovada","tag-paolo-tognon","tribe_events_cat-concerti-2026","cat_concerti-2026"],"_links":{"self":[{"href":"https:\/\/www.amicidellorgano.org\/index.php\/wp-json\/wp\/v2\/tribe_events\/2527","targetHints":{"allow":["GET"]}}],"collection":[{"href":"https:\/\/www.amicidellorgano.org\/index.php\/wp-json\/wp\/v2\/tribe_events"}],"about":[{"href":"https:\/\/www.amicidellorgano.org\/index.php\/wp-json\/wp\/v2\/types\/tribe_events"}],"author":[{"embeddable":true,"href":"https:\/\/www.amicidellorgano.org\/index.php\/wp-json\/wp\/v2\/users\/1"}],"version-history":[{"count":3,"href":"https:\/\/www.amicidellorgano.org\/index.php\/wp-json\/wp\/v2\/tribe_events\/2527\/revisions"}],"predecessor-version":[{"id":2532,"href":"https:\/\/www.amicidellorgano.org\/index.php\/wp-json\/wp\/v2\/tribe_events\/2527\/revisions\/2532"}],"wp:attachment":[{"href":"https:\/\/www.amicidellorgano.org\/index.php\/wp-json\/wp\/v2\/media?parent=2527"}],"wp:term":[{"taxonomy":"post_tag","embeddable":true,"href":"https:\/\/www.amicidellorgano.org\/index.php\/wp-json\/wp\/v2\/tags?post=2527"},{"taxonomy":"tribe_events_cat","embeddable":true,"href":"https:\/\/www.amicidellorgano.org\/index.php\/wp-json\/wp\/v2\/tribe_events_cat?post=2527"}],"curies":[{"name":"wp","href":"https:\/\/api.w.org\/{rel}","templated":true}]}}

<p><strong>Concerto di Paolo Tognon e Nicola Dolci &#8211; 12 settembre 2026</strong></p>
<p><img loading="lazy" decoding="async" class="aligncenter size-large wp-image-2473" src="http://www.amicidellorgano.org/wp-content/uploads/concerti2026/foto-Tognon-e-Dolci-1-900x1024.jpg" alt="" width="474" height="539" /></p>
<div>
<p><strong>Sabato 12 settembre 2026 ore 17</strong><br />
<strong>OVADA, Oratorio della SS. Annunziata</strong><br />
<strong>PAOLO TOGNON, dulciana soprano e basso</strong><br />
<strong>NICOLA DOLCI, organo</strong><br />
<strong>“Da pacem Domine” ‐ Viae musicae et pacis in Europa</strong></p>
<p>Fine settimana denso di appuntamenti per la Stagione di concerti sugli organi storici, organizzata dagli Amici dell&#8217;Organo e sostenuta da diversi Enti, principalmente dalle Fondazioni CRAL e CRT.<br />
Il suono raffinato della Dulciana sarà il protagonista del concerto di sabato 12 settembre alle ore 17 nell&#8217; Oratorio della SS. Annunziata di OVADA dove PAOLO TOGNON, alla dulciana soprano e basso, e NICOLA DOLCI all&#8217; organo daranno vita ad un particolarissimo programma dal titolo “Da pacem Domine” – Viae musicae et pacis in Europa.</p>
<p><strong>Programma</strong><br />
JAN PIETERSZOON SWEELINCK (1562-1621)<br />
Est-ce Mars? (organo solo)</p>
<p>GIROLAMO PARABOSCO (circa 1524 &#8211; 1557)<br />
Ricercare XIV “Da pacem Domine”</p>
<p>CLAUDIN DE SERMISY (circa 1490 &#8211; 1562)<br />
Da pacem Domine</p>
<p>WILLIAM BYRD (circa 1540 &#8211; 1623)<br />
Fantasia in la (organo solo)</p>
<p>BARTOLOMEO TROMBONCINO (circa 1470 – dopo il 1535)<br />
Vergine bella, che di sol vestita</p>
<p>ADRIAN WILLAERT (1490-1562)<br />
Da pacem, Domine</p>
<p>SEBASTIANO FESTA (circa 1490 &#8211; 1524)<br />
Mottetto “Da pacem, Domine”</p>
<p>BARTOLOMÉ DE SELMA Y SALAVERDE (circa 1595 &#8211; dopo il 1638)<br />
Fantasia a fagotto solo (e continuo)</p>
<p>PADRE DAVIDE DA BERGAMO (1791-1863)<br />
“Le sanguinose giornate di marzo, ossia la Rivoluzione di Milano”<br />
(organo solo)</p>
<p>MELCHIOR FRANCK (circa 1579 &#8211; 1639)<br />
Corale “Da pacem, Domine, in diebus nostris”</p>
<p>JAN PIETERSZOON SWEELINCK (1562-1621)<br />
Da pacem, Domine, in diebus nostris (organo solo)</p>
<p>ANDREAS HAMMERSCHMIDT (1611 o 1612 &#8211; 1675)<br />
Mottetto “Da pacem, Domine”</p>
<p>Il programma ha come filo conduttore il canto fermo Da pacem Domine, sopra il quale molti compositori del Rinascimento e primo Barocco hanno elaborato brani polifonici di indubbio interesse. Su una melodia lineare di stampo gregoriano si sviluppano arabeschi e contrappunti che, mantenendo viva l’attenzione del tema principale, permettono all’ascoltatore di cogliere gli aspetti di raffinato contrappunto, che rivelano una sapiente tecnica compositiva diffusasi a grandi livelli in tutti i compositori europei dell’epoca. Sono state inserite nel programma anche due composizioni virtuosistiche (de Selma, Padre Davide da Bergamo), che potremmo definire in antitesi al carattere serafico della pace, quasi un confronto fra la caducità terrena e l’aspirazione spirituale. L’accostamento all’organo della dulciana, dal suono di per sé dolce e morbido, è perfettamente adatto a rendere uno spirito vocale in simbiosi con il tema della pace: timbro che viene risaltato ed evidenziato dalla combinazione fonica di opportuni registri organistici, scelti per un giusto accostamento sonoro.</p>
<p>PAOLO TOGNON, nato a Padova, ha studiato l’esecuzione di tutti i fagotti storici. Nel 1991 è diventato membro della European Union Baroque Orchestra, e da allora ha continuato a suonare con prestigiosi ensemble e orchestre barocche europee fra cui Les Arts Florissants, The Amsterdam Baroque Orchestra, Concerto Köln, Capella Savaria, Wiener Akademie, Le Concert de Nations, The Harp Consort, Ars Antiqua Austria, Accademia Bizantina, L’Arte dell’Arco, Accademia del Santo Spirito, Capella Ducale Venetia, Musicians of the King’s Road, suonando sotto la direzione di G. Leonhardt, F. Bruggen, W. Christie, T. Koopman, J. Savall, C. Hogwood, J. C. Malgoire, P. Németh, R. Jacobs, A. Lawrence King, S. Preston, R. Goodman e, in Italia, con L. Picotti, F. M. Bressan, P. Da Col, S. Balestracci, S. Vartolo, B. Gini, F. Guglielmo.<br />
Ha fondato vari gruppi tra cui La Bande des Hautbois du Roy e Quoniam (consort di dulciane). Ha suonato in Europa, Stati Uniti, Messico, Medio Oriente. Ha inciso oltre 120 CD, alcuni dei quali in veste di solista.<br />
La sua attività di docente di fagotti storici ha incluso il Dipartimento di musica antica del Conservatoire National Supérieur de Musique et de Danse di Parigi, nonché in Italia i Conservatorî di Padova, Verona e Adria.</p>
<p>NICOLA DOLCI, organista, compositore e direttore, studia presso il Civico Istituto Musicale “Luigi Folcioni” di Crema, con Francesco Zuvadelli, e presso i Conservatorî di Brescia e Verona, con Pietro Pasquini e Massimiliano Raschietti, conseguendo i Diplomi Accademici di I e II livello in organo con il massimo dei voti, lode e menzione d’onore. Si perfeziona  sotto la guida di J.-B. Monnot, B. Leighton e B. Van Oosten, nell’improvvisazione organistica con F. Caporali e nella direzione di ensemble corali e strumentali con A. Quarta e A. Bolciaghi.<br />
Diversi i suoi riconoscimenti a livello internazionale: si ricordano il 2° premio al prestigioso “International Martini Organ Competition” di Groningen nel 2022 e il 1° premio nel ministeriale “Premio nazionale delle Arti”, XV edizione. Ha all’attivo un’intensa attività concertistica internazionale in qualità di solista (Italia, Svizzera, Olanda e Germania) e in veste di organista, concertatore e direttore in numerosi ensemble (I Barocchisti e Coro RSI, ensemble “Quoniam”, Coro “Claudio Monteverdi” di Crema); dal 2018 è direttore dell’Orchestra “Cremaggiore” di Crema.<br />
È docente di organo presso il Pontificio Istituto di Musica Sacra di Roma e alla Scuola Diocesana di musica “Santa Cecilia” di Brescia. È organista della Basilica di Santa Maria della Croce a Crema.</p>
</div>
