{"id":2325,"date":"2025-09-09T15:28:47","date_gmt":"2025-09-09T13:28:47","guid":{"rendered":"https:\/\/www.amicidellorgano.org\/?post_type=tribe_events&#038;p=2325"},"modified":"2025-09-09T15:29:54","modified_gmt":"2025-09-09T13:29:54","slug":"concerto-di-chiara-cabras-e-fabio-frigato-13-settembre-2025","status":"publish","type":"tribe_events","link":"https:\/\/www.amicidellorgano.org\/index.php\/event\/concerto-di-chiara-cabras-e-fabio-frigato-13-settembre-2025\/","title":{"rendered":"Concerto di Chiara Cabras e Fabio Frigato &#8211; 13 settembre 2025"},"content":{"rendered":"<p><strong>Concerto di Chiara Cabras e Fabio Frigato &#8211; 13 settembre 2025<\/strong><\/p>\n<p><img loading=\"lazy\" decoding=\"async\" class=\"aligncenter wp-image-2326 size-large\" src=\"http:\/\/www.amicidellorgano.org\/wp-content\/uploads\/concerti2025\/Chiara-Cabras-1024x576.jpg\" alt=\"Concerto di Chiara Cabras e Fabio Frigato - 13 settembre 2025\" width=\"474\" height=\"267\" \/><\/p>\n<p><strong>Sabato 13 settembre 2025 ore 21<br \/>\nSERRAVALLE SCRIVIA, chiesa parrocchiale<br \/>\nCHIARA CABRAS, soprano<br \/>\nFABIO FRIGATO, organo<\/strong><\/p>\n<p>Sabato 13 settembre ore 21 la Stagione degli Amici dell&#8217;Organo prosegue a SERRAVALLE SCRIVIA nella chiesa parrocchiale con CHIARA CABRAS, soprano, e FABIO FRIGATO al prestigioso grande organo &#8220;Serassi&#8221; in sostituzione di Ugo Spanu, impossibilitato a suonare per motivi di salute.<\/p>\n<p>Il programma subir\u00e0 alcune variazioni e si articoler\u00e0 in brani di W. Byrd, J.S. Bach (Matth\u00e4us Passion), D. Buxtehude, G. Morandi, A. Stradella, G. Puccini, G.F. H\u00e4ndel.<\/p>\n<p>Chiara Cabras \u00e8 nata a Sassari nel 1995. Nel 2014 viene ammessa al conservatorio \u201cL. Canepa\u201d di Sassari, nel quale consegue il Diploma Accademico di Primo Livello nel 2019. Ha partecipato a diverse produzioni come artista del coro per l\u2019Ente Luglio Musicale Trapanese e l\u2019Ente Concerti \u201cM. de Carolis\u201d di Sassari: Turandot di G. Puccini (2015), Falstaff di G. Verdi (2016), Madama Butterfly di G. Puccini (2016), Lucia di Lammermoor di G. Donizetti (2016), Aida di G. Verdi (2017), il Campanello di notte di G. Donizetti (2017), la Boh\u00e8me di G. Puccini (2017), i Carmina Burana (2018).<br \/>\nNel 2018 debutta nel ruolo di Cecily Cardew in \u201cL\u2019importanza di essere Franco\u201d di M. Castelnuovo-Tedesco, produzione Opera-Studio dell\u2019Ente Luglio Musicale Trapanese. Nella stagione 2019 del medesimo Ente, \u00e8 Minerva in \u201cOrph\u00e9e aux Enfers\u201d di J. Offenbach. E\u2019 il soprano solista nel \u201cGloria\u201d di A. Vivaldi per il concerto di Capodanno 2020 ad Alghero. Nel novembre 2020 \u00e8 Annina nella \u201cTraviata\u201d di G. Verdi al Teatro Lirico di Cagliari. A gennaio 2023 \u00e8 Adina nell&#8217; \u201dElisir d&#8217;amore\u201d di G. Donizetti al Teatro Comunale di Sassari, produzione del conservatorio \u201cL. Canepa\u201d .<\/p>\n<p>Fabio Frigato inizia lo studio del pianoforte all&#8217;et\u00e0 di 5 anni; sotto la guida di Gianluca Frau inizia a dedicarsi allo studio dell&#8217;organo in adolescenza spaziando dalla musica antica e rinascimentale, al romanticismo e fino alla musica attuale. Nel 2015 vince il secondo premio C. Abbado, a Perugia. Negli anni successivi frequenta masterclass di K. Schnorr, B. Haas, C. Mantoux, G. Bovet, M. Torrent, L. Lohmann, J. Essl, H. Deutsch, J. Laukvik, G.Gnann, E.C. Vianelli. Nel semestre invernale 2016\/2017 frequenta il corso di organo nella classe del Prof. B. Haas presso la Hochschule f\u00fcr Musik und Theather M\u00fcnchen nell&#8217;ambito del progetto Erasmus+. Dopo aver conseguito il diploma accademico di primo livello in organo nel 2018 con il massimo dei voti e la lode nella classe di A. Falcioni e anche con U. Spanu presso il Conservatorio di Musica di Sassari &#8220;L. Canepa&#8221;, successivamente prosegue gli studi il a presso la \u201cHochschule f\u00fcr Musik und Theater M\u00fcnchen\u201d con il Prof. B. Haas e nella classe di improvvisazione del Prof. C. Sch\u00f6nfelder,. Tiene concerti nelle cattedrali di Oristano, Alghero, Cagliari, Lucca. Nel 2022 debutta in Spagna con la Polifonica Algherese nello splendido Temple Expiatori de la Sagrada Fam\u00edlia, a Barcellona, presentando uno spettacolo musicale basato su \u201cLo Senyal del Judici\u201d, tradizione medievale che collega la Sardegna al mondo di lingua catalana con il Coro Polifonico Algherese diretto da U. Spanu. Nel 2023 torna a Barcellona a a. Maria de Gracia per replicare con grande successo lo spettacolo dopo una applaudita performance anche a Roma a S. Maria dell\u2019orto. Dal 2014 collabora stabilmente con la Rassegna Internazionale Organistica del Festival del Mediterraneo, tenendo numerosi e frequenti concerti come solista. Nel 2021 suona come organista e continuista nell&#8217;Orchestra del Teatro Lirico di Cagliari, sotto la direzione di Arthur Fagen e Nicolas Altstaedt. Nel 2022 \u00e8 invitato al \u201cToscana Organ Fest\u201d di Cortona e nella rassegna \u201cMusica in Cattedrale\u201d, presso il Duomo di Lucca. Dal 2023 accompagna i cantanti Valentina Satta ed Ettore \u00c1gati in una tourn\u00e9e basata sui duetti di C. Monteverdi e sul repertorio di musica antica per organo. Nel 2022 e nel 2024 suona con la corale Rossini il requiem di Faur\u00e9 nelle cattedrali di Sassari e di Bosa e ha collaborato come continuista col Complesso vocale di Nuoro per la realizzazione di un concerto sulla produzione sacra di Monteverdi. Attualmente studia Clavicembalo nella classe del Prof. L. Feder presso il Conservatorio di Cagliari. Ha recentemente collaborato con \u201cl\u2019Orchestra Sinfonica di Milano G. Verdi\u201d in qualit\u00e0 di organista sotto la direzione di A. Soddy. In aprile 2025 ha vinto il Primo Premio \u201cInzoli Bonizzi\u201d al I Concorso Internazionale \u201cVincenzo Iannucci\u201d. Dal dicembre 2023 \u00e9 organista della Cattedrale di Oristano<\/p>\n","protected":false},"excerpt":{"rendered":"<p>Concerto di Chiara Cabras e Fabio Frigato &#8211; 13 settembre 2025 Sabato 13 settembre 2025 ore 21 SERRAVALLE SCRIVIA, chiesa parrocchiale CHIARA CABRAS, soprano FABIO FRIGATO, organo Sabato 13 settembre &hellip; <a href=\"https:\/\/www.amicidellorgano.org\/index.php\/event\/concerto-di-chiara-cabras-e-fabio-frigato-13-settembre-2025\/\" class=\"more-link\">Continua la lettura di <span class=\"screen-reader-text\">Concerto di Chiara Cabras e Fabio Frigato &#8211; 13 settembre 2025<\/span> <span class=\"meta-nav\">&rarr;<\/span><\/a><\/p>\n","protected":false},"author":1,"featured_media":0,"template":"","meta":{"_tribe_events_status":"","_tribe_events_status_reason":"","footnotes":""},"tags":[302,292,303,90],"tribe_events_cat":[293],"class_list":["post-2325","tribe_events","type-tribe_events","status-publish","hentry","tag-chiara-cabras","tag-concerti2025","tag-fabio-frigato","tag-serravalle-scrivia","tribe_events_cat-concerti-2025","cat_concerti-2025"],"_links":{"self":[{"href":"https:\/\/www.amicidellorgano.org\/index.php\/wp-json\/wp\/v2\/tribe_events\/2325"}],"collection":[{"href":"https:\/\/www.amicidellorgano.org\/index.php\/wp-json\/wp\/v2\/tribe_events"}],"about":[{"href":"https:\/\/www.amicidellorgano.org\/index.php\/wp-json\/wp\/v2\/types\/tribe_events"}],"author":[{"embeddable":true,"href":"https:\/\/www.amicidellorgano.org\/index.php\/wp-json\/wp\/v2\/users\/1"}],"version-history":[{"count":2,"href":"https:\/\/www.amicidellorgano.org\/index.php\/wp-json\/wp\/v2\/tribe_events\/2325\/revisions"}],"predecessor-version":[{"id":2330,"href":"https:\/\/www.amicidellorgano.org\/index.php\/wp-json\/wp\/v2\/tribe_events\/2325\/revisions\/2330"}],"wp:attachment":[{"href":"https:\/\/www.amicidellorgano.org\/index.php\/wp-json\/wp\/v2\/media?parent=2325"}],"wp:term":[{"taxonomy":"post_tag","embeddable":true,"href":"https:\/\/www.amicidellorgano.org\/index.php\/wp-json\/wp\/v2\/tags?post=2325"},{"taxonomy":"tribe_events_cat","embeddable":true,"href":"https:\/\/www.amicidellorgano.org\/index.php\/wp-json\/wp\/v2\/tribe_events_cat?post=2325"}],"curies":[{"name":"wp","href":"https:\/\/api.w.org\/{rel}","templated":true}]}}

<p><strong>Concerto di Chiara Cabras e Fabio Frigato &#8211; 13 settembre 2025</strong></p>
<p><img loading="lazy" decoding="async" class="aligncenter wp-image-2326 size-large" src="http://www.amicidellorgano.org/wp-content/uploads/concerti2025/Chiara-Cabras-1024x576.jpg" alt="Concerto di Chiara Cabras e Fabio Frigato - 13 settembre 2025" width="474" height="267" /></p>
<p><strong>Sabato 13 settembre 2025 ore 21<br />
SERRAVALLE SCRIVIA, chiesa parrocchiale<br />
CHIARA CABRAS, soprano<br />
FABIO FRIGATO, organo</strong></p>
<p>Sabato 13 settembre ore 21 la Stagione degli Amici dell&#8217;Organo prosegue a SERRAVALLE SCRIVIA nella chiesa parrocchiale con CHIARA CABRAS, soprano, e FABIO FRIGATO al prestigioso grande organo &#8220;Serassi&#8221; in sostituzione di Ugo Spanu, impossibilitato a suonare per motivi di salute.</p>
<p>Il programma subirà alcune variazioni e si articolerà in brani di W. Byrd, J.S. Bach (Matthäus Passion), D. Buxtehude, G. Morandi, A. Stradella, G. Puccini, G.F. Händel.</p>
<p>Chiara Cabras è nata a Sassari nel 1995. Nel 2014 viene ammessa al conservatorio “L. Canepa” di Sassari, nel quale consegue il Diploma Accademico di Primo Livello nel 2019. Ha partecipato a diverse produzioni come artista del coro per l’Ente Luglio Musicale Trapanese e l’Ente Concerti “M. de Carolis” di Sassari: Turandot di G. Puccini (2015), Falstaff di G. Verdi (2016), Madama Butterfly di G. Puccini (2016), Lucia di Lammermoor di G. Donizetti (2016), Aida di G. Verdi (2017), il Campanello di notte di G. Donizetti (2017), la Bohème di G. Puccini (2017), i Carmina Burana (2018).<br />
Nel 2018 debutta nel ruolo di Cecily Cardew in “L’importanza di essere Franco” di M. Castelnuovo-Tedesco, produzione Opera-Studio dell’Ente Luglio Musicale Trapanese. Nella stagione 2019 del medesimo Ente, è Minerva in “Orphée aux Enfers” di J. Offenbach. E’ il soprano solista nel “Gloria” di A. Vivaldi per il concerto di Capodanno 2020 ad Alghero. Nel novembre 2020 è Annina nella “Traviata” di G. Verdi al Teatro Lirico di Cagliari. A gennaio 2023 è Adina nell&#8217; ”Elisir d&#8217;amore” di G. Donizetti al Teatro Comunale di Sassari, produzione del conservatorio “L. Canepa” .</p>
<p>Fabio Frigato inizia lo studio del pianoforte all&#8217;età di 5 anni; sotto la guida di Gianluca Frau inizia a dedicarsi allo studio dell&#8217;organo in adolescenza spaziando dalla musica antica e rinascimentale, al romanticismo e fino alla musica attuale. Nel 2015 vince il secondo premio C. Abbado, a Perugia. Negli anni successivi frequenta masterclass di K. Schnorr, B. Haas, C. Mantoux, G. Bovet, M. Torrent, L. Lohmann, J. Essl, H. Deutsch, J. Laukvik, G.Gnann, E.C. Vianelli. Nel semestre invernale 2016/2017 frequenta il corso di organo nella classe del Prof. B. Haas presso la Hochschule für Musik und Theather München nell&#8217;ambito del progetto Erasmus+. Dopo aver conseguito il diploma accademico di primo livello in organo nel 2018 con il massimo dei voti e la lode nella classe di A. Falcioni e anche con U. Spanu presso il Conservatorio di Musica di Sassari &#8220;L. Canepa&#8221;, successivamente prosegue gli studi il a presso la “Hochschule für Musik und Theater München” con il Prof. B. Haas e nella classe di improvvisazione del Prof. C. Schönfelder,. Tiene concerti nelle cattedrali di Oristano, Alghero, Cagliari, Lucca. Nel 2022 debutta in Spagna con la Polifonica Algherese nello splendido Temple Expiatori de la Sagrada Família, a Barcellona, presentando uno spettacolo musicale basato su “Lo Senyal del Judici”, tradizione medievale che collega la Sardegna al mondo di lingua catalana con il Coro Polifonico Algherese diretto da U. Spanu. Nel 2023 torna a Barcellona a a. Maria de Gracia per replicare con grande successo lo spettacolo dopo una applaudita performance anche a Roma a S. Maria dell’orto. Dal 2014 collabora stabilmente con la Rassegna Internazionale Organistica del Festival del Mediterraneo, tenendo numerosi e frequenti concerti come solista. Nel 2021 suona come organista e continuista nell&#8217;Orchestra del Teatro Lirico di Cagliari, sotto la direzione di Arthur Fagen e Nicolas Altstaedt. Nel 2022 è invitato al “Toscana Organ Fest” di Cortona e nella rassegna “Musica in Cattedrale”, presso il Duomo di Lucca. Dal 2023 accompagna i cantanti Valentina Satta ed Ettore Ágati in una tournée basata sui duetti di C. Monteverdi e sul repertorio di musica antica per organo. Nel 2022 e nel 2024 suona con la corale Rossini il requiem di Fauré nelle cattedrali di Sassari e di Bosa e ha collaborato come continuista col Complesso vocale di Nuoro per la realizzazione di un concerto sulla produzione sacra di Monteverdi. Attualmente studia Clavicembalo nella classe del Prof. L. Feder presso il Conservatorio di Cagliari. Ha recentemente collaborato con “l’Orchestra Sinfonica di Milano G. Verdi” in qualità di organista sotto la direzione di A. Soddy. In aprile 2025 ha vinto il Primo Premio “Inzoli Bonizzi” al I Concorso Internazionale “Vincenzo Iannucci”. Dal dicembre 2023 é organista della Cattedrale di Oristano</p>
