{"id":2314,"date":"2025-09-03T09:50:11","date_gmt":"2025-09-03T07:50:11","guid":{"rendered":"https:\/\/www.amicidellorgano.org\/?post_type=tribe_events&#038;p=2314"},"modified":"2025-09-03T09:51:22","modified_gmt":"2025-09-03T07:51:22","slug":"concerto-di-verena-steffen-e-olivier-eisenmann-7-settembre-2025","status":"publish","type":"tribe_events","link":"https:\/\/www.amicidellorgano.org\/index.php\/event\/concerto-di-verena-steffen-e-olivier-eisenmann-7-settembre-2025\/","title":{"rendered":"Concerto di Verena Steffen e Olivier Eisenmann &#8211; 7 settembre 2025"},"content":{"rendered":"<p><strong>Concerto di Verena Steffen e Olivier Eisenmann &#8211; 7 settembre 2025<\/strong><\/p>\n<p><img loading=\"lazy\" decoding=\"async\" class=\"aligncenter wp-image-2318 size-large\" src=\"http:\/\/www.amicidellorgano.org\/wp-content\/uploads\/concerti2025\/foto-Eisenmann-Steffen-1024x682.jpeg\" alt=\"Concerto di Verena Steffen e Olivier Eisenmann - 7 settembre 2025\" width=\"474\" height=\"316\" \/><\/p>\n<p><strong>Domenica 7 settembre 2025 ore 18<br \/>\nOVADA, Oratorio dell&#8217;Annunziata<br \/>\nVERENA STEFFEN, flauto (Svizzera)<br \/>\nOLIVIER EISENMANN, organo (Svizzera)<br \/>\n<\/strong><\/p>\n<p>La Stagione di concerti sugli organi storici della provincia di Alessandria propone un nuovo appuntamento domenica 7 settembre alle ore 18 nell&#8217;Oratorio dell&#8217;Annunziata di Ovada. Ci sar\u00e0 il gradito ritorno dei musicisti svizzeri VERENA STEFFEN, flauto, ed OLIVIER EISENMANN, organo.<br \/>\nL&#8217;affiatatissimo duo (suonano insieme da pi\u00f9 di quarant&#8217;anni) proporr\u00e0 il seguente programma:<\/p>\n<p>GIROLAMO FRESCOBALDI (1583-1643)<br \/>\nToccata quinta in sol (organo)<br \/>\ndal 2\u00b0 libro delle \u00abToccate e Partite\u00bb (1637)<\/p>\n<p>GEORG PHILIPP TELEMANN (1681-1767)<br \/>\nSonata in Fa maggiore TWV 41:F2<br \/>\nper flauto e organo (Vivace \u2013 Largo \u2013 Allegro)<\/p>\n<p>JOHANN PACHELBEL (1653-1706)<br \/>\nToccata in sol minore (organo)<\/p>\n<p>LEONARDO VINCI (1690-1730)<br \/>\nSonata in Re maggiore (ed. ca. 1750) per flauto e organo<br \/>\n(Adagio \u2013 Allegro \u2013 Largo \u2013 Pastorella \u2013 Presto)<\/p>\n<p>CHRISTOPH WILLIBALD GLUCK (1714-1787)<br \/>\n\u201cDanza degli Spiriti Beati\u201d (1762)<br \/>\ndal 2\u00b0 atto di \u201cOrfeo\u201d, per flauto e organo<\/p>\n<p>LEOPOLD MOZART (1719-1787)<br \/>\n&#8211; La caccia no. 9<br \/>\n&#8211; Minuetto no. 10 (organo)<br \/>\ndai 12 brani di musica per il cornetto della fortezza Hohensalzburg (ed. 1759)<\/p>\n<p>RUNE ELMEHED (1925-2015)<br \/>\nTema e variazioni sul salmo \u201cLa giornata luminosa \u00e8 passata\u201d, per flauto<\/p>\n<p>PAUL HUBER (1918-2001)<br \/>\nToccata sulle campane del duomo di St. Gallen, per organo (1992)<\/p>\n<p>Verena Steffen ha ricevuto la sua formazione musicale al Conservatorio della citt\u00e0 di Lucerna, dove si \u00e8 diplomata alla classe di flauto di Jean Soldan. Dopo ulteriori studi intensivi con Andr\u00e9 Jaunet a Zurigo e Heinrich Keller a Winterthur, ha insegnato per molti anni presso il collegio pedagogica di Lucerna e presso le scuole di musica della citt\u00e0 di Zug e Weggis.<br \/>\nCome flautista conduce una vivace vita concertistica in Svizzera e all&#8217;estero in diverse formazioni di musica da camera e come solista in orchestra. Il suo repertorio flautistico si estende attraverso tutte le epoche stilistiche; si dedica principalmente alla letteratura per flauto e organo, che presenta nelle sue tourn\u00e9e internazionali insieme con il suo partner Olivier Eisenmann. \u00c8 ospite regolare in Germania, Austria, Italia, Polonia, Danimarca, Svezia, Finlandia, Estonia e Lituania, e si \u00e8 esibita in festival internazionali come Roma, Praga, le cattedrali di Tampere, Kuopio, G\u00f6teborg, Montpellier, Salisburgo e le cattedrali di Porto (Portogallo), Bruxelles, Bruges e Chester. Ha suonato anche in Islanda, Belgio, Danimarca, Gran Bretagna, Norvegia, Francia, Spagna, Repubblica Ceca e Slovacchia, in Russia (Mosca, Kazan, Khanty-Mansiysk), Bielorussia e in Australia, Nuova Zelanda, Messico e Stati Uniti (New York, Chicago, Madison, Monroe). Ha al suo attivo registrazioni radiofoniche ed ha inciso diversi LP e CD.<\/p>\n<p>Nato a Zurigo, Olivier Eisenmann ha iniziato lo studio del pianoforte con il padre, il compositore Will Eisenmann, proseguendolo al Conservatorio di Lucerna con Sava Savoff. Contemporaneamente agli studi organistici con Eduard Kaufmann, organista della \u201cHofkirche\u201c di Lucerna, ha seguito lo studio della Storia conseguendo il grado di dottore all`Universita\u0300 di Zurigo. Ha svolto attivita\u0300 concertistica come pianista e poi come organista nelle piu\u0300 importanti citta\u0300 europee.<br \/>\nSi e\u0300 esibito anche in USA (New York, Washington D.C., Boston, Chicago, Memphis, Seattle etc.), Islanda, Australia (Melbourne, Camberra, Sydney), Nuova Zelanda, Messico.<br \/>\nInoltre ha svolto attivita\u0300 solistica in qualita\u0300 di organista in concerti sinfonici con l`Orchestre de la Suisse Romande, la Deutsche Bachorchester Ratzeburg, la Filarmonia statale di Kos\u030cice, la Su\u0308dwestdeutsche Philharmonie, Singapore Symphony Orchestra a Singapore e con diversi altri complessi orchestrali. Ha effettuato numerose registrazioni radio\u2010televisive in Svizzera, Spagna, Svezia, Finlandia, Germania, Austria, Slovenia, Slovacchia, Repubblica Ceca, Ungheria, Polonia, Bielorussia, Russia, Brasile e Singapore, oltre a 22 incisioni discografiche, compresi 10 CD.<br \/>\nPer tanti anni Olivier Eisenmann e\u0300 stato membro direttore dell`Associazione della Musica Contemporanea (Sezione Svizzera Centrale) e professore al Liceo di Zug. Gli sono state affidate conferenze sulla musica d`organo presso diverse accademie e ha tenuto una masterclass al Conservatorio Statale di Musica a Parma. Inoltre pubblica in riviste musicali. Nel 2014 e\u0300 stato insignito dalla sua residenza comunale della \u201cWeggiser Rose\u201c per la sua attivita\u0300 mondiale come concertista e \u201cambasciatore musicale\u201c e 2022 col premio d`onore \u201csciarpa culturale\u201d della citt\u00e0 di Zug per il suo festival \u201cInternationale Zuger Orgeltage\u201d che continua da 40 anni.<\/p>\n","protected":false},"excerpt":{"rendered":"<p>Concerto di Verena Steffen e Olivier Eisenmann &#8211; 7 settembre 2025 Domenica 7 settembre 2025 ore 18 OVADA, Oratorio dell&#8217;Annunziata VERENA STEFFEN, flauto (Svizzera) OLIVIER EISENMANN, organo (Svizzera) La Stagione &hellip; <a href=\"https:\/\/www.amicidellorgano.org\/index.php\/event\/concerto-di-verena-steffen-e-olivier-eisenmann-7-settembre-2025\/\" class=\"more-link\">Continua la lettura di <span class=\"screen-reader-text\">Concerto di Verena Steffen e Olivier Eisenmann &#8211; 7 settembre 2025<\/span> <span class=\"meta-nav\">&rarr;<\/span><\/a><\/p>\n","protected":false},"author":1,"featured_media":0,"template":"","meta":{"_tribe_events_status":"","_tribe_events_status_reason":"","footnotes":""},"tags":[292,129,25,183],"tribe_events_cat":[293],"class_list":["post-2314","tribe_events","type-tribe_events","status-publish","hentry","tag-concerti2025","tag-olivier-eisenmann","tag-ovada","tag-verena-steffen","tribe_events_cat-concerti-2025","cat_concerti-2025"],"_links":{"self":[{"href":"https:\/\/www.amicidellorgano.org\/index.php\/wp-json\/wp\/v2\/tribe_events\/2314"}],"collection":[{"href":"https:\/\/www.amicidellorgano.org\/index.php\/wp-json\/wp\/v2\/tribe_events"}],"about":[{"href":"https:\/\/www.amicidellorgano.org\/index.php\/wp-json\/wp\/v2\/types\/tribe_events"}],"author":[{"embeddable":true,"href":"https:\/\/www.amicidellorgano.org\/index.php\/wp-json\/wp\/v2\/users\/1"}],"version-history":[{"count":4,"href":"https:\/\/www.amicidellorgano.org\/index.php\/wp-json\/wp\/v2\/tribe_events\/2314\/revisions"}],"predecessor-version":[{"id":2319,"href":"https:\/\/www.amicidellorgano.org\/index.php\/wp-json\/wp\/v2\/tribe_events\/2314\/revisions\/2319"}],"wp:attachment":[{"href":"https:\/\/www.amicidellorgano.org\/index.php\/wp-json\/wp\/v2\/media?parent=2314"}],"wp:term":[{"taxonomy":"post_tag","embeddable":true,"href":"https:\/\/www.amicidellorgano.org\/index.php\/wp-json\/wp\/v2\/tags?post=2314"},{"taxonomy":"tribe_events_cat","embeddable":true,"href":"https:\/\/www.amicidellorgano.org\/index.php\/wp-json\/wp\/v2\/tribe_events_cat?post=2314"}],"curies":[{"name":"wp","href":"https:\/\/api.w.org\/{rel}","templated":true}]}}

<p><strong>Concerto di Verena Steffen e Olivier Eisenmann &#8211; 7 settembre 2025</strong></p>
<p><img loading="lazy" decoding="async" class="aligncenter wp-image-2318 size-large" src="http://www.amicidellorgano.org/wp-content/uploads/concerti2025/foto-Eisenmann-Steffen-1024x682.jpeg" alt="Concerto di Verena Steffen e Olivier Eisenmann - 7 settembre 2025" width="474" height="316" /></p>
<p><strong>Domenica 7 settembre 2025 ore 18<br />
OVADA, Oratorio dell&#8217;Annunziata<br />
VERENA STEFFEN, flauto (Svizzera)<br />
OLIVIER EISENMANN, organo (Svizzera)<br />
</strong></p>
<p>La Stagione di concerti sugli organi storici della provincia di Alessandria propone un nuovo appuntamento domenica 7 settembre alle ore 18 nell&#8217;Oratorio dell&#8217;Annunziata di Ovada. Ci sarà il gradito ritorno dei musicisti svizzeri VERENA STEFFEN, flauto, ed OLIVIER EISENMANN, organo.<br />
L&#8217;affiatatissimo duo (suonano insieme da più di quarant&#8217;anni) proporrà il seguente programma:</p>
<p>GIROLAMO FRESCOBALDI (1583-1643)<br />
Toccata quinta in sol (organo)<br />
dal 2° libro delle «Toccate e Partite» (1637)</p>
<p>GEORG PHILIPP TELEMANN (1681-1767)<br />
Sonata in Fa maggiore TWV 41:F2<br />
per flauto e organo (Vivace – Largo – Allegro)</p>
<p>JOHANN PACHELBEL (1653-1706)<br />
Toccata in sol minore (organo)</p>
<p>LEONARDO VINCI (1690-1730)<br />
Sonata in Re maggiore (ed. ca. 1750) per flauto e organo<br />
(Adagio – Allegro – Largo – Pastorella – Presto)</p>
<p>CHRISTOPH WILLIBALD GLUCK (1714-1787)<br />
“Danza degli Spiriti Beati” (1762)<br />
dal 2° atto di “Orfeo”, per flauto e organo</p>
<p>LEOPOLD MOZART (1719-1787)<br />
&#8211; La caccia no. 9<br />
&#8211; Minuetto no. 10 (organo)<br />
dai 12 brani di musica per il cornetto della fortezza Hohensalzburg (ed. 1759)</p>
<p>RUNE ELMEHED (1925-2015)<br />
Tema e variazioni sul salmo “La giornata luminosa è passata”, per flauto</p>
<p>PAUL HUBER (1918-2001)<br />
Toccata sulle campane del duomo di St. Gallen, per organo (1992)</p>
<p>Verena Steffen ha ricevuto la sua formazione musicale al Conservatorio della città di Lucerna, dove si è diplomata alla classe di flauto di Jean Soldan. Dopo ulteriori studi intensivi con André Jaunet a Zurigo e Heinrich Keller a Winterthur, ha insegnato per molti anni presso il collegio pedagogica di Lucerna e presso le scuole di musica della città di Zug e Weggis.<br />
Come flautista conduce una vivace vita concertistica in Svizzera e all&#8217;estero in diverse formazioni di musica da camera e come solista in orchestra. Il suo repertorio flautistico si estende attraverso tutte le epoche stilistiche; si dedica principalmente alla letteratura per flauto e organo, che presenta nelle sue tournée internazionali insieme con il suo partner Olivier Eisenmann. È ospite regolare in Germania, Austria, Italia, Polonia, Danimarca, Svezia, Finlandia, Estonia e Lituania, e si è esibita in festival internazionali come Roma, Praga, le cattedrali di Tampere, Kuopio, Göteborg, Montpellier, Salisburgo e le cattedrali di Porto (Portogallo), Bruxelles, Bruges e Chester. Ha suonato anche in Islanda, Belgio, Danimarca, Gran Bretagna, Norvegia, Francia, Spagna, Repubblica Ceca e Slovacchia, in Russia (Mosca, Kazan, Khanty-Mansiysk), Bielorussia e in Australia, Nuova Zelanda, Messico e Stati Uniti (New York, Chicago, Madison, Monroe). Ha al suo attivo registrazioni radiofoniche ed ha inciso diversi LP e CD.</p>
<p>Nato a Zurigo, Olivier Eisenmann ha iniziato lo studio del pianoforte con il padre, il compositore Will Eisenmann, proseguendolo al Conservatorio di Lucerna con Sava Savoff. Contemporaneamente agli studi organistici con Eduard Kaufmann, organista della “Hofkirche“ di Lucerna, ha seguito lo studio della Storia conseguendo il grado di dottore all`Università di Zurigo. Ha svolto attività concertistica come pianista e poi come organista nelle più importanti città europee.<br />
Si è esibito anche in USA (New York, Washington D.C., Boston, Chicago, Memphis, Seattle etc.), Islanda, Australia (Melbourne, Camberra, Sydney), Nuova Zelanda, Messico.<br />
Inoltre ha svolto attività solistica in qualità di organista in concerti sinfonici con l`Orchestre de la Suisse Romande, la Deutsche Bachorchester Ratzeburg, la Filarmonia statale di Košice, la Südwestdeutsche Philharmonie, Singapore Symphony Orchestra a Singapore e con diversi altri complessi orchestrali. Ha effettuato numerose registrazioni radio‐televisive in Svizzera, Spagna, Svezia, Finlandia, Germania, Austria, Slovenia, Slovacchia, Repubblica Ceca, Ungheria, Polonia, Bielorussia, Russia, Brasile e Singapore, oltre a 22 incisioni discografiche, compresi 10 CD.<br />
Per tanti anni Olivier Eisenmann è stato membro direttore dell`Associazione della Musica Contemporanea (Sezione Svizzera Centrale) e professore al Liceo di Zug. Gli sono state affidate conferenze sulla musica d`organo presso diverse accademie e ha tenuto una masterclass al Conservatorio Statale di Musica a Parma. Inoltre pubblica in riviste musicali. Nel 2014 è stato insignito dalla sua residenza comunale della “Weggiser Rose“ per la sua attività mondiale come concertista e “ambasciatore musicale“ e 2022 col premio d`onore “sciarpa culturale” della città di Zug per il suo festival “Internationale Zuger Orgeltage” che continua da 40 anni.</p>
