{"id":2275,"date":"2025-08-04T10:35:45","date_gmt":"2025-08-04T08:35:45","guid":{"rendered":"https:\/\/www.amicidellorgano.org\/?post_type=tribe_events&#038;p=2275"},"modified":"2025-08-04T10:35:58","modified_gmt":"2025-08-04T08:35:58","slug":"concerto-di-paolo-oreni-6-agosto-2025","status":"publish","type":"tribe_events","link":"https:\/\/www.amicidellorgano.org\/index.php\/event\/concerto-di-paolo-oreni-6-agosto-2025\/","title":{"rendered":"Concerto di Paolo Oreni &#8211; 6 agosto 2025"},"content":{"rendered":"<p><strong>Concerto di Paolo Oreni &#8211; 6 agosto 2025<\/strong><\/p>\n<p><img loading=\"lazy\" decoding=\"async\" class=\"aligncenter wp-image-2277 size-large\" src=\"http:\/\/www.amicidellorgano.org\/wp-content\/uploads\/concerti2025\/Oreni-scaled-e1641900126240-1024x683.jpg\" alt=\"Concerto di Paolo Oreni - 6 agosto 2025\" width=\"474\" height=\"316\" \/><\/p>\n<p><strong>Mercoled\u00ec 6 agosto 2025 ore 20.30<\/strong><br \/>\n<strong>ARQUATA SCRIVIA, chiesa parrocchiale<\/strong><br \/>\n<strong>PAOLO ORENI, organo<\/strong><br \/>\n<strong>\u2010 Improvvisazione sul film \u201cLa Vie et la Passion de Jesus\u2010Christ\u201d (1903)<\/strong><br \/>\n<strong>\u2010 Improvvisazione sul tema del Giubileo 2025<\/strong><\/p>\n<p><strong>PAOLO ORENI<\/strong><br \/>\nDefinito dal S\u00fcddeutsche Zeitung \u00abGiovane artista italiano pieno di promesse e di talenti geniali, un miracolo di tecnica con una precisione fenomenale che cerca ancora un suo eguale\u00bb, Paolo Oreni nasce a Treviglio nel 1979 e inizia a undici anni lo studio dell\u2019organo e della composizione organistica con il Maestro G. W. Zaramella, presso l&#8217;Istituto Pareggiato &#8220;Gaetano Donizetti&#8221; di Bergamo. Grazie alle borse di studio conferitegli dal Ministero della Cultura di Lussemburgo, dal Comune e dalla Banca di Credito Cooperativo di Treviglio, prosegue dal 2000 i suoi studi musicali al Conservatorio Nazionale di Lussemburgo, dove nel 2002 ottiene il primo premio al concorso internazionale &#8220;Prix Interr\u00e9gional\u2010Dipl\u00f4me de Concert&#8221;, prestigioso diploma mitteleuropeo. Beneficia inoltre dei preziosi consigli di diversi Maestri di fama internazionale, in particolare Jean\u2010Paul Imbert e Lydia Baldecchi Arcuri, con la quale approfondisce parallelamente il repertorio pianistico. Decisivo per la sua formazione \u00e8 l\u2019incontro col Maestro Jean Guillou durante le numerose Masterclasses ai grandi organi della Tonhalle a Zurigo e della Chiesa di St. Eustache a Parigi (Stiftung f\u00fcr Internationale Meisterkurse f\u00fcr Musik). Vincitore di vari concorsi internazionali, nel Giugno 2004 risulta finalista e vincitore di una Menzione al Concorso Internazionale &#8220;Ville de Paris&#8221;, a cui hanno partecipato 60 organisti da tutto il mondo. Ha suonato in duo con prime parti soliste dell&#8217;Orchestra Filarmonica del Teatro alla Scala di Milano, in formazioni da camera e con orchestra sinfonica (Orchestra Stabile Gaetano Donizetti di Bergamo, Orchestra Sinfonica \u201claVerdi\u201d di Milano, Jeune Orchestre de Paris, Orchestra Haydn di Bolzano, Symphonisches Orchester Z\u00fcrich, Bochumer Symphoniker, Wiesbadener Sinfonieorchester&#8230;) e continua un&#8217;intensa carriera concertistica, che lo porta a suonare regolarmente in alcuni fra i pi\u00f9 prestigiosi Festival musicali ed organistici internazionali in Italia, Francia, Lussemburgo, Belgio, Germania, Austria, Olanda, Inghilterra, Danimarca, Svezia, Spagna, Portogallo, Finlandia, Norvegia, Albania, Israele, Polonia, Romania, Malta, Cecoslovacchia, Isole Canarie.<br \/>\nHa inciso per la casa discografica francese Fugatto all\u2019organo Bossi di Cremolino, per l\u2019etichetta tedesca ORGANpromotion all\u2019organo Rieger di Reutlingen, e per il Comune di Salorno in Alto\u2010Adige all\u2019organo Pirchner. Numerosi concerti sono stati registrati e trasmessi da emittenti radiofoniche europee, tra cui la celebre Bayerischer Rundfunk di M\u00fcnchen. Dal 2006 \u00e8 regolarmente invitato a tenere Masterclasses sull\u2019improvvisazione e il repertorio organistico da Bach ai contemporanei per la Diocesi di Monaco di Baviera, nella prestigiosa Basilica di Ottobeuren, alla celebre Accademia Internazionale del Duomo di Altenberg e in varie citt\u00e0 tedesche come Weiden in der Oberpflalz. Inoltre \u00e8 spesso chiamato a far parte di giurie in concorsi nazionali e internazionali. Come organologo si occupa della progettazione di organi a canne di moderna concezione, in collaborazione con diverse ditte organarie europee, insieme alle quali sono stati realizzati strumenti per la Chiesa di Santa Anastasia a Villasanta (Monza), per la chiesa di Santa Maria delle Grazie al Naviglio (Milano) e per la Chiesa della Confraternita di Santa Caterina d&#8217;Alessandria (Patern\u00f2). Ha inoltre ideato il suo organo a canne da concerto (denominato &#8220;Wanderer&#8221;) che \u00e8 attualmente il pi\u00f9 grande organo mobile esistente.<\/p>\n","protected":false},"excerpt":{"rendered":"<p>Concerto di Paolo Oreni &#8211; 6 agosto 2025 Mercoled\u00ec 6 agosto 2025 ore 20.30 ARQUATA SCRIVIA, chiesa parrocchiale PAOLO ORENI, organo \u2010 Improvvisazione sul film \u201cLa Vie et la Passion &hellip; <a href=\"https:\/\/www.amicidellorgano.org\/index.php\/event\/concerto-di-paolo-oreni-6-agosto-2025\/\" class=\"more-link\">Continua la lettura di <span class=\"screen-reader-text\">Concerto di Paolo Oreni &#8211; 6 agosto 2025<\/span> <span class=\"meta-nav\">&rarr;<\/span><\/a><\/p>\n","protected":false},"author":1,"featured_media":0,"template":"","meta":{"_tribe_events_status":"","_tribe_events_status_reason":"","footnotes":""},"tags":[173,292,296],"tribe_events_cat":[293],"class_list":["post-2275","tribe_events","type-tribe_events","status-publish","hentry","tag-arquata-scrivia","tag-concerti2025","tag-paolo-oreni","tribe_events_cat-concerti-2025","cat_concerti-2025"],"_links":{"self":[{"href":"https:\/\/www.amicidellorgano.org\/index.php\/wp-json\/wp\/v2\/tribe_events\/2275"}],"collection":[{"href":"https:\/\/www.amicidellorgano.org\/index.php\/wp-json\/wp\/v2\/tribe_events"}],"about":[{"href":"https:\/\/www.amicidellorgano.org\/index.php\/wp-json\/wp\/v2\/types\/tribe_events"}],"author":[{"embeddable":true,"href":"https:\/\/www.amicidellorgano.org\/index.php\/wp-json\/wp\/v2\/users\/1"}],"version-history":[{"count":3,"href":"https:\/\/www.amicidellorgano.org\/index.php\/wp-json\/wp\/v2\/tribe_events\/2275\/revisions"}],"predecessor-version":[{"id":2279,"href":"https:\/\/www.amicidellorgano.org\/index.php\/wp-json\/wp\/v2\/tribe_events\/2275\/revisions\/2279"}],"wp:attachment":[{"href":"https:\/\/www.amicidellorgano.org\/index.php\/wp-json\/wp\/v2\/media?parent=2275"}],"wp:term":[{"taxonomy":"post_tag","embeddable":true,"href":"https:\/\/www.amicidellorgano.org\/index.php\/wp-json\/wp\/v2\/tags?post=2275"},{"taxonomy":"tribe_events_cat","embeddable":true,"href":"https:\/\/www.amicidellorgano.org\/index.php\/wp-json\/wp\/v2\/tribe_events_cat?post=2275"}],"curies":[{"name":"wp","href":"https:\/\/api.w.org\/{rel}","templated":true}]}}

<p><strong>Concerto di Paolo Oreni &#8211; 6 agosto 2025</strong></p>
<p><img loading="lazy" decoding="async" class="aligncenter wp-image-2277 size-large" src="http://www.amicidellorgano.org/wp-content/uploads/concerti2025/Oreni-scaled-e1641900126240-1024x683.jpg" alt="Concerto di Paolo Oreni - 6 agosto 2025" width="474" height="316" /></p>
<p><strong>Mercoledì 6 agosto 2025 ore 20.30</strong><br />
<strong>ARQUATA SCRIVIA, chiesa parrocchiale</strong><br />
<strong>PAOLO ORENI, organo</strong><br />
<strong>‐ Improvvisazione sul film “La Vie et la Passion de Jesus‐Christ” (1903)</strong><br />
<strong>‐ Improvvisazione sul tema del Giubileo 2025</strong></p>
<p><strong>PAOLO ORENI</strong><br />
Definito dal Süddeutsche Zeitung «Giovane artista italiano pieno di promesse e di talenti geniali, un miracolo di tecnica con una precisione fenomenale che cerca ancora un suo eguale», Paolo Oreni nasce a Treviglio nel 1979 e inizia a undici anni lo studio dell’organo e della composizione organistica con il Maestro G. W. Zaramella, presso l&#8217;Istituto Pareggiato &#8220;Gaetano Donizetti&#8221; di Bergamo. Grazie alle borse di studio conferitegli dal Ministero della Cultura di Lussemburgo, dal Comune e dalla Banca di Credito Cooperativo di Treviglio, prosegue dal 2000 i suoi studi musicali al Conservatorio Nazionale di Lussemburgo, dove nel 2002 ottiene il primo premio al concorso internazionale &#8220;Prix Interrégional‐Diplôme de Concert&#8221;, prestigioso diploma mitteleuropeo. Beneficia inoltre dei preziosi consigli di diversi Maestri di fama internazionale, in particolare Jean‐Paul Imbert e Lydia Baldecchi Arcuri, con la quale approfondisce parallelamente il repertorio pianistico. Decisivo per la sua formazione è l’incontro col Maestro Jean Guillou durante le numerose Masterclasses ai grandi organi della Tonhalle a Zurigo e della Chiesa di St. Eustache a Parigi (Stiftung für Internationale Meisterkurse für Musik). Vincitore di vari concorsi internazionali, nel Giugno 2004 risulta finalista e vincitore di una Menzione al Concorso Internazionale &#8220;Ville de Paris&#8221;, a cui hanno partecipato 60 organisti da tutto il mondo. Ha suonato in duo con prime parti soliste dell&#8217;Orchestra Filarmonica del Teatro alla Scala di Milano, in formazioni da camera e con orchestra sinfonica (Orchestra Stabile Gaetano Donizetti di Bergamo, Orchestra Sinfonica “laVerdi” di Milano, Jeune Orchestre de Paris, Orchestra Haydn di Bolzano, Symphonisches Orchester Zürich, Bochumer Symphoniker, Wiesbadener Sinfonieorchester&#8230;) e continua un&#8217;intensa carriera concertistica, che lo porta a suonare regolarmente in alcuni fra i più prestigiosi Festival musicali ed organistici internazionali in Italia, Francia, Lussemburgo, Belgio, Germania, Austria, Olanda, Inghilterra, Danimarca, Svezia, Spagna, Portogallo, Finlandia, Norvegia, Albania, Israele, Polonia, Romania, Malta, Cecoslovacchia, Isole Canarie.<br />
Ha inciso per la casa discografica francese Fugatto all’organo Bossi di Cremolino, per l’etichetta tedesca ORGANpromotion all’organo Rieger di Reutlingen, e per il Comune di Salorno in Alto‐Adige all’organo Pirchner. Numerosi concerti sono stati registrati e trasmessi da emittenti radiofoniche europee, tra cui la celebre Bayerischer Rundfunk di München. Dal 2006 è regolarmente invitato a tenere Masterclasses sull’improvvisazione e il repertorio organistico da Bach ai contemporanei per la Diocesi di Monaco di Baviera, nella prestigiosa Basilica di Ottobeuren, alla celebre Accademia Internazionale del Duomo di Altenberg e in varie città tedesche come Weiden in der Oberpflalz. Inoltre è spesso chiamato a far parte di giurie in concorsi nazionali e internazionali. Come organologo si occupa della progettazione di organi a canne di moderna concezione, in collaborazione con diverse ditte organarie europee, insieme alle quali sono stati realizzati strumenti per la Chiesa di Santa Anastasia a Villasanta (Monza), per la chiesa di Santa Maria delle Grazie al Naviglio (Milano) e per la Chiesa della Confraternita di Santa Caterina d&#8217;Alessandria (Paternò). Ha inoltre ideato il suo organo a canne da concerto (denominato &#8220;Wanderer&#8221;) che è attualmente il più grande organo mobile esistente.</p>

<p>Concerto di Paolo Oreni &#8211; 6 agosto 2025 Mercoledì 6 agosto 2025 ore 20.30 ARQUATA SCRIVIA, chiesa parrocchiale PAOLO ORENI, organo ‐ Improvvisazione sul film “La Vie et la Passion &hellip; <a href="https://www.amicidellorgano.org/index.php/event/concerto-di-paolo-oreni-6-agosto-2025/" class="more-link">Continua la lettura di <span class="screen-reader-text">Concerto di Paolo Oreni &#8211; 6 agosto 2025</span> <span class="meta-nav">&rarr;</span></a></p>
