{"id":2269,"date":"2025-08-01T14:09:36","date_gmt":"2025-08-01T12:09:36","guid":{"rendered":"https:\/\/www.amicidellorgano.org\/?post_type=tribe_events&#038;p=2269"},"modified":"2025-08-01T14:10:02","modified_gmt":"2025-08-01T12:10:02","slug":"concerto-di-johannes-skudlik-3-agosto-2025","status":"publish","type":"tribe_events","link":"https:\/\/www.amicidellorgano.org\/index.php\/event\/concerto-di-johannes-skudlik-3-agosto-2025\/","title":{"rendered":"Concerto di Johannes Skudlik &#8211; 3 agosto 2025"},"content":{"rendered":"<p><strong>Concerto di Johannes Skudlik &#8211; 3 agosto 2025<\/strong><\/p>\n<p><img loading=\"lazy\" decoding=\"async\" class=\"aligncenter wp-image-2270 size-large\" src=\"http:\/\/www.amicidellorgano.org\/wp-content\/uploads\/concerti2025\/Johannes-Skudlik-1024x576.jpg\" alt=\"Concerto di Johannes Skudlik - 3 agosto 2025\" width=\"474\" height=\"267\" \/><\/p>\n<p><strong>Domenica 3 agosto 2025 ore 17<\/strong><br \/>\n<strong>OTTIGLIO, chiesa parrocchiale<\/strong><br \/>\n<strong>JOHANNES SKUDLIK, organo (Germania)<\/strong><\/p>\n<p><strong>Programma<br \/>\n<\/strong>JOHANN SEBASTIAN BACH (1685-1750)<br \/>\nFantasie und Fuge a-moll BWV 561<\/p>\n<p>JOSEPH HAYDN (1732-1809)<br \/>\n4 Fl\u00f6tenuhrst\u00fccke<br \/>\n(Andante, Presto, Allegro, Marche)<\/p>\n<p>JOHANN KASPAR KERLL (1627-1693)<br \/>\nPassacaglia d-moll<\/p>\n<p>CARL PHILIPP EMANUEL BACH (1714-1788)<br \/>\nSonate a-moll Wq 70,4<\/p>\n<p>JOHANN SEBASTIAN BACH (1685-1750)<br \/>\nConcerto Italiano BWV 971<br \/>\n(Allegro, Andante, Presto)<\/p>\n<p><strong>JOHANNES SKUDLIK<\/strong><br \/>\n\u00c8 un direttore d&#8217;orchestra internazionale.<br \/>\nNato a Monaco di Baviera e cresciuto a Barcel<br \/>\nlona ha diretto importanti orchestre sinfoniche (tra cui l&#8217;Orchestra of the Age of Enlightenment di Londra, la Sinfonica di Praga, l&#8217;Orchestra Sinfonica degli Urali, l&#8217;Orchestra Sinfonica Nazionale dell&#8217;Ucraina, l&#8217;Orchestra della Radio di Monaco di Baviera, membri della Filarmonica di Berlino e dell&#8217;Orchestra Sinfonica della Radio Bavarese) e ha diretto in importanti sale da concerto come la Philharmonie di Berlino e l&#8217;Elbphilharmonie di Amburgo, Shanghai Cultural Square, a Parigi, Mosca, San Pietroburgo, Neuschwanstein, al Teatro La Fenice di Venezia e, pi\u00f9 recentemente, alla Sagrada Familia di Barcellona.<br \/>\nLe sinfonie di Mahler e Bruckner, Tschaikowski e Berlioz (ad esempio la Sinfonia alpina di Strauss), cos\u00ec come quelle del periodo classico viennese e le sinfonie corali, costituiscono il repertorio principale di Skudlik. Dal 2016, Johannes Skudlik \u00e8 direttore ospite principale dell&#8217;orchestra Symphony Prague.<br \/>\nTiene regolarmente corsi di perfezionamento presso importanti istituzioni didattiche come l&#8217;Istituto Gnessin di Mosca, il Conservatorio Rimsky Korsakov di San Pietroburgo, l\u2019Universit\u00e0 di Wuhan Cina, Valencia Conservatorio superior nonch\u00e9 in Sardegna e in Sicilia.<br \/>\nCome organista da concerto, Skudlik ha suonato organi famosi in Europa, America ed Estremo Oriente (tra cui Notre Dame Paris, Hongkong Concert Hall, Frauenkirche Dresden, Cattedrale di Colonia, Suntory Hall e Opera City Tokyo, Universit\u00e0 di Harvard, Sinagoga di New York, Cattedrale di Vienna, Cattedrale di Westminster). Pi\u00f9 di 30 CD e produzioni radiofoniche e televisive per ARTE, BR, RAI 3 documentano il suo lavoro.<br \/>\nJohannes Skudlik \u00e8 il fondatore e direttore artistico del &#8220;Bayerischer Orgelsommer&#8221; e dell&#8217; \u201cEuro Via Festival&#8221;, che concepisce e realizza progetti transfrontalieri in 10 nazioni. Dopo il suo debutto nel Teatro La Fenice a Venezia nel 2023 \u00e8 stato nominato direttore concertatore per una tourn\u00e9e in 16 citt\u00e0 della Cina.<\/p>\n","protected":false},"excerpt":{"rendered":"<p>Concerto di Johannes Skudlik &#8211; 3 agosto 2025 Domenica 3 agosto 2025 ore 17 OTTIGLIO, chiesa parrocchiale JOHANNES SKUDLIK, organo (Germania) Programma JOHANN SEBASTIAN BACH (1685-1750) Fantasie und Fuge a-moll &hellip; <a href=\"https:\/\/www.amicidellorgano.org\/index.php\/event\/concerto-di-johannes-skudlik-3-agosto-2025\/\" class=\"more-link\">Continua la lettura di <span class=\"screen-reader-text\">Concerto di Johannes Skudlik &#8211; 3 agosto 2025<\/span> <span class=\"meta-nav\">&rarr;<\/span><\/a><\/p>\n","protected":false},"author":1,"featured_media":0,"template":"","meta":{"_tribe_events_status":"","_tribe_events_status_reason":"","footnotes":""},"tags":[292,109,274],"tribe_events_cat":[293],"class_list":["post-2269","tribe_events","type-tribe_events","status-publish","hentry","tag-concerti2025","tag-johannes-skudlik","tag-ottiglio","tribe_events_cat-concerti-2025","cat_concerti-2025"],"_links":{"self":[{"href":"https:\/\/www.amicidellorgano.org\/index.php\/wp-json\/wp\/v2\/tribe_events\/2269"}],"collection":[{"href":"https:\/\/www.amicidellorgano.org\/index.php\/wp-json\/wp\/v2\/tribe_events"}],"about":[{"href":"https:\/\/www.amicidellorgano.org\/index.php\/wp-json\/wp\/v2\/types\/tribe_events"}],"author":[{"embeddable":true,"href":"https:\/\/www.amicidellorgano.org\/index.php\/wp-json\/wp\/v2\/users\/1"}],"version-history":[{"count":2,"href":"https:\/\/www.amicidellorgano.org\/index.php\/wp-json\/wp\/v2\/tribe_events\/2269\/revisions"}],"predecessor-version":[{"id":2272,"href":"https:\/\/www.amicidellorgano.org\/index.php\/wp-json\/wp\/v2\/tribe_events\/2269\/revisions\/2272"}],"wp:attachment":[{"href":"https:\/\/www.amicidellorgano.org\/index.php\/wp-json\/wp\/v2\/media?parent=2269"}],"wp:term":[{"taxonomy":"post_tag","embeddable":true,"href":"https:\/\/www.amicidellorgano.org\/index.php\/wp-json\/wp\/v2\/tags?post=2269"},{"taxonomy":"tribe_events_cat","embeddable":true,"href":"https:\/\/www.amicidellorgano.org\/index.php\/wp-json\/wp\/v2\/tribe_events_cat?post=2269"}],"curies":[{"name":"wp","href":"https:\/\/api.w.org\/{rel}","templated":true}]}}

<p><strong>Concerto di Johannes Skudlik &#8211; 3 agosto 2025</strong></p>
<p><img loading="lazy" decoding="async" class="aligncenter wp-image-2270 size-large" src="http://www.amicidellorgano.org/wp-content/uploads/concerti2025/Johannes-Skudlik-1024x576.jpg" alt="Concerto di Johannes Skudlik - 3 agosto 2025" width="474" height="267" /></p>
<p><strong>Domenica 3 agosto 2025 ore 17</strong><br />
<strong>OTTIGLIO, chiesa parrocchiale</strong><br />
<strong>JOHANNES SKUDLIK, organo (Germania)</strong></p>
<p><strong>Programma<br />
</strong>JOHANN SEBASTIAN BACH (1685-1750)<br />
Fantasie und Fuge a-moll BWV 561</p>
<p>JOSEPH HAYDN (1732-1809)<br />
4 Flötenuhrstücke<br />
(Andante, Presto, Allegro, Marche)</p>
<p>JOHANN KASPAR KERLL (1627-1693)<br />
Passacaglia d-moll</p>
<p>CARL PHILIPP EMANUEL BACH (1714-1788)<br />
Sonate a-moll Wq 70,4</p>
<p>JOHANN SEBASTIAN BACH (1685-1750)<br />
Concerto Italiano BWV 971<br />
(Allegro, Andante, Presto)</p>
<p><strong>JOHANNES SKUDLIK</strong><br />
È un direttore d&#8217;orchestra internazionale.<br />
Nato a Monaco di Baviera e cresciuto a Barcel<br />
lona ha diretto importanti orchestre sinfoniche (tra cui l&#8217;Orchestra of the Age of Enlightenment di Londra, la Sinfonica di Praga, l&#8217;Orchestra Sinfonica degli Urali, l&#8217;Orchestra Sinfonica Nazionale dell&#8217;Ucraina, l&#8217;Orchestra della Radio di Monaco di Baviera, membri della Filarmonica di Berlino e dell&#8217;Orchestra Sinfonica della Radio Bavarese) e ha diretto in importanti sale da concerto come la Philharmonie di Berlino e l&#8217;Elbphilharmonie di Amburgo, Shanghai Cultural Square, a Parigi, Mosca, San Pietroburgo, Neuschwanstein, al Teatro La Fenice di Venezia e, più recentemente, alla Sagrada Familia di Barcellona.<br />
Le sinfonie di Mahler e Bruckner, Tschaikowski e Berlioz (ad esempio la Sinfonia alpina di Strauss), così come quelle del periodo classico viennese e le sinfonie corali, costituiscono il repertorio principale di Skudlik. Dal 2016, Johannes Skudlik è direttore ospite principale dell&#8217;orchestra Symphony Prague.<br />
Tiene regolarmente corsi di perfezionamento presso importanti istituzioni didattiche come l&#8217;Istituto Gnessin di Mosca, il Conservatorio Rimsky Korsakov di San Pietroburgo, l’Università di Wuhan Cina, Valencia Conservatorio superior nonché in Sardegna e in Sicilia.<br />
Come organista da concerto, Skudlik ha suonato organi famosi in Europa, America ed Estremo Oriente (tra cui Notre Dame Paris, Hongkong Concert Hall, Frauenkirche Dresden, Cattedrale di Colonia, Suntory Hall e Opera City Tokyo, Università di Harvard, Sinagoga di New York, Cattedrale di Vienna, Cattedrale di Westminster). Più di 30 CD e produzioni radiofoniche e televisive per ARTE, BR, RAI 3 documentano il suo lavoro.<br />
Johannes Skudlik è il fondatore e direttore artistico del &#8220;Bayerischer Orgelsommer&#8221; e dell&#8217; “Euro Via Festival&#8221;, che concepisce e realizza progetti transfrontalieri in 10 nazioni. Dopo il suo debutto nel Teatro La Fenice a Venezia nel 2023 è stato nominato direttore concertatore per una tournée in 16 città della Cina.</p>
