{"id":2105,"date":"2024-07-29T14:47:02","date_gmt":"2024-07-29T12:47:02","guid":{"rendered":"https:\/\/www.amicidellorgano.org\/?post_type=tribe_events&#038;p=2105"},"modified":"2024-07-29T14:47:29","modified_gmt":"2024-07-29T12:47:29","slug":"concerto-mario-valsecchi-4-agosto-2024","status":"publish","type":"tribe_events","link":"https:\/\/www.amicidellorgano.org\/index.php\/event\/concerto-mario-valsecchi-4-agosto-2024\/","title":{"rendered":"Concerto Mario Valsecchi &#8211; 4 agosto 2024"},"content":{"rendered":"<p><strong>Concerto Mario Valsecchi &#8211; 4 agosto 2024<\/strong><\/p>\n<p><img loading=\"lazy\" decoding=\"async\" class=\"aligncenter wp-image-2111 size-large\" src=\"http:\/\/www.amicidellorgano.org\/wp-content\/uploads\/concerti2024\/mario-valsecchi-1024x680.jpg\" alt=\"Concerto Mario Valsecchi - 4 agosto 2024\" width=\"474\" height=\"315\" \/><\/p>\n<p>&nbsp;<\/p>\n<p><strong>Domenica 4 agosto 2024 ore 17<\/strong><br \/>\n<strong>OTTIGLIO, chiesa parrocchiale<\/strong><br \/>\n<strong>MARIO VALSECCHI, organo<\/strong><\/p>\n<p>La Stagione di concerti sugli organi storici della provincia di Alessandria far\u00e0 tappa per la prima volta domenica 4 agosto nella chiesa parrocchiale di Ottiglio, dove alle ore 17 il maestro MARIO VALSECCHI proporr\u00e0 ai presenti il grande organo &#8220;Franzetti&#8221; del 1863 recentemente restaurato dalla Bottega Organara Italo Marzi.<br \/>\nIl programma \u00e8 stato concepito per mettere in evidenza tutte le possibilit\u00e0 di repertorio che questo splendido strumento offre all&#8217;esecutore. Non solo musica dell&#8217;Ottocento italiano quindi, ma anche brani di epoca precedente ed un ampio excursus nella produzione di Johann Sebastian Bach, a riprova di come non sia affatto vero che sugli strumenti di quel periodo si possa eseguire solo brani in stile operistico.<\/p>\n<p><strong>Programma<\/strong><\/p>\n<p>BALDASSARE GALUPPI (1706 &#8211; 1785)<br \/>\nSonata in Sol<br \/>\n(Andante?) &#8211; Allegro<\/p>\n<p>ANONIMO PISTOIESE (sec. XVIII)<br \/>\nElevazione<br \/>\n(Adagio)<br \/>\nFuga<br \/>\n(Allegro?)<\/p>\n<p>FORTUNATO CHELLERI (1690 &#8211; 1757)<br \/>\nSonata in Mi<br \/>\n(Allegro?) &#8211; (Andante?) &#8211; Presto<\/p>\n<p>Giovanni Battista Pescetti (1704? &#8211; 1766)<br \/>\nSonata in Do<br \/>\n(Allegro ma non presto &#8211; Moderato &#8211; Presto)<\/p>\n<p>Johann Sebastian Bach (1685 &#8211; 1750)<br \/>\n\u201cAch, was soll ich S\u00fcnder machen\u201d BWV 770,<br \/>\nPARTITE DIVERSE SOPRA IL CORALE<br \/>\n\u201cNun komm\u2019 der Heiden Heiland\u201d BWV 659 A 2 Clav. et Ped<br \/>\n\u201cJesu, meine Freude\u201d BWV 713<br \/>\nFantasia, manualiter<br \/>\nFantasia (Concerto) BWV 571<\/p>\n<p>Giovanni Morandi (1777 &#8211; 1856)<br \/>\nSinfonia per Organo<br \/>\nAndante, Maestoso &#8211; Allegro con brio<\/p>\n<p>Giuseppe Galimberti (1851 &#8211; 1909)<br \/>\nSinfonia Op. 57<br \/>\nAndante Maestoso &#8211; Allegro brillante<\/p>\n<p>Carlo Fumagalli (1822 &#8211; 1907)<br \/>\nSinfonia dopo la Messa Op. 92<br \/>\n(Andante maestoso &#8211; Allegro)<\/p>\n<p>MARIO VALSECHI<br \/>\nOrganista e direttore, \u00e8 stato titolare dello strumento della chiesa Arcipresbiterale di Calolziocorte (LC) (Organo Serassi 1795 \/ Balbiani Vegezzi Bossi 1936) fino all\u2019ottobre 2019.<br \/>\nOra \u00e8 organista presso la chiesa parrocchiale di San Germano in Ottiglio (AL) sull\u2019organo Giovanni Franzetti e figli del 1863, recentemente restaurato.<br \/>\nE\u2019 stato direttore artistico e musicale dell\u2019Orchestra da Camera Nova et Vetera di Lecco e del Coro da Camera Cappella Mauriziana di Milano.<br \/>\nDirettore della Cappella Musicale della Cattedrale di Bergamo fino all\u2019agosto 2021.<br \/>\nDocente presso la Civica Scuola di Musica di Milano: direttore de I Civici Cori, docente di Direzione di Coro e Composizione Corale, Esercitazioni Corali per cantanti ed Esercitazioni orchestrali.<br \/>\nDirettore Artistico di Rassegne Musicali nelle province di Lecco, Bergamo e Alessandria.<br \/>\nIn qualit\u00e0 di organista predilige programmi monografici, dedicati a un autore, a una scuola organistica o a un preciso riferimento liturgico. Significativa l\u2019attivit\u00e0 concertistica in Duo con l\u2019organista Luigi Panzeri \u201cA 4 mani\u201d, con l\u2019oboista Fabio Rizzi, il violinista Matteo Pastori, il clarinettista Francesco Chimienti e numerosi cantanti.<br \/>\nSvolge un\u2019intensa attivit\u00e0 direttoriale, particolarmente dedicata ai capolavori della musica \u201csacra\u201d; tra i tanti: Selva morale e spirituale di C. Monteverdi, Salmi a 8 di A. Grandi, Cantate, Magnificat e Johannes\u2010Passion di J. S. Bach, gli Oratori Giuseppe in Egitto di L. Rossi, Caino e Abele di B. Pasquini, La Giuditta di A. Scarlatti, La Susanna di A. Stradella, Jephte e Dettingen Te Deum di G. F. Haendel, Magnificat, Johannes Passion di J. S. Bach, La Creazione di J. Haydn, Oratorio di Natale di Saint\u2010Sa\u00ebns, Stabat Mater di T. Traetta e di J. Haydn, Cantate e Messe di J. S. Bach, W. A Mozart, J. Haydn, L. Van Beethoven, F. Schubert, F. Mendelssohn, A. Dvo\u0159\u00e1k, Passio secundum Joannem di A. P\u00e4rt.<br \/>\nRicercatore e trascrittore di musiche inedite del repertorio barocco e classico, di molte ha curato la pubblicazione e l\u2019allestimento in prime esecuzioni moderne.<br \/>\nE\u2019 autore di numerose composizioni scritte, in particolare, per la Cappella Musicale del Duomo di Bergamo.<\/p>\n","protected":false},"excerpt":{"rendered":"<p>Concerto Mario Valsecchi &#8211; 4 agosto 2024 &nbsp; Domenica 4 agosto 2024 ore 17 OTTIGLIO, chiesa parrocchiale MARIO VALSECCHI, organo La Stagione di concerti sugli organi storici della provincia di &hellip; <a href=\"https:\/\/www.amicidellorgano.org\/index.php\/event\/concerto-mario-valsecchi-4-agosto-2024\/\" class=\"more-link\">Continua la lettura di <span class=\"screen-reader-text\">Concerto Mario Valsecchi &#8211; 4 agosto 2024<\/span> <span class=\"meta-nav\">&rarr;<\/span><\/a><\/p>\n","protected":false},"author":1,"featured_media":0,"template":"","meta":{"_tribe_events_status":"","_tribe_events_status_reason":"","footnotes":""},"tags":[264,275,274],"tribe_events_cat":[265],"class_list":["post-2105","tribe_events","type-tribe_events","status-publish","hentry","tag-concerti2024","tag-mario-valsecchi","tag-ottiglio","tribe_events_cat-concerti-2024","cat_concerti-2024"],"_links":{"self":[{"href":"https:\/\/www.amicidellorgano.org\/index.php\/wp-json\/wp\/v2\/tribe_events\/2105"}],"collection":[{"href":"https:\/\/www.amicidellorgano.org\/index.php\/wp-json\/wp\/v2\/tribe_events"}],"about":[{"href":"https:\/\/www.amicidellorgano.org\/index.php\/wp-json\/wp\/v2\/types\/tribe_events"}],"author":[{"embeddable":true,"href":"https:\/\/www.amicidellorgano.org\/index.php\/wp-json\/wp\/v2\/users\/1"}],"version-history":[{"count":3,"href":"https:\/\/www.amicidellorgano.org\/index.php\/wp-json\/wp\/v2\/tribe_events\/2105\/revisions"}],"predecessor-version":[{"id":2113,"href":"https:\/\/www.amicidellorgano.org\/index.php\/wp-json\/wp\/v2\/tribe_events\/2105\/revisions\/2113"}],"wp:attachment":[{"href":"https:\/\/www.amicidellorgano.org\/index.php\/wp-json\/wp\/v2\/media?parent=2105"}],"wp:term":[{"taxonomy":"post_tag","embeddable":true,"href":"https:\/\/www.amicidellorgano.org\/index.php\/wp-json\/wp\/v2\/tags?post=2105"},{"taxonomy":"tribe_events_cat","embeddable":true,"href":"https:\/\/www.amicidellorgano.org\/index.php\/wp-json\/wp\/v2\/tribe_events_cat?post=2105"}],"curies":[{"name":"wp","href":"https:\/\/api.w.org\/{rel}","templated":true}]}}

<p><strong>Concerto Mario Valsecchi &#8211; 4 agosto 2024</strong></p>
<p><img loading="lazy" decoding="async" class="aligncenter wp-image-2111 size-large" src="http://www.amicidellorgano.org/wp-content/uploads/concerti2024/mario-valsecchi-1024x680.jpg" alt="Concerto Mario Valsecchi - 4 agosto 2024" width="474" height="315" /></p>
<p>&nbsp;</p>
<p><strong>Domenica 4 agosto 2024 ore 17</strong><br />
<strong>OTTIGLIO, chiesa parrocchiale</strong><br />
<strong>MARIO VALSECCHI, organo</strong></p>
<p>La Stagione di concerti sugli organi storici della provincia di Alessandria farà tappa per la prima volta domenica 4 agosto nella chiesa parrocchiale di Ottiglio, dove alle ore 17 il maestro MARIO VALSECCHI proporrà ai presenti il grande organo &#8220;Franzetti&#8221; del 1863 recentemente restaurato dalla Bottega Organara Italo Marzi.<br />
Il programma è stato concepito per mettere in evidenza tutte le possibilità di repertorio che questo splendido strumento offre all&#8217;esecutore. Non solo musica dell&#8217;Ottocento italiano quindi, ma anche brani di epoca precedente ed un ampio excursus nella produzione di Johann Sebastian Bach, a riprova di come non sia affatto vero che sugli strumenti di quel periodo si possa eseguire solo brani in stile operistico.</p>
<p><strong>Programma</strong></p>
<p>BALDASSARE GALUPPI (1706 &#8211; 1785)<br />
Sonata in Sol<br />
(Andante?) &#8211; Allegro</p>
<p>ANONIMO PISTOIESE (sec. XVIII)<br />
Elevazione<br />
(Adagio)<br />
Fuga<br />
(Allegro?)</p>
<p>FORTUNATO CHELLERI (1690 &#8211; 1757)<br />
Sonata in Mi<br />
(Allegro?) &#8211; (Andante?) &#8211; Presto</p>
<p>Giovanni Battista Pescetti (1704? &#8211; 1766)<br />
Sonata in Do<br />
(Allegro ma non presto &#8211; Moderato &#8211; Presto)</p>
<p>Johann Sebastian Bach (1685 &#8211; 1750)<br />
“Ach, was soll ich Sünder machen” BWV 770,<br />
PARTITE DIVERSE SOPRA IL CORALE<br />
“Nun komm’ der Heiden Heiland” BWV 659 A 2 Clav. et Ped<br />
“Jesu, meine Freude” BWV 713<br />
Fantasia, manualiter<br />
Fantasia (Concerto) BWV 571</p>
<p>Giovanni Morandi (1777 &#8211; 1856)<br />
Sinfonia per Organo<br />
Andante, Maestoso &#8211; Allegro con brio</p>
<p>Giuseppe Galimberti (1851 &#8211; 1909)<br />
Sinfonia Op. 57<br />
Andante Maestoso &#8211; Allegro brillante</p>
<p>Carlo Fumagalli (1822 &#8211; 1907)<br />
Sinfonia dopo la Messa Op. 92<br />
(Andante maestoso &#8211; Allegro)</p>
<p>MARIO VALSECHI<br />
Organista e direttore, è stato titolare dello strumento della chiesa Arcipresbiterale di Calolziocorte (LC) (Organo Serassi 1795 / Balbiani Vegezzi Bossi 1936) fino all’ottobre 2019.<br />
Ora è organista presso la chiesa parrocchiale di San Germano in Ottiglio (AL) sull’organo Giovanni Franzetti e figli del 1863, recentemente restaurato.<br />
E’ stato direttore artistico e musicale dell’Orchestra da Camera Nova et Vetera di Lecco e del Coro da Camera Cappella Mauriziana di Milano.<br />
Direttore della Cappella Musicale della Cattedrale di Bergamo fino all’agosto 2021.<br />
Docente presso la Civica Scuola di Musica di Milano: direttore de I Civici Cori, docente di Direzione di Coro e Composizione Corale, Esercitazioni Corali per cantanti ed Esercitazioni orchestrali.<br />
Direttore Artistico di Rassegne Musicali nelle province di Lecco, Bergamo e Alessandria.<br />
In qualità di organista predilige programmi monografici, dedicati a un autore, a una scuola organistica o a un preciso riferimento liturgico. Significativa l’attività concertistica in Duo con l’organista Luigi Panzeri “A 4 mani”, con l’oboista Fabio Rizzi, il violinista Matteo Pastori, il clarinettista Francesco Chimienti e numerosi cantanti.<br />
Svolge un’intensa attività direttoriale, particolarmente dedicata ai capolavori della musica “sacra”; tra i tanti: Selva morale e spirituale di C. Monteverdi, Salmi a 8 di A. Grandi, Cantate, Magnificat e Johannes‐Passion di J. S. Bach, gli Oratori Giuseppe in Egitto di L. Rossi, Caino e Abele di B. Pasquini, La Giuditta di A. Scarlatti, La Susanna di A. Stradella, Jephte e Dettingen Te Deum di G. F. Haendel, Magnificat, Johannes Passion di J. S. Bach, La Creazione di J. Haydn, Oratorio di Natale di Saint‐Saëns, Stabat Mater di T. Traetta e di J. Haydn, Cantate e Messe di J. S. Bach, W. A Mozart, J. Haydn, L. Van Beethoven, F. Schubert, F. Mendelssohn, A. Dvořák, Passio secundum Joannem di A. Pärt.<br />
Ricercatore e trascrittore di musiche inedite del repertorio barocco e classico, di molte ha curato la pubblicazione e l’allestimento in prime esecuzioni moderne.<br />
E’ autore di numerose composizioni scritte, in particolare, per la Cappella Musicale del Duomo di Bergamo.</p>
