{"id":1852,"date":"2023-08-02T12:27:53","date_gmt":"2023-08-02T10:27:53","guid":{"rendered":"https:\/\/www.amicidellorgano.org\/?post_type=tribe_events&#038;p=1852"},"modified":"2023-08-02T12:29:07","modified_gmt":"2023-08-02T10:29:07","slug":"concerto-anneke-brose-27-agosto-2023","status":"publish","type":"tribe_events","link":"https:\/\/www.amicidellorgano.org\/index.php\/event\/concerto-anneke-brose-27-agosto-2023\/","title":{"rendered":"Concerto Anneke Brose &#8211; 27 agosto 2023"},"content":{"rendered":"<p><strong>Concerto Anneke Brose &#8211; 27 agosto 2023<\/strong><\/p>\n<p><img loading=\"lazy\" decoding=\"async\" class=\"aligncenter wp-image-1853 size-full\" src=\"http:\/\/www.amicidellorgano.org\/wp-content\/uploads\/concerti2023\/09-anneke-brose.jpg\" alt=\"Concerto Anneke Brose - 27 agosto 2023\" width=\"502\" height=\"668\" \/><\/p>\n<p><strong>Domenica 27 agosto 2023 ore 18<\/strong><br \/>\n<strong>OVADA, Oratorio dell&#8217;Annunziata<\/strong><br \/>\n<strong>ANNEKE BROSE, organo (Germania)<\/strong><\/p>\n<p><strong>Programma<br \/>\n<\/strong>DIETERICH BUXTEHUDE (1637-1707)<br \/>\nToccata in Sol maggiore (BuxWV 164)<\/p>\n<p>JAN PIETERSZOON SWEELINCK (1562-1621)<br \/>\nVon der Fortuna werd ich getrieben (tre Variazioni)<\/p>\n<p>VINCENT L\u00dcBECK (1654-1740)<br \/>\nChacon in La maggiore<\/p>\n<p>GEORG B\u00d6HM (1661-1733)<br \/>\nWer nur den lieben Gott l\u00e4sst walten (sette Variazioni)<br \/>\nPr\u00e4ludium, Fuge und Postludium in sol minore<\/p>\n<p>JOHN STANLEY (1712-1786)<br \/>\nVoluntary Op. 5 No. 1 in Do maggiore<br \/>\nAdagio \u2013 Andante \u2013 Slow \u2013 Allegro<\/p>\n<p>DOMENICO ZIPOLI (attribuiti) (1688-1726)<br \/>\ndai manoscritti dell&#8217;Archivio Musical de Chiquitos (Conc\u00e9pcion, Bolivia):<br \/>\nPreludio \u2013 Folias<\/p>\n<p>JOHANN GOTTFRIED WALTHER (1684-1748)<br \/>\nConcerto del Signor Gregori in Si bemolle maggiore<br \/>\nLargo \u2013 Allegro \u2013 Adagio e staccato \u2013 Allegro<\/p>\n<p>JOHANN PACHELBEL (1653-1706)<br \/>\nAria Sebaldina in fa minore<br \/>\n(dall\u2019\u201cHexachordum Apollinis\u201d, otto Variazioni)<\/p>\n<p>JOHANN SEBASTIAN BACH (1685-1750)<br \/>\nFuga sopra il Magnificat (BWV 733)<\/p>\n<p><strong>ANNEKE BROSE<\/strong><br \/>\nAnneke Brose \u00e8 nata a Oldenburg, nel nord della Germania, e ha ricevuto le sue prime lezioni di pianoforte e organo con Ralf Gr\u00f6ssler a Wildeshausen. Ha studiato Musica Antica all&#8217;Universit\u00e0 delle Arti di Brema (organo principale con Harald Vogel, Hans Davidsson e Edoardo Bellotti).<br \/>\nDopo la laurea ha continuato i suoi studi nel programma di Master &#8220;Organo e relativi strumenti a tastiera&#8221; presso le Universit\u00e0 di G\u00f6teborg e Pite\u00e5 in Svezia. Ha studiato organo con Hans\u2010Ola Ericsson, Johannes Landgren e Karin Nelson e clavicordo come materia secondaria con Joel Speerstra. Durante i suoi studi in Svezia, ha ricevuto una borsa di studio dalla fondazione &#8220;V\u00e4rmlands S\u00f6nner Gille&#8221;.<br \/>\nHa partecipato a masterclass con Lorenzo Ghielmi, Guy Bovet e Josep Maria Mas Bonet. Anneke lavora come organista e interprete con particolare attenzione alla musica antica.<br \/>\nTiene spesso concerti d&#8217;organo e si \u00e8 gi\u00e0 esibita su diversi importanti organi storici. Tra le altre cose, \u00e8 ospite abituale degli organi storici della Frisia orientale, incluso il famoso organo Schnitger di Norden.<br \/>\nI tour di concerti l&#8217;hanno portata in Austria, Norvegia e America Latina. Nel 2022 ha tenuto un concerto d&#8217;organo al \u201cFestival Internacional de M\u00fasica Antigua\u201d in Per\u00f9. Anneke si esibisce anche come suonatrice di basso continuo e lavora come musicista di chiesa a Brema.<\/p>\n","protected":false},"excerpt":{"rendered":"<p>Concerto Anneke Brose &#8211; 27 agosto 2023 Domenica 27 agosto 2023 ore 18 OVADA, Oratorio dell&#8217;Annunziata ANNEKE BROSE, organo (Germania) Programma DIETERICH BUXTEHUDE (1637-1707) Toccata in Sol maggiore (BuxWV 164) &hellip; <a href=\"https:\/\/www.amicidellorgano.org\/index.php\/event\/concerto-anneke-brose-27-agosto-2023\/\" class=\"more-link\">Continua la lettura di <span class=\"screen-reader-text\">Concerto Anneke Brose &#8211; 27 agosto 2023<\/span> <span class=\"meta-nav\">&rarr;<\/span><\/a><\/p>\n","protected":false},"author":1,"featured_media":0,"template":"","meta":{"_tribe_events_status":"","_tribe_events_status_reason":"","footnotes":""},"tags":[248,239,25],"tribe_events_cat":[237],"class_list":["post-1852","tribe_events","type-tribe_events","status-publish","hentry","tag-anneke-brose","tag-concerti2023","tag-ovada","tribe_events_cat-concerti-2023","cat_concerti-2023"],"_links":{"self":[{"href":"https:\/\/www.amicidellorgano.org\/index.php\/wp-json\/wp\/v2\/tribe_events\/1852"}],"collection":[{"href":"https:\/\/www.amicidellorgano.org\/index.php\/wp-json\/wp\/v2\/tribe_events"}],"about":[{"href":"https:\/\/www.amicidellorgano.org\/index.php\/wp-json\/wp\/v2\/types\/tribe_events"}],"author":[{"embeddable":true,"href":"https:\/\/www.amicidellorgano.org\/index.php\/wp-json\/wp\/v2\/users\/1"}],"version-history":[{"count":2,"href":"https:\/\/www.amicidellorgano.org\/index.php\/wp-json\/wp\/v2\/tribe_events\/1852\/revisions"}],"predecessor-version":[{"id":1855,"href":"https:\/\/www.amicidellorgano.org\/index.php\/wp-json\/wp\/v2\/tribe_events\/1852\/revisions\/1855"}],"wp:attachment":[{"href":"https:\/\/www.amicidellorgano.org\/index.php\/wp-json\/wp\/v2\/media?parent=1852"}],"wp:term":[{"taxonomy":"post_tag","embeddable":true,"href":"https:\/\/www.amicidellorgano.org\/index.php\/wp-json\/wp\/v2\/tags?post=1852"},{"taxonomy":"tribe_events_cat","embeddable":true,"href":"https:\/\/www.amicidellorgano.org\/index.php\/wp-json\/wp\/v2\/tribe_events_cat?post=1852"}],"curies":[{"name":"wp","href":"https:\/\/api.w.org\/{rel}","templated":true}]}}

<p><strong>Concerto Anneke Brose &#8211; 27 agosto 2023</strong></p>
<p><img loading="lazy" decoding="async" class="aligncenter wp-image-1853 size-full" src="http://www.amicidellorgano.org/wp-content/uploads/concerti2023/09-anneke-brose.jpg" alt="Concerto Anneke Brose - 27 agosto 2023" width="502" height="668" /></p>
<p><strong>Domenica 27 agosto 2023 ore 18</strong><br />
<strong>OVADA, Oratorio dell&#8217;Annunziata</strong><br />
<strong>ANNEKE BROSE, organo (Germania)</strong></p>
<p><strong>Programma<br />
</strong>DIETERICH BUXTEHUDE (1637-1707)<br />
Toccata in Sol maggiore (BuxWV 164)</p>
<p>JAN PIETERSZOON SWEELINCK (1562-1621)<br />
Von der Fortuna werd ich getrieben (tre Variazioni)</p>
<p>VINCENT LÜBECK (1654-1740)<br />
Chacon in La maggiore</p>
<p>GEORG BÖHM (1661-1733)<br />
Wer nur den lieben Gott lässt walten (sette Variazioni)<br />
Präludium, Fuge und Postludium in sol minore</p>
<p>JOHN STANLEY (1712-1786)<br />
Voluntary Op. 5 No. 1 in Do maggiore<br />
Adagio – Andante – Slow – Allegro</p>
<p>DOMENICO ZIPOLI (attribuiti) (1688-1726)<br />
dai manoscritti dell&#8217;Archivio Musical de Chiquitos (Concépcion, Bolivia):<br />
Preludio – Folias</p>
<p>JOHANN GOTTFRIED WALTHER (1684-1748)<br />
Concerto del Signor Gregori in Si bemolle maggiore<br />
Largo – Allegro – Adagio e staccato – Allegro</p>
<p>JOHANN PACHELBEL (1653-1706)<br />
Aria Sebaldina in fa minore<br />
(dall’“Hexachordum Apollinis”, otto Variazioni)</p>
<p>JOHANN SEBASTIAN BACH (1685-1750)<br />
Fuga sopra il Magnificat (BWV 733)</p>
<p><strong>ANNEKE BROSE</strong><br />
Anneke Brose è nata a Oldenburg, nel nord della Germania, e ha ricevuto le sue prime lezioni di pianoforte e organo con Ralf Grössler a Wildeshausen. Ha studiato Musica Antica all&#8217;Università delle Arti di Brema (organo principale con Harald Vogel, Hans Davidsson e Edoardo Bellotti).<br />
Dopo la laurea ha continuato i suoi studi nel programma di Master &#8220;Organo e relativi strumenti a tastiera&#8221; presso le Università di Göteborg e Piteå in Svezia. Ha studiato organo con Hans‐Ola Ericsson, Johannes Landgren e Karin Nelson e clavicordo come materia secondaria con Joel Speerstra. Durante i suoi studi in Svezia, ha ricevuto una borsa di studio dalla fondazione &#8220;Värmlands Sönner Gille&#8221;.<br />
Ha partecipato a masterclass con Lorenzo Ghielmi, Guy Bovet e Josep Maria Mas Bonet. Anneke lavora come organista e interprete con particolare attenzione alla musica antica.<br />
Tiene spesso concerti d&#8217;organo e si è già esibita su diversi importanti organi storici. Tra le altre cose, è ospite abituale degli organi storici della Frisia orientale, incluso il famoso organo Schnitger di Norden.<br />
I tour di concerti l&#8217;hanno portata in Austria, Norvegia e America Latina. Nel 2022 ha tenuto un concerto d&#8217;organo al “Festival Internacional de Música Antigua” in Perù. Anneke si esibisce anche come suonatrice di basso continuo e lavora come musicista di chiesa a Brema.</p>
