{"id":1725,"date":"2022-10-18T10:37:29","date_gmt":"2022-10-18T08:37:29","guid":{"rendered":"https:\/\/www.amicidellorgano.org\/?post_type=tribe_events&#038;p=1725"},"modified":"2022-10-18T10:45:11","modified_gmt":"2022-10-18T08:45:11","slug":"concerto-genova-vocal-ensemble-22-ottobre-2022","status":"publish","type":"tribe_events","link":"https:\/\/www.amicidellorgano.org\/index.php\/event\/concerto-genova-vocal-ensemble-22-ottobre-2022\/","title":{"rendered":"Concerto Genova Vocal Ensemble &#8211; 22 ottobre 2022"},"content":{"rendered":"<p><strong>Concerto Genova Vocal Ensemble &#8211; 22 ottobre 2022<\/strong><\/p>\n<p><img loading=\"lazy\" decoding=\"async\" class=\"aligncenter wp-image-1724 size-large\" src=\"http:\/\/www.amicidellorgano.org\/wp-content\/uploads\/concerti2022\/13-Genova-Vocal-Ensemble-1024x661.jpg\" alt=\"Concerto Genova Vocal Ensemble - 22 ottobre 2022\" width=\"474\" height=\"306\" \/><\/p>\n<p><strong>Sabato 22 Ottobre 2022 ore 21<\/strong><br \/>\n<strong>Casale Monferrato, Chiesa di S. Antonio<\/strong><br \/>\n<strong>Genova Vocal Ensemble<\/strong><br \/>\n<strong>ROBERTA PARANINFO, direzione<\/strong><br \/>\n<strong>ALBERTO DO, organo<\/strong><br \/>\n<strong>XLIII Stagione internazionale di concerti sugli organi storici<br \/>\n<\/strong><\/p>\n<p>La Stagione \u00e8 sostenuta da <strong>Fondazione CRAL<\/strong>, <strong>Fondazione CRT<\/strong>, <strong>Gruppo AMAG<\/strong>, <strong>Consiglio Regionale del Piemonte<\/strong> e dalla <strong>Regione Piemonte<\/strong>.<\/p>\n<p>Sabato 22 ottobre alle ore 21 nella\u00a0\u00a0CHIESA DI S. ANTONIO a CASALE MONFERRATO il gruppo vocale e strumentale\u00a0 &#8220;GENOVA VOCAL ENSEMBLE&#8221; sotto la direzione di ROBERTA PARANINFO e con ALBERTO DO all&#8217;organo si esibir\u00e0 nell&#8217;ambito della XLIII Stagione di concerti sugli Organi Storici, promossa dagli Amici dell&#8217;Organo e sostenuta dalle Fondazioni CRT, CRAL, dal Gruppo Amag, dalla Regione Piemonte e dal Consiglio Regionale del Piemonte.<\/p>\n<p>Il programma, dal titolo &#8220;Pro Festo Innocentium&#8221;, \u00e8 incentrato su\u00a0 musiche di J. Michael Haydn, fratello del pi\u00f9 celebre Franz Joseph, ma non meno valido compositore, la cui opera ha destato l&#8217;interesse della famosa casa discografica &#8220;Brilliant Classic&#8221; che ne curer\u00e0 la registrazione discografica di prossima uscita. Si potranno ascoltare la\u00a0Missa Sancti Aloysii &#8211; MH 257, per tre voci acute, piccola orchestra d\u2019archi e organo, &#8220;Vesperae pro festo SS. Innocentium&#8221;, per 3 voci sole, coro a voci pari, archi e organo. il\u00a0Concerto in la minore BWV 593 (da A. Vivaldi) per organo di J.S. Bach, per finire con la &#8220;Missa sub titulo Sancti Leopoldi pro festo SS. Innocentium &#8211; MH 837&#8221; per 3 voci sole, coro a voci pari, archi e organo.<\/p>\n<p>Johann Michael Haydn nacque il 13 Settembre 1737 a Rohrau, in Austria meridionale, vicino all\u2019allora confine con l\u2019Ungheria. Nel 1745 segu\u00ec le orme del fratello maggiore, Joseph, e divent\u00f2 un giovane corista della Cattedrale di S. Stefano a Vienna, studiando nel frattempo violino, organo e composizione. Dopo aver terminato la scuola corale venne nominato maestro di cappella a Gran Varadino e successivamente, nel 1762, a Salisburgo alla corte dell&#8217;arcivescovo Colloredo, prima come supplente di Leopold Mozart e in seguito di Antonio Salieri. Dal 1781 fu il titolare successore di Wolfgang Amadeus Mozart divenendo, insieme e quest\u2019ultimo, il pi\u00f9 noto musicista impiegato alla Corte del Principe-Arcivescovo di Salisburgo durante la seconda met\u00e0 del XVIII secolo. Mantenne questo impiego per quarantatr\u00e9 anni e nonostante la sua produzione abbracciasse tutti i generi musicali pi\u00f9 comuni in quel tempo, si conquist\u00f2 l\u2019apprezzamento del pubblico e la popolarit\u00e0 principalmente grazie all\u2019attivit\u00e0 di compositore di musica sacra &#8211; di cui ebbe vasta esperienza fin dalla sua fanciullezza e che che inizi\u00f2 a comporre gi\u00e0 quando, ventenne, ricopr\u00ec il suo primo incarico come maestro di cappella.<\/p>\n<p>L\u2019opera di J. M. Haydn include pi\u00f9 di trenta lavori in latino o tedesco per due o tre voci, composti per i ragazzi del coro della cattedrale di Salisburgo, cui Haydn era molto legato anche in virt\u00f9 della sua esperienza tra gli Hofkapellknaben, dove prese avvio la sua formazione musicale. Le tre composizioni presentate in questo progetto discografico fanno parte di questo insieme di opere e sono tutte originariamente destinate alla commemorazione dei Santi Innocenti, la principale festa celebrata dai ragazzi della Kapellhaus salisburghese. Ogni 28 dicembre, infatti, nella ricorrenza di questa celebrazione, i giovani coristi si recavano in processione fino al Duomo e cantavano durante la funzione, chiudendo la festa con i Vespri.<\/p>\n<p>La Missa Sancti Aloysii, composta nel 1777, fu la prima composizione dell\u2019Ordinario risalente a questo periodo. I Vesperae pro festo SS. Innocentium furono composti negli ultimi mesi del 1793, col titolo &#8211; da originale dell\u2019autore &#8211; \u201cVesprae pro festo SS. Innocentium in usum Archiepiscopalis Capella Salzburgi. Composito \u00e0 Joan (sic): Mich: Haydn mpa\u201d. Una mano esterna ha poi aggiunto \u201ccon l\u2019inno Salvete Flores martyrum\u201d. Compaiono all\u2019interno di questi Vespri i salmi 109, 110, 129, 131, l\u2019inno per la festa dei morti innocenti Salvete flores ed il Magnificat. La Missa sub titulo Sti. Leopoldi pro festo SS. Innocentium fu l\u2019 ultima composizione compiuta di J. M. Haydn e fu portata a termine, secondo quanto riportato nel catalogo musicale dell\u2019Abbazia di S. Pietro a Salisburgo, il 22 Dicembre 1805. In occasione del Capodanno di quello stesso anno Haydn, che ormai da molto tempo era colpito da cattiva salute e fortemente afflitto dagli effetti della guerra, scrisse al suo amico P. Werigand Rettensteiner: \u201cnonostante tutte queste tristi circostanze, ho scritto una nuova Messa per i nostri giovani cantori, da cantare in occasione della Festa degli Innocenti; pare che sia stata apprezzata\u201d. La denominazione della Missa sub titulo Sancti Leopoldi potrebbe forse essere collegato agli sconvolgimenti politici che hanno avuto luogo a Salisburgo durante il Dicembre del 1805. Nel 1803, infatti, dopo le dimissioni dell\u2019Arcivescovo Colloredo, il distretto di Salisburgo, perse la sua indipendenza di Ducato e divent\u00f2 una provincia dell\u2019Impero Austriaco. Probabilmente Haydn dedic\u00f2 la sua ultima Messa a San Leopoldo come atto di devozione, chiedendo al Santo di proteggere la citt\u00e0 di Salisburgo. Inoltre, nei tempi in cui era corista nella Cattedrale di Santo Stefano a Vienna, la Corte Imperiale viennese organizzava, nel giorni di San Leopoldo, grandi e solenni celebrazioni.<\/p>\n<p>Il Genova Vocal Ensemble ha compiuto, nell\u2019ottobre 2020, i suoi primi 25 anni. E\u2019 la formazione pi\u00f9 \u201cantica\u201d dell&#8217;Accademia Vocale di Genova: nata nel 1995, racchiude in s\u00e9 il bagaglio di esperienze didattiche e umane che ne caratterizzano l&#8217;operare. Si tratta di un ensemble che si modula dalla formazione a voci pari a quella a voci miste, a seconda del repertorio proposto, formato da cantori che in maggior parte lavorano insieme sin dall&#8217;infanzia. Una cos\u00ec assidua e profonda condivisione di esperienze e conoscenze ha creato una compagine affiatata, dalle qualit\u00e0 riconosciute e premiate in occasione della partecipazione del gruppo ad un buon numero di concorsi e festival nazionali ed internazionali.<br \/>\nDal 2009 ha realizzato tre operine teatral-musicali prodotte dal Teatro Carlo Felice di Genova: \u201cI Capelli del diavolo\u201d, \u201cTot\u00f2 Sapore\u201d e \u201cMalafiato\u201d, su testi di Roberto Piumini e musiche di Andrea Basevi.<br \/>\nDal 2012 cura diversi progetti musicali: \u201cPro Festo Innocentium\u201d che comprende la Missa sub titulo Sancti Leopoldi e i Vespri Pro Festo Innocentium di Michael Haydn, a cui si aggiungono tre brani commissionati per l&#8217;occasione dall&#8217;ensemble al compositore aretino Lorenzo Donati: (Silent Harp, Pro parvulis e Benedicamus Domino-Deo Gra- tias); il progetto \u201cVivaldi al femminile\u201d, con Magnificat e Gloria nella originale versione per le voci femminili; \u201cRomanticaMente\u201d, con brani di Schubert, Mendelssohn, Brahms, Rheinberger. Nel marzo del 2014 partecipa, su invito della Distinguished Concerts International New York (DCINY), al concerto \u201cDefying Gravity\u201d diretto da Eric Whitacre insieme a Stephen Schwartz presso il Lincoln Center di New York.<br \/>\nNell&#8217;ottobre del 2015 ha eseguito in prima assoluta all&#8217;interno del concerto intitolato \u201cVoci dalla strada\u201d, alcuni brani del compositore genovese Michele Trenti, dei quali \u00e8 stato registrato un cd\/dvd dal vivo.<br \/>\nNel febbraio 2017 ha inciso per la Brilliant Classics il cd, in prima assoluta, dei \u201cShakespeare Sonnets\u201d di Mario Castelnuovo Tedesco.<\/p>\n<p>Roberta Paraninfo, pianista di formazione, direttrice e didatta di professione, ha fondato e diretto a partire dal 1994 diverse formazioni corali. Attualmente dirige i cori dell\u2019Accademia Vocale di Genova, un percorso formativo corale e musicale da lei fondato nel 2005:, il coro di voci bianche \u201cI Piccoli Cantori\u201d, il coro giovanile \u201cGiovani Cantori\u201d, il coro misto \u201cSibi Consoni\u201d, oltre al Genova Vocal Ensemble, formazioni con le quali \u00e8 stata invitata a prestigiosi festivals internazionali e conseguito numerosi premi in competizioni nazionali e internazionali. Oltre a questi, ha diretto il coro misto JanuaVox, il coro femmini- le \u201cGood News!\u201d, il \u201cCoro del Conservatorio Steffani\u201d e il \u201cCoro da Camera Steffani\u201d, dell\u2019omonimo Con- servatorio di Castelfranco Veneto. Ritenendo fondamentale l\u2019immersione nella musica sin dalla tenera in- fanzia, da numerosi anni cura personalmente progetti di educazione musicale e sviluppo della coralit\u00e0 per le classi delle Scuole primarie di Genova e, parallelamente, corsi di formazione per insegnanti e direttori di coro in varie regioni d\u2019Italia, per conto della FENIARCO e delle Associazioni Regionali. Insieme al M.\u00b0 Gary Graden, ha diretto il \u201cCoro Giovanile Italiano\u201d, progetto FENIARCO, per il biennio 2015-2016.<br \/>\nHa insegnato Esercitazioni Corali presso il Conservatorio di Castelfranco Veneto (TV) dal 2014 al 2017. \u00c8 docente di Accompagnamento pianistico presso il Conservatorio \u201cN. Paganini\u201d di Genova.<\/p>\n<p>Alberto Do, nato Asti nel 1986, inizia gli studi di pianoforte all\u2019et\u00e0 di 7 anni e nel 2000 si iscrive al conservatorio \u201cA. Vivaldi\u201d di Alessandria nella classe di organo e composizione organistica della professoressa L. Romiti, ove si \u00e8 diplomato con il massimo dei voti e la lode.<br \/>\nHa frequentato il corso di Musica Sacra Antica in S. Rocco tenuto dalla professoressa L. Romiti, e in questa stessa sede ha partecipato alla manifestazione \u201cMissa in Musica\u201d in collaborazione con Piemonte in Musica.<br \/>\nA settembre del 2004 ha partecipato al corso di perfezionamento sulla musica antica polacca tenuto da P. Kapitula, ad aprile del 2015 ai corsi presso l\u2019 Accademia Internazionale d\u2019Organo \u201cGiuseppe Gherardeschi\u201d di Pistoia tenuti da L. Lohmann e G. Bovet. Ha seguito, inoltre, due masterclass di organo inglese e americano tenute rispettivamente da C. Kent e G. Archer.<br \/>\nA maggio 2004 vince il 2\u00b0 premio alla XIX edizione del concorso nazionale di organo \u201cCitt\u00e0 di Viterbo\u201d.<br \/>\nHa collaborato come strumentista con importanti gruppi vocali e strumentali: cori dell\u2019Accademia vocale di Genova diretti dal M\u00b0 R. Paraninfo, Coro da camera del Conservatorio \u201cA. Vivaldi\u201d e Ars Cantica Choir diretti dal M\u00b0 M. Berrini, orchestra dell\u2019Universit\u00e0 di Bamberg (D), Orchestra del Conservatorio \u201cA. Vivaldi\u201d con cui ha eseguito il \u201cConcerto per l\u2019organo\u201d di A. Salieri.<br \/>\nHa partecipato a numerosi festival nazionali come i \u201cconcerti di San Torpete\u201d e i \u201cConcerti Spirituali del Gonfalone\u201d a Genova, la \u201cStagione internazionale di concerti sugli organi storici\u201d della provincia di Alessandria, \u201cVespri e Messe d\u2019organo\u201d nel Duomo di Monza e il festival nazionale \u201cSuona Francese\u201d dove ha eseguito il Requiem di M. Durufl\u00e9 nella versione ridotta per coro e organo sotto la direzione del M\u00b0 M. Berrini.<br \/>\nDal 2010 \u00e8 titolare dell\u2019organo Mascioni del 1983 presso il santuario \u201cMadonna della Guardia\u201d di Tortona<\/p>\n","protected":false},"excerpt":{"rendered":"<p>Concerto Genova Vocal Ensemble &#8211; 22 ottobre 2022 Sabato 22 Ottobre 2022 ore 21 Casale Monferrato, Chiesa di S. Antonio Genova Vocal Ensemble ROBERTA PARANINFO, direzione ALBERTO DO, organo XLIII &hellip; <a href=\"https:\/\/www.amicidellorgano.org\/index.php\/event\/concerto-genova-vocal-ensemble-22-ottobre-2022\/\" class=\"more-link\">Continua la lettura di <span class=\"screen-reader-text\">Concerto Genova Vocal Ensemble &#8211; 22 ottobre 2022<\/span> <span class=\"meta-nav\">&rarr;<\/span><\/a><\/p>\n","protected":false},"author":1,"featured_media":0,"template":"","meta":{"_tribe_events_status":"","_tribe_events_status_reason":"","footnotes":""},"tags":[83,234,214,236,235],"tribe_events_cat":[223],"class_list":["post-1725","tribe_events","type-tribe_events","status-publish","hentry","tag-alberto-do","tag-casale-monferrato","tag-concerti2022","tag-genova-vocal-ensemble","tag-roberta-paraninfo","tribe_events_cat-concerti-2022","cat_concerti-2022"],"_links":{"self":[{"href":"https:\/\/www.amicidellorgano.org\/index.php\/wp-json\/wp\/v2\/tribe_events\/1725"}],"collection":[{"href":"https:\/\/www.amicidellorgano.org\/index.php\/wp-json\/wp\/v2\/tribe_events"}],"about":[{"href":"https:\/\/www.amicidellorgano.org\/index.php\/wp-json\/wp\/v2\/types\/tribe_events"}],"author":[{"embeddable":true,"href":"https:\/\/www.amicidellorgano.org\/index.php\/wp-json\/wp\/v2\/users\/1"}],"version-history":[{"count":2,"href":"https:\/\/www.amicidellorgano.org\/index.php\/wp-json\/wp\/v2\/tribe_events\/1725\/revisions"}],"predecessor-version":[{"id":1729,"href":"https:\/\/www.amicidellorgano.org\/index.php\/wp-json\/wp\/v2\/tribe_events\/1725\/revisions\/1729"}],"wp:attachment":[{"href":"https:\/\/www.amicidellorgano.org\/index.php\/wp-json\/wp\/v2\/media?parent=1725"}],"wp:term":[{"taxonomy":"post_tag","embeddable":true,"href":"https:\/\/www.amicidellorgano.org\/index.php\/wp-json\/wp\/v2\/tags?post=1725"},{"taxonomy":"tribe_events_cat","embeddable":true,"href":"https:\/\/www.amicidellorgano.org\/index.php\/wp-json\/wp\/v2\/tribe_events_cat?post=1725"}],"curies":[{"name":"wp","href":"https:\/\/api.w.org\/{rel}","templated":true}]}}

<p><strong>Concerto Genova Vocal Ensemble &#8211; 22 ottobre 2022</strong></p>
<p><img loading="lazy" decoding="async" class="aligncenter wp-image-1724 size-large" src="http://www.amicidellorgano.org/wp-content/uploads/concerti2022/13-Genova-Vocal-Ensemble-1024x661.jpg" alt="Concerto Genova Vocal Ensemble - 22 ottobre 2022" width="474" height="306" /></p>
<p><strong>Sabato 22 Ottobre 2022 ore 21</strong><br />
<strong>Casale Monferrato, Chiesa di S. Antonio</strong><br />
<strong>Genova Vocal Ensemble</strong><br />
<strong>ROBERTA PARANINFO, direzione</strong><br />
<strong>ALBERTO DO, organo</strong><br />
<strong>XLIII Stagione internazionale di concerti sugli organi storici<br />
</strong></p>
<p>La Stagione è sostenuta da <strong>Fondazione CRAL</strong>, <strong>Fondazione CRT</strong>, <strong>Gruppo AMAG</strong>, <strong>Consiglio Regionale del Piemonte</strong> e dalla <strong>Regione Piemonte</strong>.</p>
<p>Sabato 22 ottobre alle ore 21 nella  CHIESA DI S. ANTONIO a CASALE MONFERRATO il gruppo vocale e strumentale  &#8220;GENOVA VOCAL ENSEMBLE&#8221; sotto la direzione di ROBERTA PARANINFO e con ALBERTO DO all&#8217;organo si esibirà nell&#8217;ambito della XLIII Stagione di concerti sugli Organi Storici, promossa dagli Amici dell&#8217;Organo e sostenuta dalle Fondazioni CRT, CRAL, dal Gruppo Amag, dalla Regione Piemonte e dal Consiglio Regionale del Piemonte.</p>
<p>Il programma, dal titolo &#8220;Pro Festo Innocentium&#8221;, è incentrato su  musiche di J. Michael Haydn, fratello del più celebre Franz Joseph, ma non meno valido compositore, la cui opera ha destato l&#8217;interesse della famosa casa discografica &#8220;Brilliant Classic&#8221; che ne curerà la registrazione discografica di prossima uscita. Si potranno ascoltare la Missa Sancti Aloysii &#8211; MH 257, per tre voci acute, piccola orchestra d’archi e organo, &#8220;Vesperae pro festo SS. Innocentium&#8221;, per 3 voci sole, coro a voci pari, archi e organo. il Concerto in la minore BWV 593 (da A. Vivaldi) per organo di J.S. Bach, per finire con la &#8220;Missa sub titulo Sancti Leopoldi pro festo SS. Innocentium &#8211; MH 837&#8221; per 3 voci sole, coro a voci pari, archi e organo.</p>
<p>Johann Michael Haydn nacque il 13 Settembre 1737 a Rohrau, in Austria meridionale, vicino all’allora confine con l’Ungheria. Nel 1745 seguì le orme del fratello maggiore, Joseph, e diventò un giovane corista della Cattedrale di S. Stefano a Vienna, studiando nel frattempo violino, organo e composizione. Dopo aver terminato la scuola corale venne nominato maestro di cappella a Gran Varadino e successivamente, nel 1762, a Salisburgo alla corte dell&#8217;arcivescovo Colloredo, prima come supplente di Leopold Mozart e in seguito di Antonio Salieri. Dal 1781 fu il titolare successore di Wolfgang Amadeus Mozart divenendo, insieme e quest’ultimo, il più noto musicista impiegato alla Corte del Principe-Arcivescovo di Salisburgo durante la seconda metà del XVIII secolo. Mantenne questo impiego per quarantatré anni e nonostante la sua produzione abbracciasse tutti i generi musicali più comuni in quel tempo, si conquistò l’apprezzamento del pubblico e la popolarità principalmente grazie all’attività di compositore di musica sacra &#8211; di cui ebbe vasta esperienza fin dalla sua fanciullezza e che che iniziò a comporre già quando, ventenne, ricoprì il suo primo incarico come maestro di cappella.</p>
<p>L’opera di J. M. Haydn include più di trenta lavori in latino o tedesco per due o tre voci, composti per i ragazzi del coro della cattedrale di Salisburgo, cui Haydn era molto legato anche in virtù della sua esperienza tra gli Hofkapellknaben, dove prese avvio la sua formazione musicale. Le tre composizioni presentate in questo progetto discografico fanno parte di questo insieme di opere e sono tutte originariamente destinate alla commemorazione dei Santi Innocenti, la principale festa celebrata dai ragazzi della Kapellhaus salisburghese. Ogni 28 dicembre, infatti, nella ricorrenza di questa celebrazione, i giovani coristi si recavano in processione fino al Duomo e cantavano durante la funzione, chiudendo la festa con i Vespri.</p>
<p>La Missa Sancti Aloysii, composta nel 1777, fu la prima composizione dell’Ordinario risalente a questo periodo. I Vesperae pro festo SS. Innocentium furono composti negli ultimi mesi del 1793, col titolo &#8211; da originale dell’autore &#8211; “Vesprae pro festo SS. Innocentium in usum Archiepiscopalis Capella Salzburgi. Composito à Joan (sic): Mich: Haydn mpa”. Una mano esterna ha poi aggiunto “con l’inno Salvete Flores martyrum”. Compaiono all’interno di questi Vespri i salmi 109, 110, 129, 131, l’inno per la festa dei morti innocenti Salvete flores ed il Magnificat. La Missa sub titulo Sti. Leopoldi pro festo SS. Innocentium fu l’ ultima composizione compiuta di J. M. Haydn e fu portata a termine, secondo quanto riportato nel catalogo musicale dell’Abbazia di S. Pietro a Salisburgo, il 22 Dicembre 1805. In occasione del Capodanno di quello stesso anno Haydn, che ormai da molto tempo era colpito da cattiva salute e fortemente afflitto dagli effetti della guerra, scrisse al suo amico P. Werigand Rettensteiner: “nonostante tutte queste tristi circostanze, ho scritto una nuova Messa per i nostri giovani cantori, da cantare in occasione della Festa degli Innocenti; pare che sia stata apprezzata”. La denominazione della Missa sub titulo Sancti Leopoldi potrebbe forse essere collegato agli sconvolgimenti politici che hanno avuto luogo a Salisburgo durante il Dicembre del 1805. Nel 1803, infatti, dopo le dimissioni dell’Arcivescovo Colloredo, il distretto di Salisburgo, perse la sua indipendenza di Ducato e diventò una provincia dell’Impero Austriaco. Probabilmente Haydn dedicò la sua ultima Messa a San Leopoldo come atto di devozione, chiedendo al Santo di proteggere la città di Salisburgo. Inoltre, nei tempi in cui era corista nella Cattedrale di Santo Stefano a Vienna, la Corte Imperiale viennese organizzava, nel giorni di San Leopoldo, grandi e solenni celebrazioni.</p>
<p>Il Genova Vocal Ensemble ha compiuto, nell’ottobre 2020, i suoi primi 25 anni. E’ la formazione più “antica” dell&#8217;Accademia Vocale di Genova: nata nel 1995, racchiude in sé il bagaglio di esperienze didattiche e umane che ne caratterizzano l&#8217;operare. Si tratta di un ensemble che si modula dalla formazione a voci pari a quella a voci miste, a seconda del repertorio proposto, formato da cantori che in maggior parte lavorano insieme sin dall&#8217;infanzia. Una così assidua e profonda condivisione di esperienze e conoscenze ha creato una compagine affiatata, dalle qualità riconosciute e premiate in occasione della partecipazione del gruppo ad un buon numero di concorsi e festival nazionali ed internazionali.<br />
Dal 2009 ha realizzato tre operine teatral-musicali prodotte dal Teatro Carlo Felice di Genova: “I Capelli del diavolo”, “Totò Sapore” e “Malafiato”, su testi di Roberto Piumini e musiche di Andrea Basevi.<br />
Dal 2012 cura diversi progetti musicali: “Pro Festo Innocentium” che comprende la Missa sub titulo Sancti Leopoldi e i Vespri Pro Festo Innocentium di Michael Haydn, a cui si aggiungono tre brani commissionati per l&#8217;occasione dall&#8217;ensemble al compositore aretino Lorenzo Donati: (Silent Harp, Pro parvulis e Benedicamus Domino-Deo Gra- tias); il progetto “Vivaldi al femminile”, con Magnificat e Gloria nella originale versione per le voci femminili; “RomanticaMente”, con brani di Schubert, Mendelssohn, Brahms, Rheinberger. Nel marzo del 2014 partecipa, su invito della Distinguished Concerts International New York (DCINY), al concerto “Defying Gravity” diretto da Eric Whitacre insieme a Stephen Schwartz presso il Lincoln Center di New York.<br />
Nell&#8217;ottobre del 2015 ha eseguito in prima assoluta all&#8217;interno del concerto intitolato “Voci dalla strada”, alcuni brani del compositore genovese Michele Trenti, dei quali è stato registrato un cd/dvd dal vivo.<br />
Nel febbraio 2017 ha inciso per la Brilliant Classics il cd, in prima assoluta, dei “Shakespeare Sonnets” di Mario Castelnuovo Tedesco.</p>
<p>Roberta Paraninfo, pianista di formazione, direttrice e didatta di professione, ha fondato e diretto a partire dal 1994 diverse formazioni corali. Attualmente dirige i cori dell’Accademia Vocale di Genova, un percorso formativo corale e musicale da lei fondato nel 2005:, il coro di voci bianche “I Piccoli Cantori”, il coro giovanile “Giovani Cantori”, il coro misto “Sibi Consoni”, oltre al Genova Vocal Ensemble, formazioni con le quali è stata invitata a prestigiosi festivals internazionali e conseguito numerosi premi in competizioni nazionali e internazionali. Oltre a questi, ha diretto il coro misto JanuaVox, il coro femmini- le “Good News!”, il “Coro del Conservatorio Steffani” e il “Coro da Camera Steffani”, dell’omonimo Con- servatorio di Castelfranco Veneto. Ritenendo fondamentale l’immersione nella musica sin dalla tenera in- fanzia, da numerosi anni cura personalmente progetti di educazione musicale e sviluppo della coralità per le classi delle Scuole primarie di Genova e, parallelamente, corsi di formazione per insegnanti e direttori di coro in varie regioni d’Italia, per conto della FENIARCO e delle Associazioni Regionali. Insieme al M.° Gary Graden, ha diretto il “Coro Giovanile Italiano”, progetto FENIARCO, per il biennio 2015-2016.<br />
Ha insegnato Esercitazioni Corali presso il Conservatorio di Castelfranco Veneto (TV) dal 2014 al 2017. È docente di Accompagnamento pianistico presso il Conservatorio “N. Paganini” di Genova.</p>
<p>Alberto Do, nato Asti nel 1986, inizia gli studi di pianoforte all’età di 7 anni e nel 2000 si iscrive al conservatorio “A. Vivaldi” di Alessandria nella classe di organo e composizione organistica della professoressa L. Romiti, ove si è diplomato con il massimo dei voti e la lode.<br />
Ha frequentato il corso di Musica Sacra Antica in S. Rocco tenuto dalla professoressa L. Romiti, e in questa stessa sede ha partecipato alla manifestazione “Missa in Musica” in collaborazione con Piemonte in Musica.<br />
A settembre del 2004 ha partecipato al corso di perfezionamento sulla musica antica polacca tenuto da P. Kapitula, ad aprile del 2015 ai corsi presso l’ Accademia Internazionale d’Organo “Giuseppe Gherardeschi” di Pistoia tenuti da L. Lohmann e G. Bovet. Ha seguito, inoltre, due masterclass di organo inglese e americano tenute rispettivamente da C. Kent e G. Archer.<br />
A maggio 2004 vince il 2° premio alla XIX edizione del concorso nazionale di organo “Città di Viterbo”.<br />
Ha collaborato come strumentista con importanti gruppi vocali e strumentali: cori dell’Accademia vocale di Genova diretti dal M° R. Paraninfo, Coro da camera del Conservatorio “A. Vivaldi” e Ars Cantica Choir diretti dal M° M. Berrini, orchestra dell’Università di Bamberg (D), Orchestra del Conservatorio “A. Vivaldi” con cui ha eseguito il “Concerto per l’organo” di A. Salieri.<br />
Ha partecipato a numerosi festival nazionali come i “concerti di San Torpete” e i “Concerti Spirituali del Gonfalone” a Genova, la “Stagione internazionale di concerti sugli organi storici” della provincia di Alessandria, “Vespri e Messe d’organo” nel Duomo di Monza e il festival nazionale “Suona Francese” dove ha eseguito il Requiem di M. Duruflé nella versione ridotta per coro e organo sotto la direzione del M° M. Berrini.<br />
Dal 2010 è titolare dell’organo Mascioni del 1983 presso il santuario “Madonna della Guardia” di Tortona</p>
