{"id":1682,"date":"2022-09-05T09:37:28","date_gmt":"2022-09-05T07:37:28","guid":{"rendered":"https:\/\/www.amicidellorgano.org\/?post_type=tribe_events&#038;p=1682"},"modified":"2022-09-05T09:37:28","modified_gmt":"2022-09-05T07:37:28","slug":"concerto-suzanne-ozorak-9-settembre-2022","status":"publish","type":"tribe_events","link":"https:\/\/www.amicidellorgano.org\/index.php\/event\/concerto-suzanne-ozorak-9-settembre-2022\/","title":{"rendered":"Concerto Suzanne Ozorak &#8211; 9 settembre 2022"},"content":{"rendered":"<p><strong>Concerto Suzanne Ozorak &#8211; 9 settembre 2022<\/strong><\/p>\n<p data-wp-editing=\"1\"><img loading=\"lazy\" decoding=\"async\" class=\"aligncenter size-large wp-image-1683\" src=\"http:\/\/www.amicidellorgano.org\/wp-content\/uploads\/concerti2022\/06-07-Ozorak-781x1024.jpg\" alt=\"\" width=\"474\" height=\"621\" \/><\/p>\n<p><strong>Venerd\u00ec 9 Settembre ore 21<\/strong><br \/>\n<strong>Capriata d&#8217;Orba, Oratorio San Giuseppe<\/strong><br \/>\n<strong>SUZANNE OZORAK, organo (Canada)<\/strong><br \/>\n<strong>Inaugurazione del restauro dell&#8217;organo \u201cAllievi Bianchi\u201d<\/strong><br \/>\n<strong>In memoria del Priore Tullio Varagnolo<br \/>\n<\/strong><strong>XLIII Stagione internazionale di concerti sugli organi storici<br \/>\n<\/strong><\/p>\n<p>La Stagione \u00e8 sostenuta da <strong>Fondazione CRAL<\/strong>, <strong>Fondazione CRT<\/strong>, <strong>Gruppo AMAG<\/strong>, <strong>Consiglio Regionale del Piemonte<\/strong> e dalla <strong>Regione Piemonte<\/strong>.<\/p>\n<p>E&#8217; un gradito ritorno quello della concertista canadese Suzanne Ozorak\u00a0che\u00a0venerd\u00ec 9 settembre alle ore 21 terr\u00e0 il concerto inaugurale del restauro\u00a0dell&#8217;organo \u201cAllievi Bianchi\u201d dell&#8217;\u00a0ORATORIO DI SAN GIUSEPPE a\u00a0CAPRIATA D&#8217;ORBA.<br \/>\nL&#8217;organo fu costruito\u00a0fra il 1898 ed il 1900\u00a0dagli allievi del celebre organaro Camillo Guglielmo bianchi, originario di Lodi, che aveva aperto un laboratorio a Novi Ligure. Rispecchia in pieno il mutamento del gusto e delle convenzioni organarie in atto in Italia fra il XIX ec il\u00a0XX secolo, che risentivano gi\u00e0\u00a0 dell&#8217;affermarsi del cosiddetto &#8220;movimento Ceciliano&#8221;, che avversava gli strumenti di ispirazione operistica a favore di uno stile pi\u00f9 &#8220;misticheggiante&#8221; che si traduceva\u00a0nell&#8217;adozione di nuovi registri imitanti gli strumenti ad arco, ma anche nella soppressione di altri ritenuti troppo profani quali Cornetti, flauti acuti, alcuni tipi di Ance e dei vari\u00a0congegni a percussione.<br \/>\nNe risulta uno strumento di compromesso, che da un lato mantiene la maggior parte delle caratteristiche ottocentesche, dall&#8217;altro introduce alcune novit\u00e0 quali la sparizione del Flauto di 4 piedi\u00a0e di tutti i registri di mutazione per dare spazio a timbri ormai &#8220;alla moda&#8221; quali il Violino Soprani, la Voce Celeste Soprani e la Dulciana Bassi.<br \/>\nLo strumento \u00e8 stato restaurato gi\u00e0 nel 2018 dalla ditta &#8220;Fratelli Marin&#8221; di Lumarzo (Genova), ma a causa della pandemia \u00e8 poi rimasto fermo fino ad oggi e per questo verr\u00e0 inaugurato nel corso della Stagione sugli organi storici di quest&#8217;anno, organizzata\u00a0come sempre dagli Amici dell&#8217;Organo e sostenuta da Fondazione CRT, Fondazione CRAL, Gruppo Amag, Regione Piemonte e Consiglio Regionale del Piemonte. Un bel segno di &#8220;ripartenza&#8221; che si spera, possa rivelarsi confermato e duraturo per i mesi a venire.<br \/>\nIl programma alterner\u00e0 brani spagnoli e portoghesi a composizioni italiane note e meno note, fra cui la &#8220;Sonata VI&#8221; della compositrice piemontese Genoveffa Ravizza &#8220;de Turin&#8221;\u00a0(1745-1807).<\/p>\n<p><strong>Programma<\/strong><br \/>\nANTONIO BRAGA (XVIII SEC.)<br \/>\nBatalha de 5 tom<\/p>\n<p>JOS\u00c9 DA MADRE DE DEUS (XVIII SEC.)<br \/>\nFuga in re minore<\/p>\n<p>GIOVANNI SALVATORE (1620-1688)<br \/>\nCanzone francese seconda del Nono tuono naturale<\/p>\n<p>DOMENICO ZIPOLI (1688-1726)<br \/>\nToccata in re minore<\/p>\n<p>DOMENICO ZIPOLI (1688-1726)<br \/>\nAll\u2019Elevatione in fa maggiore<\/p>\n<p>M.me RAVISSA DE TURIN (1745-1807)<br \/>\nSonata VI in re maggiore<\/p>\n<p>DOMENICO SCARLATTI (1675-1757)<br \/>\nSonata in mi maggiore K380<br \/>\nSonata in do maggiore K159<br \/>\nSonata in re minore K141<\/p>\n<p>PEDRO DE ARAUJO (1610-1684)<br \/>\nBatalha de 6 tom<\/p>\n<p><strong>Suzanne Ozorak<br \/>\n<\/strong>Nativa della Capitale nazionale, Ottawa, Canada, Suzanne Ozorak ha compiuto presso l&#8217;Universit\u00e0 di Ottawa gli studi di Organo e di Pedagogia Musicale al pianoforte. Ha proseguito la formazione musicale al Conservatorio di Montreal nella classe di Raymond Daveluy dove si \u00e8 distinta per aver ricevuto un Primo Premio.<br \/>\nIn seguito si \u00e8 perfezionata con Bernafd Lagac\u00e9 all&#8217; Universit\u00e0 Concordia, dove ha ottenuto il diploma di Interpretazione all&#8217;organo.<br \/>\nNumerosi corsi in vari Paesi europei le hanno permesso di lavorare con grandi Maestri quali Andr\u00e9 Isoir, Luigi Ferdinando Tagliavini, Daniel Roth, Marie-Claire Alain, Michel Chapuis e molti altri.. Si \u00e8 anche perfezionata nell&#8217;improvvisazione con Tobias Willi ed Emmanuel Ledivellec in Svizzera.<br \/>\nIl suo ultimo CD, registrato sul magnifico organo di S. Martin a Dudelange (Lussenburgo) \u00e8 dedicato a brani del repertorio organistico sinfonico.<br \/>\nE&#8217; stata titolare titolare dell&#8217;organo della Concattedrale di S. Antonio da Padova di Longeuil dal 2012 al 2017 ed in quest&#8217;ultimo anno \u00e8 stata seconda assistente alla Cattedrale di Notre-Dame ad Ottawa.<br \/>\nDal 2015 M.me Ozorak \u00e8 fra gli artisti regolarmente invitati nell&#8217;ambito della serie \u201c LES EXCURSIONS-CONCERTS DE VOYAGE GENDRON\u201d, un&#8217; attivit\u00e0 culturale che si propone di valorizzare il patrimonio concertistico religioso, a fianco di Paul Racine, storico dell&#8217;arte sacra, allo scopo di far conoscere tutti gli organi del Qebec e dell&#8217;Ontario.<br \/>\nLa sua attivit\u00e0 si divide tra l&#8217;insegnamento al collegio privato S.te -Anne de Dorval ed il concertismo svolto in tutto il mondo. Ha recentemente suonato in Malesia e quest&#8217;estate si produrr\u00e0 in Svizzera ed in Italia.<\/p>\n","protected":false},"excerpt":{"rendered":"<p>Concerto Suzanne Ozorak &#8211; 9 settembre 2022 Venerd\u00ec 9 Settembre ore 21 Capriata d&#8217;Orba, Oratorio San Giuseppe SUZANNE OZORAK, organo (Canada) Inaugurazione del restauro dell&#8217;organo \u201cAllievi Bianchi\u201d In memoria del &hellip; <a href=\"https:\/\/www.amicidellorgano.org\/index.php\/event\/concerto-suzanne-ozorak-9-settembre-2022\/\" class=\"more-link\">Continua la lettura di <span class=\"screen-reader-text\">Concerto Suzanne Ozorak &#8211; 9 settembre 2022<\/span> <span class=\"meta-nav\">&rarr;<\/span><\/a><\/p>\n","protected":false},"author":1,"featured_media":0,"template":"","meta":{"_tribe_events_status":"","_tribe_events_status_reason":"","footnotes":""},"tags":[228,214,118],"tribe_events_cat":[223],"class_list":["post-1682","tribe_events","type-tribe_events","status-publish","hentry","tag-capriata-dorba","tag-concerti2022","tag-suzanne-ozorak","tribe_events_cat-concerti-2022","cat_concerti-2022"],"_links":{"self":[{"href":"https:\/\/www.amicidellorgano.org\/index.php\/wp-json\/wp\/v2\/tribe_events\/1682"}],"collection":[{"href":"https:\/\/www.amicidellorgano.org\/index.php\/wp-json\/wp\/v2\/tribe_events"}],"about":[{"href":"https:\/\/www.amicidellorgano.org\/index.php\/wp-json\/wp\/v2\/types\/tribe_events"}],"author":[{"embeddable":true,"href":"https:\/\/www.amicidellorgano.org\/index.php\/wp-json\/wp\/v2\/users\/1"}],"version-history":[{"count":2,"href":"https:\/\/www.amicidellorgano.org\/index.php\/wp-json\/wp\/v2\/tribe_events\/1682\/revisions"}],"predecessor-version":[{"id":1687,"href":"https:\/\/www.amicidellorgano.org\/index.php\/wp-json\/wp\/v2\/tribe_events\/1682\/revisions\/1687"}],"wp:attachment":[{"href":"https:\/\/www.amicidellorgano.org\/index.php\/wp-json\/wp\/v2\/media?parent=1682"}],"wp:term":[{"taxonomy":"post_tag","embeddable":true,"href":"https:\/\/www.amicidellorgano.org\/index.php\/wp-json\/wp\/v2\/tags?post=1682"},{"taxonomy":"tribe_events_cat","embeddable":true,"href":"https:\/\/www.amicidellorgano.org\/index.php\/wp-json\/wp\/v2\/tribe_events_cat?post=1682"}],"curies":[{"name":"wp","href":"https:\/\/api.w.org\/{rel}","templated":true}]}}

<p><strong>Concerto Suzanne Ozorak &#8211; 9 settembre 2022</strong></p>
<p data-wp-editing="1"><img loading="lazy" decoding="async" class="aligncenter size-large wp-image-1683" src="http://www.amicidellorgano.org/wp-content/uploads/concerti2022/06-07-Ozorak-781x1024.jpg" alt="" width="474" height="621" /></p>
<p><strong>Venerdì 9 Settembre ore 21</strong><br />
<strong>Capriata d&#8217;Orba, Oratorio San Giuseppe</strong><br />
<strong>SUZANNE OZORAK, organo (Canada)</strong><br />
<strong>Inaugurazione del restauro dell&#8217;organo “Allievi Bianchi”</strong><br />
<strong>In memoria del Priore Tullio Varagnolo<br />
</strong><strong>XLIII Stagione internazionale di concerti sugli organi storici<br />
</strong></p>
<p>La Stagione è sostenuta da <strong>Fondazione CRAL</strong>, <strong>Fondazione CRT</strong>, <strong>Gruppo AMAG</strong>, <strong>Consiglio Regionale del Piemonte</strong> e dalla <strong>Regione Piemonte</strong>.</p>
<p>E&#8217; un gradito ritorno quello della concertista canadese Suzanne Ozorak che venerdì 9 settembre alle ore 21 terrà il concerto inaugurale del restauro dell&#8217;organo “Allievi Bianchi” dell&#8217; ORATORIO DI SAN GIUSEPPE a CAPRIATA D&#8217;ORBA.<br />
L&#8217;organo fu costruito fra il 1898 ed il 1900 dagli allievi del celebre organaro Camillo Guglielmo bianchi, originario di Lodi, che aveva aperto un laboratorio a Novi Ligure. Rispecchia in pieno il mutamento del gusto e delle convenzioni organarie in atto in Italia fra il XIX ec il XX secolo, che risentivano già  dell&#8217;affermarsi del cosiddetto &#8220;movimento Ceciliano&#8221;, che avversava gli strumenti di ispirazione operistica a favore di uno stile più &#8220;misticheggiante&#8221; che si traduceva nell&#8217;adozione di nuovi registri imitanti gli strumenti ad arco, ma anche nella soppressione di altri ritenuti troppo profani quali Cornetti, flauti acuti, alcuni tipi di Ance e dei vari congegni a percussione.<br />
Ne risulta uno strumento di compromesso, che da un lato mantiene la maggior parte delle caratteristiche ottocentesche, dall&#8217;altro introduce alcune novità quali la sparizione del Flauto di 4 piedi e di tutti i registri di mutazione per dare spazio a timbri ormai &#8220;alla moda&#8221; quali il Violino Soprani, la Voce Celeste Soprani e la Dulciana Bassi.<br />
Lo strumento è stato restaurato già nel 2018 dalla ditta &#8220;Fratelli Marin&#8221; di Lumarzo (Genova), ma a causa della pandemia è poi rimasto fermo fino ad oggi e per questo verrà inaugurato nel corso della Stagione sugli organi storici di quest&#8217;anno, organizzata come sempre dagli Amici dell&#8217;Organo e sostenuta da Fondazione CRT, Fondazione CRAL, Gruppo Amag, Regione Piemonte e Consiglio Regionale del Piemonte. Un bel segno di &#8220;ripartenza&#8221; che si spera, possa rivelarsi confermato e duraturo per i mesi a venire.<br />
Il programma alternerà brani spagnoli e portoghesi a composizioni italiane note e meno note, fra cui la &#8220;Sonata VI&#8221; della compositrice piemontese Genoveffa Ravizza &#8220;de Turin&#8221; (1745-1807).</p>
<p><strong>Programma</strong><br />
ANTONIO BRAGA (XVIII SEC.)<br />
Batalha de 5 tom</p>
<p>JOSÉ DA MADRE DE DEUS (XVIII SEC.)<br />
Fuga in re minore</p>
<p>GIOVANNI SALVATORE (1620-1688)<br />
Canzone francese seconda del Nono tuono naturale</p>
<p>DOMENICO ZIPOLI (1688-1726)<br />
Toccata in re minore</p>
<p>DOMENICO ZIPOLI (1688-1726)<br />
All’Elevatione in fa maggiore</p>
<p>M.me RAVISSA DE TURIN (1745-1807)<br />
Sonata VI in re maggiore</p>
<p>DOMENICO SCARLATTI (1675-1757)<br />
Sonata in mi maggiore K380<br />
Sonata in do maggiore K159<br />
Sonata in re minore K141</p>
<p>PEDRO DE ARAUJO (1610-1684)<br />
Batalha de 6 tom</p>
<p><strong>Suzanne Ozorak<br />
</strong>Nativa della Capitale nazionale, Ottawa, Canada, Suzanne Ozorak ha compiuto presso l&#8217;Università di Ottawa gli studi di Organo e di Pedagogia Musicale al pianoforte. Ha proseguito la formazione musicale al Conservatorio di Montreal nella classe di Raymond Daveluy dove si è distinta per aver ricevuto un Primo Premio.<br />
In seguito si è perfezionata con Bernafd Lagacé all&#8217; Università Concordia, dove ha ottenuto il diploma di Interpretazione all&#8217;organo.<br />
Numerosi corsi in vari Paesi europei le hanno permesso di lavorare con grandi Maestri quali André Isoir, Luigi Ferdinando Tagliavini, Daniel Roth, Marie-Claire Alain, Michel Chapuis e molti altri.. Si è anche perfezionata nell&#8217;improvvisazione con Tobias Willi ed Emmanuel Ledivellec in Svizzera.<br />
Il suo ultimo CD, registrato sul magnifico organo di S. Martin a Dudelange (Lussenburgo) è dedicato a brani del repertorio organistico sinfonico.<br />
E&#8217; stata titolare titolare dell&#8217;organo della Concattedrale di S. Antonio da Padova di Longeuil dal 2012 al 2017 ed in quest&#8217;ultimo anno è stata seconda assistente alla Cattedrale di Notre-Dame ad Ottawa.<br />
Dal 2015 M.me Ozorak è fra gli artisti regolarmente invitati nell&#8217;ambito della serie “ LES EXCURSIONS-CONCERTS DE VOYAGE GENDRON”, un&#8217; attività culturale che si propone di valorizzare il patrimonio concertistico religioso, a fianco di Paul Racine, storico dell&#8217;arte sacra, allo scopo di far conoscere tutti gli organi del Qebec e dell&#8217;Ontario.<br />
La sua attività si divide tra l&#8217;insegnamento al collegio privato S.te -Anne de Dorval ed il concertismo svolto in tutto il mondo. Ha recentemente suonato in Malesia e quest&#8217;estate si produrrà in Svizzera ed in Italia.</p>

<p>Concerto Suzanne Ozorak &#8211; 9 settembre 2022 Venerdì 9 Settembre ore 21 Capriata d&#8217;Orba, Oratorio San Giuseppe SUZANNE OZORAK, organo (Canada) Inaugurazione del restauro dell&#8217;organo “Allievi Bianchi” In memoria del &hellip; <a href="https://www.amicidellorgano.org/index.php/event/concerto-suzanne-ozorak-9-settembre-2022/" class="more-link">Continua la lettura di <span class="screen-reader-text">Concerto Suzanne Ozorak &#8211; 9 settembre 2022</span> <span class="meta-nav">&rarr;</span></a></p>
