{"id":1495,"date":"2021-08-25T12:49:29","date_gmt":"2021-08-25T10:49:29","guid":{"rendered":"https:\/\/www.amicidellorgano.org\/?post_type=tribe_events&#038;p=1495"},"modified":"2021-08-25T12:51:05","modified_gmt":"2021-08-25T10:51:05","slug":"concerto-gedymin-grubba-27-agosto-2021","status":"publish","type":"tribe_events","link":"https:\/\/www.amicidellorgano.org\/index.php\/event\/concerto-gedymin-grubba-27-agosto-2021\/","title":{"rendered":"Concerto Gedymin Grubba &#8211; 27 agosto 2021"},"content":{"rendered":"<p><strong>Concerto Gedymin Grubba &#8211; 27 agosto 2021<\/strong><\/p>\n<p><img loading=\"lazy\" decoding=\"async\" class=\"aligncenter size-large wp-image-1492\" src=\"http:\/\/www.amicidellorgano.org\/wp-content\/uploads\/concerti2021\/08-gedymin-grubba-768x1024.jpg\" alt=\"Concerto Gedymin Grubba - 27 agosto 2021\" width=\"474\" height=\"632\" \/><\/p>\n<p><strong>venerd\u00ec 27 agosto ore 19<\/strong><br \/>\n<strong>GAVI, Santuario Madonna della Guardia<\/strong><br \/>\n<strong>GEDYMIN GRUBBA, organo (Polonia)<\/strong><br \/>\n<strong>XLII Stagione internazionale di concerti sugli organi storici<br \/>\n<\/strong><\/p>\n<p><strong>E&#8217; obbligatoria l&#8217;esposizione del green pass vaccinale per assistere ai concerti d&#8217;organo<\/strong><\/p>\n<p>Il noto organista polacco Gedymin Grubba, gi\u00e0 ospite di alcune Rassegne organistiche del nostro Paese, venerd\u00ec 27 agosto alle ore 19 terr\u00e0 un concerto al\u00a0Santuario Madonna della Guardia di Gavi, al piacevole strumento &#8220;Allievi Bianchi&#8221; recentemente restaurato.<\/p>\n<p>Il concerto, inserito nelle manifestazioni per la festa della Madonna cui l&#8217;edificio \u00e8 dedicato, fa parte della XLII Stagione di concerti sugli organi storici della provincia di Alessandria, tradizionalmente sostenuta dalle Fondazioni CRT, CRAL e SociAl e dal Gruppo Amag.<\/p>\n<p>Una consistente parte del programma \u00e8 dedicata agli allegri e gustosi &#8220;Voluntaries&#8221; di John Stanley\u00a0(1713-1786),\u00a0 dedicati spesso ad un timbro solistico caratteristico dell&#8217;organo inglese del Settecento, Per il resto si potranno ascoltare brani di\u00a0Jan Pieterszoon Sweelinck,\u00a0Domenico Zipoli,\u00a0\u00a0Julije Bajamonti\u00a0(1744-1800),\u00a0Jan Francisci,\u00a0Pierre Dumage,\u00a0Juan Cabanilles , Anonimo del XVI secolo,\u00a0Jan K\u0159titel Kuchar.<\/p>\n<p>Gedymin Grubba si \u00e8 diplomato nel 2006 all&#8217;Accademia di Musica Stanislaw Moniuszko di Danzica, dove ha studiato organo con il Prof. Roman Perucki e composizione con il Prof. Eugeniusz Glowski.<br \/>\nHa frequentato numerosi corsi di perfezionamento sia in Polonia che all&#8217;estero, concentrandosi principalmente sull&#8217;interpretazione della musica d&#8217;organo e sull&#8217;improvvisazione.<br \/>\nIniziando la sua carriera di performance pubblica nel 1996, Gedymin ha gi\u00e0 tenuto oltre 2.000 concerti in tutta Europa e anche in Nord America, Canada, Messico, Sud America, Sud Africa, Asia, Australia e Nuova Zelanda. Ogni anno si esibisce in un centinaio di concerti in tutto il mondo, non solo come solista, ma anche come: musicista da camera, compositore e direttore d&#8217;orchestra.<br \/>\nNel 1999, all&#8217;et\u00e0 di soli 18 (17) anni, Gedymin Grubba ha avviato il Festival Internazionale di Musica d&#8217;Organo presso la Cattedrale di Pelplin e continua nel ruolo di Direttore del Festival.<br \/>\n\u00c8 grazie al Festival che \u00e8 stata possibile la ricostruzione dell&#8217;unico organo barocco (datato al XVII secolo) nella cattedrale, che \u00e8 stato utilizzato per la prima volta nel 2003.<br \/>\nHa ricevuto numerosi premi e riconoscimenti per la sua attivit\u00e0 culturale, fra cui \u201cLA CROCE DEL MERITO\u201d del Presidente della Repubblica di Polonia ed il premio della chiesa &#8220;PRO ECCLESIA ET POPULO&#8221;.<br \/>\nE&#8217; molto attivo anche come compositore. Gli sono stati commissionate opere per alcuni eventi di spicco. Nel 2011 gli \u00e8 stato chiesto di comporre un brano speciale in occasione della beatificazione e, nel 2014, di canonizzazione di Giovanni Paolo II. I brani musicali sono stati scritti come tributo dei giovani musicisti di Danzica al Papa polacco. Le composizioni \u201cSanto Subito! Benvenuti a casa! &#8220;E&#8221; Sanctus &#8220;sono stati registrati e trasmessi dalla Radio Polacca. I CD e la partitura completa dei brani sono stati presentati al Vaticano.<br \/>\nHa realizzato diverse registrazioni per radio e TV polacche, europee e mondiali (anche come direttore d&#8217;orchestra), nonch\u00e9 registrazioni di CD come solista (19 CD e 1 DVD).<br \/>\nE&#8217; spesso chiamato a tenere consulenze e corsi di perfezionamento in tutto il mondo (Australia, Bielorussia, Canada, Kazakistan, Nuova Zelanda, Polonia, Romania, Ucraina, USA\u2026).<\/p>\n","protected":false},"excerpt":{"rendered":"<p>Concerto Gedymin Grubba &#8211; 27 agosto 2021 venerd\u00ec 27 agosto ore 19 GAVI, Santuario Madonna della Guardia GEDYMIN GRUBBA, organo (Polonia) XLII Stagione internazionale di concerti sugli organi storici E&#8217; &hellip; <a href=\"https:\/\/www.amicidellorgano.org\/index.php\/event\/concerto-gedymin-grubba-27-agosto-2021\/\" class=\"more-link\">Continua la lettura di <span class=\"screen-reader-text\">Concerto Gedymin Grubba &#8211; 27 agosto 2021<\/span> <span class=\"meta-nav\">&rarr;<\/span><\/a><\/p>\n","protected":false},"author":1,"featured_media":0,"template":"","meta":{"_tribe_events_status":"","_tribe_events_status_reason":"","footnotes":""},"tags":[189,198,197],"tribe_events_cat":[190],"class_list":["post-1495","tribe_events","type-tribe_events","status-publish","hentry","tag-concerti2021","tag-gavi","tag-gedymin-grubba","tribe_events_cat-concerti-2021","cat_concerti-2021"],"_links":{"self":[{"href":"https:\/\/www.amicidellorgano.org\/index.php\/wp-json\/wp\/v2\/tribe_events\/1495"}],"collection":[{"href":"https:\/\/www.amicidellorgano.org\/index.php\/wp-json\/wp\/v2\/tribe_events"}],"about":[{"href":"https:\/\/www.amicidellorgano.org\/index.php\/wp-json\/wp\/v2\/types\/tribe_events"}],"author":[{"embeddable":true,"href":"https:\/\/www.amicidellorgano.org\/index.php\/wp-json\/wp\/v2\/users\/1"}],"version-history":[{"count":2,"href":"https:\/\/www.amicidellorgano.org\/index.php\/wp-json\/wp\/v2\/tribe_events\/1495\/revisions"}],"predecessor-version":[{"id":1499,"href":"https:\/\/www.amicidellorgano.org\/index.php\/wp-json\/wp\/v2\/tribe_events\/1495\/revisions\/1499"}],"wp:attachment":[{"href":"https:\/\/www.amicidellorgano.org\/index.php\/wp-json\/wp\/v2\/media?parent=1495"}],"wp:term":[{"taxonomy":"post_tag","embeddable":true,"href":"https:\/\/www.amicidellorgano.org\/index.php\/wp-json\/wp\/v2\/tags?post=1495"},{"taxonomy":"tribe_events_cat","embeddable":true,"href":"https:\/\/www.amicidellorgano.org\/index.php\/wp-json\/wp\/v2\/tribe_events_cat?post=1495"}],"curies":[{"name":"wp","href":"https:\/\/api.w.org\/{rel}","templated":true}]}}

<p><strong>Concerto Gedymin Grubba &#8211; 27 agosto 2021</strong></p>
<p><img loading="lazy" decoding="async" class="aligncenter size-large wp-image-1492" src="http://www.amicidellorgano.org/wp-content/uploads/concerti2021/08-gedymin-grubba-768x1024.jpg" alt="Concerto Gedymin Grubba - 27 agosto 2021" width="474" height="632" /></p>
<p><strong>venerdì 27 agosto ore 19</strong><br />
<strong>GAVI, Santuario Madonna della Guardia</strong><br />
<strong>GEDYMIN GRUBBA, organo (Polonia)</strong><br />
<strong>XLII Stagione internazionale di concerti sugli organi storici<br />
</strong></p>
<p><strong>E&#8217; obbligatoria l&#8217;esposizione del green pass vaccinale per assistere ai concerti d&#8217;organo</strong></p>
<p>Il noto organista polacco Gedymin Grubba, già ospite di alcune Rassegne organistiche del nostro Paese, venerdì 27 agosto alle ore 19 terrà un concerto al Santuario Madonna della Guardia di Gavi, al piacevole strumento &#8220;Allievi Bianchi&#8221; recentemente restaurato.</p>
<p>Il concerto, inserito nelle manifestazioni per la festa della Madonna cui l&#8217;edificio è dedicato, fa parte della XLII Stagione di concerti sugli organi storici della provincia di Alessandria, tradizionalmente sostenuta dalle Fondazioni CRT, CRAL e SociAl e dal Gruppo Amag.</p>
<p>Una consistente parte del programma è dedicata agli allegri e gustosi &#8220;Voluntaries&#8221; di John Stanley (1713-1786),  dedicati spesso ad un timbro solistico caratteristico dell&#8217;organo inglese del Settecento, Per il resto si potranno ascoltare brani di Jan Pieterszoon Sweelinck, Domenico Zipoli,  Julije Bajamonti (1744-1800), Jan Francisci, Pierre Dumage, Juan Cabanilles , Anonimo del XVI secolo, Jan Křtitel Kuchar.</p>
<p>Gedymin Grubba si è diplomato nel 2006 all&#8217;Accademia di Musica Stanislaw Moniuszko di Danzica, dove ha studiato organo con il Prof. Roman Perucki e composizione con il Prof. Eugeniusz Glowski.<br />
Ha frequentato numerosi corsi di perfezionamento sia in Polonia che all&#8217;estero, concentrandosi principalmente sull&#8217;interpretazione della musica d&#8217;organo e sull&#8217;improvvisazione.<br />
Iniziando la sua carriera di performance pubblica nel 1996, Gedymin ha già tenuto oltre 2.000 concerti in tutta Europa e anche in Nord America, Canada, Messico, Sud America, Sud Africa, Asia, Australia e Nuova Zelanda. Ogni anno si esibisce in un centinaio di concerti in tutto il mondo, non solo come solista, ma anche come: musicista da camera, compositore e direttore d&#8217;orchestra.<br />
Nel 1999, all&#8217;età di soli 18 (17) anni, Gedymin Grubba ha avviato il Festival Internazionale di Musica d&#8217;Organo presso la Cattedrale di Pelplin e continua nel ruolo di Direttore del Festival.<br />
È grazie al Festival che è stata possibile la ricostruzione dell&#8217;unico organo barocco (datato al XVII secolo) nella cattedrale, che è stato utilizzato per la prima volta nel 2003.<br />
Ha ricevuto numerosi premi e riconoscimenti per la sua attività culturale, fra cui “LA CROCE DEL MERITO” del Presidente della Repubblica di Polonia ed il premio della chiesa &#8220;PRO ECCLESIA ET POPULO&#8221;.<br />
E&#8217; molto attivo anche come compositore. Gli sono stati commissionate opere per alcuni eventi di spicco. Nel 2011 gli è stato chiesto di comporre un brano speciale in occasione della beatificazione e, nel 2014, di canonizzazione di Giovanni Paolo II. I brani musicali sono stati scritti come tributo dei giovani musicisti di Danzica al Papa polacco. Le composizioni “Santo Subito! Benvenuti a casa! &#8220;E&#8221; Sanctus &#8220;sono stati registrati e trasmessi dalla Radio Polacca. I CD e la partitura completa dei brani sono stati presentati al Vaticano.<br />
Ha realizzato diverse registrazioni per radio e TV polacche, europee e mondiali (anche come direttore d&#8217;orchestra), nonché registrazioni di CD come solista (19 CD e 1 DVD).<br />
E&#8217; spesso chiamato a tenere consulenze e corsi di perfezionamento in tutto il mondo (Australia, Bielorussia, Canada, Kazakistan, Nuova Zelanda, Polonia, Romania, Ucraina, USA…).</p>

<p>Concerto Gedymin Grubba &#8211; 27 agosto 2021 venerdì 27 agosto ore 19 GAVI, Santuario Madonna della Guardia GEDYMIN GRUBBA, organo (Polonia) XLII Stagione internazionale di concerti sugli organi storici E&#8217; &hellip; <a href="https://www.amicidellorgano.org/index.php/event/concerto-gedymin-grubba-27-agosto-2021/" class="more-link">Continua la lettura di <span class="screen-reader-text">Concerto Gedymin Grubba &#8211; 27 agosto 2021</span> <span class="meta-nav">&rarr;</span></a></p>
