{"id":1472,"date":"2021-08-01T19:48:43","date_gmt":"2021-08-01T17:48:43","guid":{"rendered":"https:\/\/www.amicidellorgano.org\/?post_type=tribe_events&#038;p=1472"},"modified":"2021-08-11T10:13:43","modified_gmt":"2021-08-11T08:13:43","slug":"concerto-bernhard-marx-13-agosto-2021","status":"publish","type":"tribe_events","link":"https:\/\/www.amicidellorgano.org\/index.php\/event\/concerto-bernhard-marx-13-agosto-2021\/","title":{"rendered":"Concerto Bernhard Marx &#8211; 13 agosto 2021"},"content":{"rendered":"<p><strong>Concerto Bernhard Marx &#8211; 13 agosto 2021<\/strong><\/p>\n<p><img loading=\"lazy\" decoding=\"async\" class=\"aligncenter size-large wp-image-1471\" src=\"http:\/\/www.amicidellorgano.org\/wp-content\/uploads\/concerti2021\/06-bernhard-marx-677x1024.jpg\" alt=\"Concerto Bernhard Marx - 13 agosto 2021\" width=\"474\" height=\"717\" \/><\/p>\n<p><strong>venerd\u00ec 13 agosto ore 21<\/strong><br \/>\n<strong>ARQUATA SCRIVIA, chiesa Parrocchiale<\/strong><br \/>\n<strong>BERNHARD MARX, organo (Germania)<\/strong><br \/>\n<strong>XLII Stagione internazionale di concerti sugli organi storici<br \/>\n<\/strong><\/p>\n<p><strong>E&#8217; obbligatoria l&#8217;esposizione del green pass vaccinale per assistere ai concerti d&#8217;organo<\/strong><\/p>\n<p>Sar\u00e0 il noto organista tedesco BERNHARD MARX, che gi\u00e0 \u00e8 stato ospite per due volte della Stagione di Concerti degli Amici dell&#8217;organo, ad esibirsi\u00a0venerd\u00ec 13 agosto alle ore 21.30 nella\u00a0chiesa Parrocchiale di\u00a0ARQUATA SCRIVIA,\u00a0ove esiste un pregevole organo &#8220;Locatelli&#8221; (successori Serassi) della seconda met\u00e0 del XIX secolo.<\/p>\n<p>Veramente importante il curriculum dell&#8217;artista,\u00a0allievo di Marie-Claire Alain (Parigi), di Ludwig Doerr (Saarbr\u00fccken \/ Freiburg) e di Gaston Litaize (Parigi); ha inoltre partecipato a diversi corsi internazionali di perfezionamento con Anton Heiller (Vienna) e con Luigi Ferdinando Tagliavini (Bologna).<br \/>\nDal 1972 al 1975 gli \u00e8 stata concessa una borsa di studio del \u201eDeutscher Akademischer Austauschdienst Bonn\u201c per i suoi studi a Parigi.<br \/>\nNal 1973 ha vinto il 3\u00b0 Premio del Concorso Internazionale d\u2019Organo Johann Sebastian Bach a Bruges.<br \/>\nHa registrato per enti radiofonici e televisivi ed ha inciso dischi; ha tenuto concerti in Germania, in Inghilterra, nei Paesi Bassi, in Belgio, in Francia, in Spagna, in Portogallo, in Italia, in Svizzera, in Austria, in Polonia, in Cecoslovacchia, negli Stati Uniti e nel Canada, in Mexico, in Brasile, in Uruguay, in Argentina ed in Giappone.<br \/>\nDal 1972 \u00e8 organista titolare della Johanneskirche a Friburgo (Bresgau) e professore d\u2019organo dell\u2019 Accademia Pedagogica della stessa citt\u00e0.<br \/>\nNel 1976 ha terminato i suoi studi conseguendo il diploma di concertista (\u201ePrix d\u2019excellence\u201c) nella classe del Prof. Doerr. Nel 1979 ha ottenuto il 2\u00b0 Premio al Concorso Internazionale d\u2019organo di Saarbr\u00fccken.<br \/>\nDall\u2019 anno accademico 1979 \/ 1980 \u00e8 stato nominato professore d\u2019organo alla Hochschule f\u00fcr Kirchenmusik (Conservatorio superiore della musica sacra) di Rottenburg.<br \/>\nDal 1987 ricopre l&#8217;incarico di esperto della fattura d\u2019organo all\u2019 arcidiocesi di Friburgo.<br \/>\nDal 1997 e&#8217; Direttore artistico del famoso Festival Internazionale di musica sacra nel Duomo di St. Blasien (Selva nera) .<br \/>\nDal 2011 e&#8217; Organista Titolare del Duomo di St. Blasien.<br \/>\nLa critica musicale ha sempre sottolineato il virtuosismo di Bernhard Marx, la fedelt\u00e0 delle sue interpretazioni e l\u2019espressivit\u00e0 nell\u2019 uso dei registri.<\/p>\n<p>Originale e divertente il programma proposto, che si aprir\u00e0 con un ciclo di danze rinascimentali per concludersi ancora con una serie di brani di danza, questa volta dell&#8217;Ottocento svizzero, passando attraverso Sweelinck, Cl\u00e9rambault, Bach, Haydn, Beethoven e la Variazioni sull&#8217;inno della Marsigliese di Balbastre, brano che, si dice, serv\u00ec a salvare la vita all&#8217;autore durante la Rivoluzione francese, perch\u00e9, nel momento in cui le truppe rivoluzionarie fecero irruzione nella chiesa di San Rocco a Parigi, lui, che era musico di corte ed insegnante di musica della regina Maria Antonietta, pens\u00f2 bene di accoglierle\u00a0suonandolo all&#8217;organo della\u00a0 di cui era titolare.<\/p>\n<p>Il concerto fa parte della XLII\u00a0Stagione sugli organi storici della provincia di Alessandria, organizzata dagli Amici dell&#8217;Organo e sostenuta dalle Fondazioni CRT, CRAL, SociAl e dal Gruppo Amag.<\/p>\n","protected":false},"excerpt":{"rendered":"<p>Concerto Bernhard Marx &#8211; 13 agosto 2021 venerd\u00ec 13 agosto ore 21 ARQUATA SCRIVIA, chiesa Parrocchiale BERNHARD MARX, organo (Germania) XLII Stagione internazionale di concerti sugli organi storici E&#8217; obbligatoria &hellip; <a href=\"https:\/\/www.amicidellorgano.org\/index.php\/event\/concerto-bernhard-marx-13-agosto-2021\/\" class=\"more-link\">Continua la lettura di <span class=\"screen-reader-text\">Concerto Bernhard Marx &#8211; 13 agosto 2021<\/span> <span class=\"meta-nav\">&rarr;<\/span><\/a><\/p>\n","protected":false},"author":1,"featured_media":0,"template":"","meta":{"_tribe_events_status":"","_tribe_events_status_reason":"","footnotes":""},"tags":[173,134,189],"tribe_events_cat":[190],"class_list":["post-1472","tribe_events","type-tribe_events","status-publish","hentry","tag-arquata-scrivia","tag-bernhard-marx","tag-concerti2021","tribe_events_cat-concerti-2021","cat_concerti-2021"],"_links":{"self":[{"href":"https:\/\/www.amicidellorgano.org\/index.php\/wp-json\/wp\/v2\/tribe_events\/1472"}],"collection":[{"href":"https:\/\/www.amicidellorgano.org\/index.php\/wp-json\/wp\/v2\/tribe_events"}],"about":[{"href":"https:\/\/www.amicidellorgano.org\/index.php\/wp-json\/wp\/v2\/types\/tribe_events"}],"author":[{"embeddable":true,"href":"https:\/\/www.amicidellorgano.org\/index.php\/wp-json\/wp\/v2\/users\/1"}],"version-history":[{"count":3,"href":"https:\/\/www.amicidellorgano.org\/index.php\/wp-json\/wp\/v2\/tribe_events\/1472\/revisions"}],"predecessor-version":[{"id":1479,"href":"https:\/\/www.amicidellorgano.org\/index.php\/wp-json\/wp\/v2\/tribe_events\/1472\/revisions\/1479"}],"wp:attachment":[{"href":"https:\/\/www.amicidellorgano.org\/index.php\/wp-json\/wp\/v2\/media?parent=1472"}],"wp:term":[{"taxonomy":"post_tag","embeddable":true,"href":"https:\/\/www.amicidellorgano.org\/index.php\/wp-json\/wp\/v2\/tags?post=1472"},{"taxonomy":"tribe_events_cat","embeddable":true,"href":"https:\/\/www.amicidellorgano.org\/index.php\/wp-json\/wp\/v2\/tribe_events_cat?post=1472"}],"curies":[{"name":"wp","href":"https:\/\/api.w.org\/{rel}","templated":true}]}}

<p><strong>Concerto Bernhard Marx &#8211; 13 agosto 2021</strong></p>
<p><img loading="lazy" decoding="async" class="aligncenter size-large wp-image-1471" src="http://www.amicidellorgano.org/wp-content/uploads/concerti2021/06-bernhard-marx-677x1024.jpg" alt="Concerto Bernhard Marx - 13 agosto 2021" width="474" height="717" /></p>
<p><strong>venerdì 13 agosto ore 21</strong><br />
<strong>ARQUATA SCRIVIA, chiesa Parrocchiale</strong><br />
<strong>BERNHARD MARX, organo (Germania)</strong><br />
<strong>XLII Stagione internazionale di concerti sugli organi storici<br />
</strong></p>
<p><strong>E&#8217; obbligatoria l&#8217;esposizione del green pass vaccinale per assistere ai concerti d&#8217;organo</strong></p>
<p>Sarà il noto organista tedesco BERNHARD MARX, che già è stato ospite per due volte della Stagione di Concerti degli Amici dell&#8217;organo, ad esibirsi venerdì 13 agosto alle ore 21.30 nella chiesa Parrocchiale di ARQUATA SCRIVIA, ove esiste un pregevole organo &#8220;Locatelli&#8221; (successori Serassi) della seconda metà del XIX secolo.</p>
<p>Veramente importante il curriculum dell&#8217;artista, allievo di Marie-Claire Alain (Parigi), di Ludwig Doerr (Saarbrücken / Freiburg) e di Gaston Litaize (Parigi); ha inoltre partecipato a diversi corsi internazionali di perfezionamento con Anton Heiller (Vienna) e con Luigi Ferdinando Tagliavini (Bologna).<br />
Dal 1972 al 1975 gli è stata concessa una borsa di studio del „Deutscher Akademischer Austauschdienst Bonn“ per i suoi studi a Parigi.<br />
Nal 1973 ha vinto il 3° Premio del Concorso Internazionale d’Organo Johann Sebastian Bach a Bruges.<br />
Ha registrato per enti radiofonici e televisivi ed ha inciso dischi; ha tenuto concerti in Germania, in Inghilterra, nei Paesi Bassi, in Belgio, in Francia, in Spagna, in Portogallo, in Italia, in Svizzera, in Austria, in Polonia, in Cecoslovacchia, negli Stati Uniti e nel Canada, in Mexico, in Brasile, in Uruguay, in Argentina ed in Giappone.<br />
Dal 1972 è organista titolare della Johanneskirche a Friburgo (Bresgau) e professore d’organo dell’ Accademia Pedagogica della stessa città.<br />
Nel 1976 ha terminato i suoi studi conseguendo il diploma di concertista („Prix d’excellence“) nella classe del Prof. Doerr. Nel 1979 ha ottenuto il 2° Premio al Concorso Internazionale d’organo di Saarbrücken.<br />
Dall’ anno accademico 1979 / 1980 è stato nominato professore d’organo alla Hochschule für Kirchenmusik (Conservatorio superiore della musica sacra) di Rottenburg.<br />
Dal 1987 ricopre l&#8217;incarico di esperto della fattura d’organo all’ arcidiocesi di Friburgo.<br />
Dal 1997 e&#8217; Direttore artistico del famoso Festival Internazionale di musica sacra nel Duomo di St. Blasien (Selva nera) .<br />
Dal 2011 e&#8217; Organista Titolare del Duomo di St. Blasien.<br />
La critica musicale ha sempre sottolineato il virtuosismo di Bernhard Marx, la fedeltà delle sue interpretazioni e l’espressività nell’ uso dei registri.</p>
<p>Originale e divertente il programma proposto, che si aprirà con un ciclo di danze rinascimentali per concludersi ancora con una serie di brani di danza, questa volta dell&#8217;Ottocento svizzero, passando attraverso Sweelinck, Clérambault, Bach, Haydn, Beethoven e la Variazioni sull&#8217;inno della Marsigliese di Balbastre, brano che, si dice, servì a salvare la vita all&#8217;autore durante la Rivoluzione francese, perché, nel momento in cui le truppe rivoluzionarie fecero irruzione nella chiesa di San Rocco a Parigi, lui, che era musico di corte ed insegnante di musica della regina Maria Antonietta, pensò bene di accoglierle suonandolo all&#8217;organo della  di cui era titolare.</p>
<p>Il concerto fa parte della XLII Stagione sugli organi storici della provincia di Alessandria, organizzata dagli Amici dell&#8217;Organo e sostenuta dalle Fondazioni CRT, CRAL, SociAl e dal Gruppo Amag.</p>

<p>Concerto Bernhard Marx &#8211; 13 agosto 2021 venerdì 13 agosto ore 21 ARQUATA SCRIVIA, chiesa Parrocchiale BERNHARD MARX, organo (Germania) XLII Stagione internazionale di concerti sugli organi storici E&#8217; obbligatoria &hellip; <a href="https://www.amicidellorgano.org/index.php/event/concerto-bernhard-marx-13-agosto-2021/" class="more-link">Continua la lettura di <span class="screen-reader-text">Concerto Bernhard Marx &#8211; 13 agosto 2021</span> <span class="meta-nav">&rarr;</span></a></p>
