{"id":1438,"date":"2021-07-12T14:02:43","date_gmt":"2021-07-12T12:02:43","guid":{"rendered":"https:\/\/www.amicidellorgano.org\/?post_type=tribe_events&#038;p=1438"},"modified":"2021-07-12T14:14:04","modified_gmt":"2021-07-12T12:14:04","slug":"concerto-roberto-padoin-18-luglio-2021","status":"publish","type":"tribe_events","link":"https:\/\/www.amicidellorgano.org\/index.php\/event\/concerto-roberto-padoin-18-luglio-2021\/","title":{"rendered":"Concerto Roberto Padoin &#8211; 18 luglio 2021"},"content":{"rendered":"<p><strong>Concerto Roberto Padoin &#8211; 18 luglio 2021<\/strong><\/p>\n<p>&nbsp;<\/p>\n<p><img loading=\"lazy\" decoding=\"async\" class=\"aligncenter size-large wp-image-1433\" src=\"http:\/\/www.amicidellorgano.org\/wp-content\/uploads\/concerti2021\/02-roberto-padoin-1-1024x682.jpg\" alt=\"Concerto Roberto Padoin - 18 luglio 2021\" width=\"474\" height=\"316\" \/><\/p>\n<p><strong>domenica 18 luglio ore 17<\/strong><br \/>\n<strong>CASALNOCETO, chiesa Parrocchiale<\/strong><br \/>\n<strong>ROBERTO PADOIN, organo<br \/>\nXLII Stagione internazionale di concerti sugli organi storici<br \/>\n<\/strong><\/p>\n<p>Domenica 18 luglio alle ore\u00a017 nella\u00a0\u00a0chiesa Parrocchiale di\u00a0CASALNOCETO avr\u00e0 luogo il secondo appuntamento della XLII Stagione Internazionale di concerti sugli organi storici della provincia di Alessandria.<\/p>\n<p>All&#8217;affascinante organo &#8220;Lingiardi&#8221;, notevole per l&#8217;ampia tavolozza di sonorit\u00e0 strumentali, sieder\u00e0 il maestro veneto\u00a0ROBERTO PADOIN, che proporr\u00e0 un programma di gradevole ascolto con brani di Speth, Pasquini, Haendel, Mozart e dell&#8217;Ottocento italiano.<\/p>\n<p><strong>Roberto Padoin<\/strong> ha compiuto gli studi musicali presso il Conservatorio \u201cB. Marcello\u201d di Venezia conseguendo i diplomi di Organo con S. Tonon, Musica Prepolifonica con P. Ernetti, Composizione, Musica Corale e Direzione di coro con M. Viezzer. Ha seguito vari corsi di perfezionamento per la musica organistica e da camera e ha studiato Direzione d\u2019orchestra con L. Descev.<br \/>\nDirettore dal 1989 al 2007 dell&#8217;Orchestra da Camera Accademia Veneta, ha svolto con questo gruppo un\u2019ampia attivit\u00e0 concertistica, di concertazione e di registrazione di CD.<br \/>\nSia come direttore che come esecutore ha scelto di affrontare brani di differenti epoche storiche, ponendo sempre attenzione alle relative prassi esecutive nell\u2019intento di proporre sonorit\u00e0 e stili musicali opportunamente diversificati.<br \/>\nCome solista all&#8217;organo \u00e8 frequentemente invitato a festival e rassegne in Italia e nei vari paesi europei, esibendosi in sedi prestigiose e presentando un repertorio che si estende dagli autori antichi fino ai contemporanei, dei quali ha presentato varie prime esecuzioni. Ha inciso un CD di musiche venete per organo tra \u2018700 e \u2018800, due CD dedicati alle forme di variazione dal XVII al XX secolo e un CD con musiche di M. Viezzer (1925-2009).<br \/>\n\u00c8 frequentemente invitato a far parte di giurie di concorsi organistici nazionali ed internazionali ed \u00e8 membro della Commissione di Musica Sacra della propria diocesi per la quale si interessa al restauro degli organi storici e alla progettazione di nuovi strumenti.<br \/>\n\u00c8 autore di musiche per organo e per formazioni cameristiche, e di vari brani per coro eseguiti in concerti e concorsi in Italia e all\u2019estero ed entrati nel repertorio di parecchie formazioni corali. Sue musiche corali sono state pubblicate, scelte per varie incisioni discografiche e trasmesse dalla RAI e da altre emittenti. Fino al 2019 \u00e8 stato docente di Pratica Organistica e Canto Gregoriano e di Organo al Conservatorio di Venezia. \u00c8 organista al Duomo di Serravalle &#8211; Vittorio Veneto dove \u00e8 anche direttore artistico della \u201cRassegna Internazionale di Musica per Organo\u201d.L<\/p>\n<p>La\u00a0Stagione 2021 \u00e8 sostenuta dalla Fondazione Cassa di Risparmio di Alessandria, dalla Fondazione SociAl, dalla Fondazione CRT e dall&#8217; AMAG,\u00a0 ed \u00e8 patrocinata da Regione Piemonte, Consiglio Regionale del Piemonte, Provincia di Alessandria, Comune di Alessandria, Conservatorio &#8220;A. Vivaldi&#8221;, Club Unesco Alessandria, Alexala e Confesercenti di Alessandria.<\/p>\n<p><strong>Programma<br \/>\n<\/strong>J. SPETH &#8211; Partite diverse sopra l&#8217;Aria detta La Pasquina<br \/>\n(1664-1719)<\/p>\n<p>J.B. LULLY &#8211; Chaconne (dall&#8217;opera Phaeton)<br \/>\n(1632-1687)\u00a0 \u00a0\u00a0trascriz. di anonimo francese (sec.XVII)<\/p>\n<p>J. S. BACH &#8211; Jesu meine Zuversicht BWV 726<br \/>\n(1685-1750) &#8211; Fantasia e Fuga in La min. BWV 561 (attribuita)<\/p>\n<p>D. ZIPOLI &#8211; Folias<br \/>\n(1688-1726) &#8211; Pastorale<\/p>\n<p>G. F. HANDEL &#8211; Overture to Otho<br \/>\n(1685-1759) trascriz. Walsh, Londra 1750 ca.<\/p>\n<p>W.A. MOZART &#8211; Adagio KV 356<br \/>\n(1756-1791) &#8211; Marcia KV 408\/1<\/p>\n<p>N. PICCINNI &#8211; Sinfonia<br \/>\n(1728-1800) Allegro spiritoso, Andante, Presto<br \/>\ntrascriz. di anonimo dell&#8217;Ouverture dall&#8217;opera \u201cLa buona figliola\u201d<\/p>\n<p>G. DONIZETTI &#8211; Andante religioso<br \/>\n(1797-1848)<\/p>\n<p>G. VALERI &#8211; Grande Sinfonia per Organo coll&#8217;Adagio Pastorale<br \/>\n(1760-1822)<\/p>\n","protected":false},"excerpt":{"rendered":"<p>Concerto Roberto Padoin &#8211; 18 luglio 2021 &nbsp; domenica 18 luglio ore 17 CASALNOCETO, chiesa Parrocchiale ROBERTO PADOIN, organo XLII Stagione internazionale di concerti sugli organi storici Domenica 18 luglio &hellip; <a href=\"https:\/\/www.amicidellorgano.org\/index.php\/event\/concerto-roberto-padoin-18-luglio-2021\/\" class=\"more-link\">Continua la lettura di <span class=\"screen-reader-text\">Concerto Roberto Padoin &#8211; 18 luglio 2021<\/span> <span class=\"meta-nav\">&rarr;<\/span><\/a><\/p>\n","protected":false},"author":1,"featured_media":0,"template":"","meta":{"_tribe_events_status":"","_tribe_events_status_reason":"","footnotes":""},"tags":[29,189,193],"tribe_events_cat":[190],"class_list":["post-1438","tribe_events","type-tribe_events","status-publish","hentry","tag-casalnoceto","tag-concerti2021","tag-roberto-padoin","tribe_events_cat-concerti-2021","cat_concerti-2021"],"_links":{"self":[{"href":"https:\/\/www.amicidellorgano.org\/index.php\/wp-json\/wp\/v2\/tribe_events\/1438"}],"collection":[{"href":"https:\/\/www.amicidellorgano.org\/index.php\/wp-json\/wp\/v2\/tribe_events"}],"about":[{"href":"https:\/\/www.amicidellorgano.org\/index.php\/wp-json\/wp\/v2\/types\/tribe_events"}],"author":[{"embeddable":true,"href":"https:\/\/www.amicidellorgano.org\/index.php\/wp-json\/wp\/v2\/users\/1"}],"version-history":[{"count":2,"href":"https:\/\/www.amicidellorgano.org\/index.php\/wp-json\/wp\/v2\/tribe_events\/1438\/revisions"}],"predecessor-version":[{"id":1442,"href":"https:\/\/www.amicidellorgano.org\/index.php\/wp-json\/wp\/v2\/tribe_events\/1438\/revisions\/1442"}],"wp:attachment":[{"href":"https:\/\/www.amicidellorgano.org\/index.php\/wp-json\/wp\/v2\/media?parent=1438"}],"wp:term":[{"taxonomy":"post_tag","embeddable":true,"href":"https:\/\/www.amicidellorgano.org\/index.php\/wp-json\/wp\/v2\/tags?post=1438"},{"taxonomy":"tribe_events_cat","embeddable":true,"href":"https:\/\/www.amicidellorgano.org\/index.php\/wp-json\/wp\/v2\/tribe_events_cat?post=1438"}],"curies":[{"name":"wp","href":"https:\/\/api.w.org\/{rel}","templated":true}]}}

<p><strong>Concerto Roberto Padoin &#8211; 18 luglio 2021</strong></p>
<p>&nbsp;</p>
<p><img loading="lazy" decoding="async" class="aligncenter size-large wp-image-1433" src="http://www.amicidellorgano.org/wp-content/uploads/concerti2021/02-roberto-padoin-1-1024x682.jpg" alt="Concerto Roberto Padoin - 18 luglio 2021" width="474" height="316" /></p>
<p><strong>domenica 18 luglio ore 17</strong><br />
<strong>CASALNOCETO, chiesa Parrocchiale</strong><br />
<strong>ROBERTO PADOIN, organo<br />
XLII Stagione internazionale di concerti sugli organi storici<br />
</strong></p>
<p>Domenica 18 luglio alle ore 17 nella  chiesa Parrocchiale di CASALNOCETO avrà luogo il secondo appuntamento della XLII Stagione Internazionale di concerti sugli organi storici della provincia di Alessandria.</p>
<p>All&#8217;affascinante organo &#8220;Lingiardi&#8221;, notevole per l&#8217;ampia tavolozza di sonorità strumentali, siederà il maestro veneto ROBERTO PADOIN, che proporrà un programma di gradevole ascolto con brani di Speth, Pasquini, Haendel, Mozart e dell&#8217;Ottocento italiano.</p>
<p><strong>Roberto Padoin</strong> ha compiuto gli studi musicali presso il Conservatorio “B. Marcello” di Venezia conseguendo i diplomi di Organo con S. Tonon, Musica Prepolifonica con P. Ernetti, Composizione, Musica Corale e Direzione di coro con M. Viezzer. Ha seguito vari corsi di perfezionamento per la musica organistica e da camera e ha studiato Direzione d’orchestra con L. Descev.<br />
Direttore dal 1989 al 2007 dell&#8217;Orchestra da Camera Accademia Veneta, ha svolto con questo gruppo un’ampia attività concertistica, di concertazione e di registrazione di CD.<br />
Sia come direttore che come esecutore ha scelto di affrontare brani di differenti epoche storiche, ponendo sempre attenzione alle relative prassi esecutive nell’intento di proporre sonorità e stili musicali opportunamente diversificati.<br />
Come solista all&#8217;organo è frequentemente invitato a festival e rassegne in Italia e nei vari paesi europei, esibendosi in sedi prestigiose e presentando un repertorio che si estende dagli autori antichi fino ai contemporanei, dei quali ha presentato varie prime esecuzioni. Ha inciso un CD di musiche venete per organo tra ‘700 e ‘800, due CD dedicati alle forme di variazione dal XVII al XX secolo e un CD con musiche di M. Viezzer (1925-2009).<br />
È frequentemente invitato a far parte di giurie di concorsi organistici nazionali ed internazionali ed è membro della Commissione di Musica Sacra della propria diocesi per la quale si interessa al restauro degli organi storici e alla progettazione di nuovi strumenti.<br />
È autore di musiche per organo e per formazioni cameristiche, e di vari brani per coro eseguiti in concerti e concorsi in Italia e all’estero ed entrati nel repertorio di parecchie formazioni corali. Sue musiche corali sono state pubblicate, scelte per varie incisioni discografiche e trasmesse dalla RAI e da altre emittenti. Fino al 2019 è stato docente di Pratica Organistica e Canto Gregoriano e di Organo al Conservatorio di Venezia. È organista al Duomo di Serravalle &#8211; Vittorio Veneto dove è anche direttore artistico della “Rassegna Internazionale di Musica per Organo”.L</p>
<p>La Stagione 2021 è sostenuta dalla Fondazione Cassa di Risparmio di Alessandria, dalla Fondazione SociAl, dalla Fondazione CRT e dall&#8217; AMAG,  ed è patrocinata da Regione Piemonte, Consiglio Regionale del Piemonte, Provincia di Alessandria, Comune di Alessandria, Conservatorio &#8220;A. Vivaldi&#8221;, Club Unesco Alessandria, Alexala e Confesercenti di Alessandria.</p>
<p><strong>Programma<br />
</strong>J. SPETH &#8211; Partite diverse sopra l&#8217;Aria detta La Pasquina<br />
(1664-1719)</p>
<p>J.B. LULLY &#8211; Chaconne (dall&#8217;opera Phaeton)<br />
(1632-1687)    trascriz. di anonimo francese (sec.XVII)</p>
<p>J. S. BACH &#8211; Jesu meine Zuversicht BWV 726<br />
(1685-1750) &#8211; Fantasia e Fuga in La min. BWV 561 (attribuita)</p>
<p>D. ZIPOLI &#8211; Folias<br />
(1688-1726) &#8211; Pastorale</p>
<p>G. F. HANDEL &#8211; Overture to Otho<br />
(1685-1759) trascriz. Walsh, Londra 1750 ca.</p>
<p>W.A. MOZART &#8211; Adagio KV 356<br />
(1756-1791) &#8211; Marcia KV 408/1</p>
<p>N. PICCINNI &#8211; Sinfonia<br />
(1728-1800) Allegro spiritoso, Andante, Presto<br />
trascriz. di anonimo dell&#8217;Ouverture dall&#8217;opera “La buona figliola”</p>
<p>G. DONIZETTI &#8211; Andante religioso<br />
(1797-1848)</p>
<p>G. VALERI &#8211; Grande Sinfonia per Organo coll&#8217;Adagio Pastorale<br />
(1760-1822)</p>
