{"id":1355,"date":"2020-09-22T14:12:38","date_gmt":"2020-09-22T12:12:38","guid":{"rendered":"http:\/\/www.amicidellorgano.org\/?post_type=tribe_events&#038;p=1355"},"modified":"2020-09-22T14:14:37","modified_gmt":"2020-09-22T12:14:37","slug":"concerto-elena-e-letizia-romiti-27-settembre-2020","status":"publish","type":"tribe_events","link":"https:\/\/www.amicidellorgano.org\/index.php\/event\/concerto-elena-e-letizia-romiti-27-settembre-2020\/","title":{"rendered":"Concerto Elena e Letizia Romiti &#8211; 27 settembre 2020"},"content":{"rendered":"<p><strong>Concerto Elena e Letizia Romiti &#8211; 27 settembre 2020<\/strong><\/p>\n<p><img loading=\"lazy\" decoding=\"async\" class=\"aligncenter wp-image-1358 size-large\" src=\"http:\/\/www.amicidellorgano.org\/wp-content\/uploads\/concerti2020\/10-letizia-elena-romiti-1024x726.jpg\" alt=\"Concerto Elena e Letizia Romiti - 27 settembre 2020\" width=\"474\" height=\"336\" \/><\/p>\n<p><strong>domenica 27 settembre ore 17<\/strong><br \/>\n<strong>FUBINE, chiesa Parrocchiale<\/strong><br \/>\n<strong>ELENA ROMITI, oboe<\/strong><br \/>\n<strong>LETIZIA ROMITI, organo<\/strong><br \/>\n<strong>XLI Stagione internazionale di concerti sugli organi storici<br \/>\n<\/strong><\/p>\n<p>Secondo la normativa anti Covid-19 per l\u2019accesso ai concerti sar\u00e0 necessario essere muniti di mascherina ed osservare le distanze previste, ad ogni modo nelle chiese troverete i posti gi\u00e0 distanziati come per le celebrazioni liturgiche.<br \/>\n<strong>Visto il numero limitato dei posti, specialmente nelle chiese di non estese dimensioni, \u00e8 caldamente raccomandabile la prenotazione dei posti, telefonando al 3387193623 oppure via mail scrivendo a<\/strong><br \/>\n<strong><a href=\"&#109;&#97;&#x69;l&#116;&#x6f;&#x3a;l&#101;&#x74;&#x69;z&#105;&#x61;&#x2e;r&#111;&#x6d;&#x69;t&#105;&#x40;&#x67;m&#97;&#x69;l&#46;&#99;&#x6f;m\">letizia&#46;romi&#116;&#105;&#64;&#103;&#109;&#97;&#105;&#108;&#46;&#99;&#111;&#109;<\/a><\/strong><\/p>\n<p>Per la prima volta in quarantun&#8217;anni la Stagione sugli organi storici della provincia di Alessandria far\u00e0 tappa a Fubine, grazie all&#8217;interessamento dell&#8217;Amministrazione Comunale ed alla collaborazione della Parrocchia e dell&#8217; Associazione Culturale &#8220;Monferrato 2020&#8221;. Domenica 27 settembre alle ore 17 nella chiesa Parrocchiale si potranno ascoltare ELENA ROMITI all&#8217;oboe e LETIZIA ROMITI all&#8217;organo &#8220;Lingiardi&#8221; ivi conservato, ma anche al clavicembalo italiano copia di un &#8220;Giusti&#8221; della fine del &#8216;600 costruito da Giuseppe Corazza di Grondona, che arricchir\u00e0 per questa occasione l&#8217;organico strumentale.<br \/>\nIl programma prevede brani di\u00a0J. S. Bach (Sinfonie dalle Cantate BWV 156 e\u00a0\u00a0BWV 249\u00a0per oboe e\u00a0clavicembalo),\u00a0 le notissime\u00a0Variazioni su \u201cGreensleeves\u201d per oboe e basso continuo di un Anonimo celtico del diciassettesimo secolo, la Partita n.1 in la maggiore per oboe solo e sempre di Telemann la complessa\u00a0Partita in sol minore per oboe e basso continuo nei tempi\u00a0Grave,\u00a0Allegro,\u00a0Allegro,\u00a0Tempo di Minue,\u00a0Allegro,\u00a0Tempo giusto,\u00a0\u00a0Allegro assai. Brani per solo strumento da tasto si alterneranno a quelli con l&#8217;oboe.<\/p>\n<p><strong>Elena Romiti<\/strong> si \u00e8 diplomata in oboe presso il Conservatorio &#8220;A. Vivaldi&#8221; di Alessandria sotto la guida di O. Zoboli ed in oboe barocco presso la scuola Civica di Musica di Milano.Si \u00e8 poi laureata presso il DAMS di Brescia con una tesi sulla produzione di Robert Ashley e di Steve Reich., relatore Fabrizio Chirico.<br \/>\nHa seguito seminari con O. Zoboli e R. Canter in diverse edizioni dei Corsi Internazionali di Perfezionamento &#8220;Tullio Macoggi&#8221; di Varenna (Co).<br \/>\nSvolge attivit\u00e0 concertistica in duo con pianoforte, chitarra, organo e cembalo ed in formazioni cameristiche classiche e contemporanee, tra cui il &#8220;Carpinensemble&#8221; di cui \u00e8 fondatrice. Come solista ha tenuto concerti in Italia, Spagna, Francia, Austria e Germania riportando lusinghieri consensi da parte della stampa. Col complesso da camera &#8220;Accademia dei Solinghi&#8221; di Torino, ha partecipato alla registrazione su compact disc della cantata di Johan Kuhnau &#8220;Uns ist ein Kind Geboren&#8221;.<\/p>\n<p><strong>Letizia Romiti<\/strong>, \u00a0diplomata in organo e composizione organistica sotto la guida di Luigi Benedetti presso il Conservatorio &#8220;G. Verdi&#8221; di Milano, ha conseguito presso l\u2019Universit\u00e0 della stessa citt\u00e0, la laurea in Filosofia con una tesi sulle Messe organistiche di Gerolamo Cavazzoni, relatore Guglielmo Barblan. Si \u00e8 poi diplomata in clavicembalo presso il Conservatorio di Musica di Brescia dove ha studiato con Fiorella Brancacci. Ha frequentato il corso di L. F. Tagliavini presso l\u2019Accademia di Musica Antica Italiana per Organo a Pistoia e corsi di interpretazione tenuti da K. Gilbert e T. Koopman. Ha pubblicato il volume &#8220;Gli organi storici della citt\u00e0 di Alessandria&#8221; ed ha tenuto concerti in tutta Europa e nell\u2019ex Unione Sovietica, esibendosi in rassegne e sedi prestigiose. Ha effettuato incisioni discografiche su organi storici in Italia e all\u2019estero. Ha tenuto masterclasses sulla musica antica italiana per organo ed \u00e8 stata docente di Organo e composizione organistica presso il Conservatorio &#8220;A. Vivaldi&#8221; di Alessandria.<\/p>\n","protected":false},"excerpt":{"rendered":"<p>Concerto Elena e Letizia Romiti &#8211; 27 settembre 2020 domenica 27 settembre ore 17 FUBINE, chiesa Parrocchiale ELENA ROMITI, oboe LETIZIA ROMITI, organo XLI Stagione internazionale di concerti sugli organi &hellip; <a href=\"https:\/\/www.amicidellorgano.org\/index.php\/event\/concerto-elena-e-letizia-romiti-27-settembre-2020\/\" class=\"more-link\">Continua la lettura di <span class=\"screen-reader-text\">Concerto Elena e Letizia Romiti &#8211; 27 settembre 2020<\/span> <span class=\"meta-nav\">&rarr;<\/span><\/a><\/p>\n","protected":false},"author":1,"featured_media":0,"template":"","meta":{"_tribe_events_status":"","_tribe_events_status_reason":"","footnotes":""},"tags":[172,46,185,18],"tribe_events_cat":[175],"class_list":["post-1355","tribe_events","type-tribe_events","status-publish","hentry","tag-concerti2020","tag-elena-romiti","tag-fubine","tag-letizia-romiti","tribe_events_cat-concerti-2020","cat_concerti-2020"],"_links":{"self":[{"href":"https:\/\/www.amicidellorgano.org\/index.php\/wp-json\/wp\/v2\/tribe_events\/1355"}],"collection":[{"href":"https:\/\/www.amicidellorgano.org\/index.php\/wp-json\/wp\/v2\/tribe_events"}],"about":[{"href":"https:\/\/www.amicidellorgano.org\/index.php\/wp-json\/wp\/v2\/types\/tribe_events"}],"author":[{"embeddable":true,"href":"https:\/\/www.amicidellorgano.org\/index.php\/wp-json\/wp\/v2\/users\/1"}],"version-history":[{"count":1,"href":"https:\/\/www.amicidellorgano.org\/index.php\/wp-json\/wp\/v2\/tribe_events\/1355\/revisions"}],"predecessor-version":[{"id":1360,"href":"https:\/\/www.amicidellorgano.org\/index.php\/wp-json\/wp\/v2\/tribe_events\/1355\/revisions\/1360"}],"wp:attachment":[{"href":"https:\/\/www.amicidellorgano.org\/index.php\/wp-json\/wp\/v2\/media?parent=1355"}],"wp:term":[{"taxonomy":"post_tag","embeddable":true,"href":"https:\/\/www.amicidellorgano.org\/index.php\/wp-json\/wp\/v2\/tags?post=1355"},{"taxonomy":"tribe_events_cat","embeddable":true,"href":"https:\/\/www.amicidellorgano.org\/index.php\/wp-json\/wp\/v2\/tribe_events_cat?post=1355"}],"curies":[{"name":"wp","href":"https:\/\/api.w.org\/{rel}","templated":true}]}}

<p><strong>Concerto Elena e Letizia Romiti &#8211; 27 settembre 2020</strong></p>
<p><img loading="lazy" decoding="async" class="aligncenter wp-image-1358 size-large" src="http://www.amicidellorgano.org/wp-content/uploads/concerti2020/10-letizia-elena-romiti-1024x726.jpg" alt="Concerto Elena e Letizia Romiti - 27 settembre 2020" width="474" height="336" /></p>
<p><strong>domenica 27 settembre ore 17</strong><br />
<strong>FUBINE, chiesa Parrocchiale</strong><br />
<strong>ELENA ROMITI, oboe</strong><br />
<strong>LETIZIA ROMITI, organo</strong><br />
<strong>XLI Stagione internazionale di concerti sugli organi storici<br />
</strong></p>
<p>Secondo la normativa anti Covid-19 per l’accesso ai concerti sarà necessario essere muniti di mascherina ed osservare le distanze previste, ad ogni modo nelle chiese troverete i posti già distanziati come per le celebrazioni liturgiche.<br />
<strong>Visto il numero limitato dei posti, specialmente nelle chiese di non estese dimensioni, è caldamente raccomandabile la prenotazione dei posti, telefonando al 3387193623 oppure via mail scrivendo a</strong><br />
<strong><a href="&#109;&#97;&#x69;l&#116;&#x6f;&#x3a;l&#101;&#x74;&#x69;z&#105;&#x61;&#x2e;r&#111;&#x6d;&#x69;t&#105;&#x40;&#x67;m&#97;&#x69;l&#46;&#99;&#x6f;m">letizia&#46;romi&#116;&#105;&#64;&#103;&#109;&#97;&#105;&#108;&#46;&#99;&#111;&#109;</a></strong></p>
<p>Per la prima volta in quarantun&#8217;anni la Stagione sugli organi storici della provincia di Alessandria farà tappa a Fubine, grazie all&#8217;interessamento dell&#8217;Amministrazione Comunale ed alla collaborazione della Parrocchia e dell&#8217; Associazione Culturale &#8220;Monferrato 2020&#8221;. Domenica 27 settembre alle ore 17 nella chiesa Parrocchiale si potranno ascoltare ELENA ROMITI all&#8217;oboe e LETIZIA ROMITI all&#8217;organo &#8220;Lingiardi&#8221; ivi conservato, ma anche al clavicembalo italiano copia di un &#8220;Giusti&#8221; della fine del &#8216;600 costruito da Giuseppe Corazza di Grondona, che arricchirà per questa occasione l&#8217;organico strumentale.<br />
Il programma prevede brani di J. S. Bach (Sinfonie dalle Cantate BWV 156 e  BWV 249 per oboe e clavicembalo),  le notissime Variazioni su “Greensleeves” per oboe e basso continuo di un Anonimo celtico del diciassettesimo secolo, la Partita n.1 in la maggiore per oboe solo e sempre di Telemann la complessa Partita in sol minore per oboe e basso continuo nei tempi Grave, Allegro, Allegro, Tempo di Minue, Allegro, Tempo giusto,  Allegro assai. Brani per solo strumento da tasto si alterneranno a quelli con l&#8217;oboe.</p>
<p><strong>Elena Romiti</strong> si è diplomata in oboe presso il Conservatorio &#8220;A. Vivaldi&#8221; di Alessandria sotto la guida di O. Zoboli ed in oboe barocco presso la scuola Civica di Musica di Milano.Si è poi laureata presso il DAMS di Brescia con una tesi sulla produzione di Robert Ashley e di Steve Reich., relatore Fabrizio Chirico.<br />
Ha seguito seminari con O. Zoboli e R. Canter in diverse edizioni dei Corsi Internazionali di Perfezionamento &#8220;Tullio Macoggi&#8221; di Varenna (Co).<br />
Svolge attività concertistica in duo con pianoforte, chitarra, organo e cembalo ed in formazioni cameristiche classiche e contemporanee, tra cui il &#8220;Carpinensemble&#8221; di cui è fondatrice. Come solista ha tenuto concerti in Italia, Spagna, Francia, Austria e Germania riportando lusinghieri consensi da parte della stampa. Col complesso da camera &#8220;Accademia dei Solinghi&#8221; di Torino, ha partecipato alla registrazione su compact disc della cantata di Johan Kuhnau &#8220;Uns ist ein Kind Geboren&#8221;.</p>
<p><strong>Letizia Romiti</strong>,  diplomata in organo e composizione organistica sotto la guida di Luigi Benedetti presso il Conservatorio &#8220;G. Verdi&#8221; di Milano, ha conseguito presso l’Università della stessa città, la laurea in Filosofia con una tesi sulle Messe organistiche di Gerolamo Cavazzoni, relatore Guglielmo Barblan. Si è poi diplomata in clavicembalo presso il Conservatorio di Musica di Brescia dove ha studiato con Fiorella Brancacci. Ha frequentato il corso di L. F. Tagliavini presso l’Accademia di Musica Antica Italiana per Organo a Pistoia e corsi di interpretazione tenuti da K. Gilbert e T. Koopman. Ha pubblicato il volume &#8220;Gli organi storici della città di Alessandria&#8221; ed ha tenuto concerti in tutta Europa e nell’ex Unione Sovietica, esibendosi in rassegne e sedi prestigiose. Ha effettuato incisioni discografiche su organi storici in Italia e all’estero. Ha tenuto masterclasses sulla musica antica italiana per organo ed è stata docente di Organo e composizione organistica presso il Conservatorio &#8220;A. Vivaldi&#8221; di Alessandria.</p>
