{"id":1263,"date":"2020-08-04T13:14:16","date_gmt":"2020-08-04T11:14:16","guid":{"rendered":"http:\/\/www.amicidellorgano.org\/?post_type=tribe_events&#038;p=1263"},"modified":"2020-08-06T14:33:57","modified_gmt":"2020-08-06T12:33:57","slug":"concerto-roberto-menichetti-30-agosto-2020","status":"publish","type":"tribe_events","link":"https:\/\/www.amicidellorgano.org\/index.php\/event\/concerto-roberto-menichetti-30-agosto-2020\/","title":{"rendered":"Concerto Roberto Menichetti &#8211; 30 agosto 2020"},"content":{"rendered":"<p><strong>Concerto Roberto Menichetti &#8211; 30 agosto 2020<\/strong><\/p>\n<p><img loading=\"lazy\" decoding=\"async\" class=\"aligncenter wp-image-1272 size-large\" src=\"http:\/\/www.amicidellorgano.org\/wp-content\/uploads\/concerti2020\/02-roberto-menichetti-728x1024.jpg\" alt=\"Concerto Roberto Menichetti - 30 agosto 2020\" width=\"474\" height=\"667\" \/><\/p>\n<p><strong>Domenica 30 agosto ore 17.30<br \/>\nGRONDONA, chiesa Parrocchiale<br \/>\nROBERTO MENICHETTI, organo<br \/>\nXLI Stagione internazionale di concerti sugli organi storici<br \/>\n<\/strong><\/p>\n<p>Secondo la normativa anti Covid-19 per l\u2019accesso ai concerti sar\u00e0 necessario essere muniti di mascherina ed osservare le distanze previste, ad ogni modo nelle chiese troverete i posti gi\u00e0 distanziati come per le celebrazioni liturgiche.<br \/>\n<strong>Visto il numero limitato dei posti, specialmente nelle chiese di non estese dimensioni, \u00e8 caldamente raccomandabile la prenotazione dei posti, telefonando al 3387193623 oppure via mail scrivendo a<\/strong><br \/>\n<strong><a href=\"&#109;&#x61;i&#x6c;&#x74;&#111;&#x3a;l&#x65;&#x74;&#105;&#x7a;i&#x61;&#x2e;&#114;&#x6f;m&#x69;&#x74;&#105;&#x40;g&#x6d;&#x61;&#105;&#x6c;&#46;&#x63;&#x6f;&#109;\">&#108;&#x65;&#116;&#x69;z&#x69;a&#46;&#x72;&#111;&#x6d;&#105;&#x74;i&#x40;g&#109;&#x61;&#105;&#x6c;&#46;&#x63;o&#x6d;<\/a><\/strong><\/p>\n<div dir=\"ltr\">\n<div class=\"gmail_default\">Domenica 30 agosto alle 17.30 sar\u00e0 invece la volta del prezioso &#8220;Giuliani&#8221; (1837) della Parrocchiale di Grondona, uno dei pi\u00f9 significativi esemplari che la provincia di Alessandria pu\u00f2 vantare.<\/div>\n<div class=\"gmail_default\">E&#8217; uno strumento non molto antico ma dalle caratteristiche assai arcaicizzanti, perci\u00f2 il raffinato programma che proporr\u00e0 il maestro Roberto Menichetti sar\u00e0 interamente dedicato al Barocco italiano e straniero, includendo anche interessanti pagine di origine nordica e di raro ascolto.<\/div>\n<div class=\"gmail_default\">Da questa edizione prende il via l&#8217;esperimento di affiancare ad un concerto l&#8217;illustrazione di un&#8217;importante opera d&#8217;arte presente nella chiesa dove questo si tiene, in modo da dare agli intervenuti l&#8217;opportunit\u00e0 di avere delucidazioni in merito ad un affresco o ad una scultura magari notati pi\u00f9 volte ma rimasti praticamente senza alcuna descrizione.<\/div>\n<div class=\"gmail_default\">Il dottor Silvano Bell\u00f2, storico locale e curatore del sito archeologico di Libarna, nonch\u00e9 attuale Assessore alla Cultura del Comune di Grondona, ci parler\u00e0 brevemente della bellissima Madonna lignea che nessuno che entri nella chiesa di Grondona pu\u00f2 fare a meno di notare. Sar\u00e0 sicuramente una piacevole scoperta specialmente per chi \u00e8 appassionato di musica ma non altrettanto competente nel campo artistico. Altri appuntamenti come questo impreziosiranno alcuni fra i concerti che seguiranno.<\/div>\n<div><\/div>\n<\/div>\n<p><strong>Programma<br \/>\n<\/strong>Claudio Merulo (1533-1604)<br \/>\nToccata Prima del V tono<\/p>\n<p>Luca Marenzio (1553-1599)<br \/>\nMadrigale intavolato Madonna sua merc\u00e8<br \/>\nMadrigale intavolato Zefiro torna<\/p>\n<p>Johann Ulrich Steigleder (1593-1635)<br \/>\nRicercar in re<\/p>\n<p>Melchior Schildt (1592-1667)<br \/>\nPaduana Lachrymae<\/p>\n<p>Heinrich Scheidemann (1596-1663)<br \/>\nPraeambulum in re<br \/>\nBenedicam Domino (Intavolatura di un Mottetto di H.Praetorius)<br \/>\nGalliarda in re<\/p>\n<p>Matthias Weckmann (1616-1674)<br \/>\nToccata ex d<br \/>\nCanzon IV<\/p>\n<p>Girolamo Frescobaldi (1583-1643)<br \/>\nToccata per l\u2019Elevazione (Messa degli Apostoli)<br \/>\nCapriccio sopra un Soggetto (1624)<\/p>\n<p><strong>ROBERTO MENICHETTI<\/strong><br \/>\nnato a Pisa, si \u00e8 diplomato al Conservatorio di Musica di Firenze, prima in Pianoforte e poi in Organo e Composizione Organistica, con il massimo dei voti. Intrapreso lo studio del Clavicembalo, si \u00e8 diplomato a pieni voti nel 1992, presso il Conservatorio di Bologna. Nel 1991 si \u00e8 trasferito ad Amsterdam, dove ha studiato Clavicembalo con Gustav Leonhardt, ottenendo il Diploma di concertista nel 1993 al Conservatorio \u201cSweelinck\u201d della stessa citt\u00e0.<br \/>\nSi \u00e8 sempre distinto in alcune delle pi\u00f9 importanti competizioni internazionali, come il Concorso nazionale organistico di Milano (2\u00b0 Premio exaequo, 1990), il Concorso Internazionale \u201cSchnitger\u201d di Alkmaar (finalista, 1991, Olanda), il Concorso Internazionale per Organo di Bruges (3\u00b0 Premio, 1994, Belgio), e infine, nel 1995, ha vinto il 3\u00b0 Premio (1\u00b0e 2\u00b0non assegnati) al Concorso Internazionale per Clavicembalo di Bruges, considerato uno dei palchi pi\u00f9 ambiti e conosciuti per le competizioni relative alla musica antica.<br \/>\nCome docente, ha collaborato con la Scuola Comunale di Musica \u201cMabellini\u201d di Pistoia, con il Conservatorio Statale di Musica di Campobasso finch\u00e9, in seguito alla vincita del Concorso Nazionale a cattedre indetto dal Ministero della Pubblica Istruzione, \u00e8 stato nominato in ruolo come docente di Organo e Composizione Organistica, insegnando al Conservatorio di Musica di Matera e al Conservatorio di Musica di Rovigo: \u00e8 attualmente titolare di cattedra al Conservatorio Statale di Musica \u201cG. Puccini\u201d di La Spezia.<br \/>\nSi dedica allo studio della musica antica, privilegiando esecuzioni su strumenti storici. Ha al suo attivo concerti nelle maggiori rassegne italiane e si \u00e8 esibito come solista all\u2019Organo e al Clavicembalo in Germania, Olanda, Svezia e Giappone. In Giappone ha tenuto concerti con musica strumentale di J.S.Bach, e Masterclass dedicate al Clavicembalo.<br \/>\nPer l\u2019etichetta La Bottega Discantica di Milano, ha inciso un CD dedicato agli Organi storici della Toscana.<br \/>\nE\u2019 Diacono permanente della Diocesi di Pisa.<\/p>\n","protected":false},"excerpt":{"rendered":"<p>Concerto Roberto Menichetti &#8211; 30 agosto 2020 Domenica 30 agosto ore 17.30 GRONDONA, chiesa Parrocchiale ROBERTO MENICHETTI, organo XLI Stagione internazionale di concerti sugli organi storici Secondo la normativa anti &hellip; <a href=\"https:\/\/www.amicidellorgano.org\/index.php\/event\/concerto-roberto-menichetti-30-agosto-2020\/\" class=\"more-link\">Continua la lettura di <span class=\"screen-reader-text\">Concerto Roberto Menichetti &#8211; 30 agosto 2020<\/span> <span class=\"meta-nav\">&rarr;<\/span><\/a><\/p>\n","protected":false},"author":1,"featured_media":0,"template":"","meta":{"_tribe_events_status":"","_tribe_events_status_reason":"","footnotes":""},"tags":[172,39,176],"tribe_events_cat":[175],"class_list":["post-1263","tribe_events","type-tribe_events","status-publish","hentry","tag-concerti2020","tag-grondona","tag-roberto-menichetti","tribe_events_cat-concerti-2020","cat_concerti-2020"],"_links":{"self":[{"href":"https:\/\/www.amicidellorgano.org\/index.php\/wp-json\/wp\/v2\/tribe_events\/1263"}],"collection":[{"href":"https:\/\/www.amicidellorgano.org\/index.php\/wp-json\/wp\/v2\/tribe_events"}],"about":[{"href":"https:\/\/www.amicidellorgano.org\/index.php\/wp-json\/wp\/v2\/types\/tribe_events"}],"author":[{"embeddable":true,"href":"https:\/\/www.amicidellorgano.org\/index.php\/wp-json\/wp\/v2\/users\/1"}],"version-history":[{"count":3,"href":"https:\/\/www.amicidellorgano.org\/index.php\/wp-json\/wp\/v2\/tribe_events\/1263\/revisions"}],"predecessor-version":[{"id":1273,"href":"https:\/\/www.amicidellorgano.org\/index.php\/wp-json\/wp\/v2\/tribe_events\/1263\/revisions\/1273"}],"wp:attachment":[{"href":"https:\/\/www.amicidellorgano.org\/index.php\/wp-json\/wp\/v2\/media?parent=1263"}],"wp:term":[{"taxonomy":"post_tag","embeddable":true,"href":"https:\/\/www.amicidellorgano.org\/index.php\/wp-json\/wp\/v2\/tags?post=1263"},{"taxonomy":"tribe_events_cat","embeddable":true,"href":"https:\/\/www.amicidellorgano.org\/index.php\/wp-json\/wp\/v2\/tribe_events_cat?post=1263"}],"curies":[{"name":"wp","href":"https:\/\/api.w.org\/{rel}","templated":true}]}}

<p><strong>Concerto Roberto Menichetti &#8211; 30 agosto 2020</strong></p>
<p><img loading="lazy" decoding="async" class="aligncenter wp-image-1272 size-large" src="http://www.amicidellorgano.org/wp-content/uploads/concerti2020/02-roberto-menichetti-728x1024.jpg" alt="Concerto Roberto Menichetti - 30 agosto 2020" width="474" height="667" /></p>
<p><strong>Domenica 30 agosto ore 17.30<br />
GRONDONA, chiesa Parrocchiale<br />
ROBERTO MENICHETTI, organo<br />
XLI Stagione internazionale di concerti sugli organi storici<br />
</strong></p>
<p>Secondo la normativa anti Covid-19 per l’accesso ai concerti sarà necessario essere muniti di mascherina ed osservare le distanze previste, ad ogni modo nelle chiese troverete i posti già distanziati come per le celebrazioni liturgiche.<br />
<strong>Visto il numero limitato dei posti, specialmente nelle chiese di non estese dimensioni, è caldamente raccomandabile la prenotazione dei posti, telefonando al 3387193623 oppure via mail scrivendo a</strong><br />
<strong><a href="&#109;&#x61;i&#x6c;&#x74;&#111;&#x3a;l&#x65;&#x74;&#105;&#x7a;i&#x61;&#x2e;&#114;&#x6f;m&#x69;&#x74;&#105;&#x40;g&#x6d;&#x61;&#105;&#x6c;&#46;&#x63;&#x6f;&#109;">&#108;&#x65;&#116;&#x69;z&#x69;a&#46;&#x72;&#111;&#x6d;&#105;&#x74;i&#x40;g&#109;&#x61;&#105;&#x6c;&#46;&#x63;o&#x6d;</a></strong></p>
<div dir="ltr">
<div class="gmail_default">Domenica 30 agosto alle 17.30 sarà invece la volta del prezioso &#8220;Giuliani&#8221; (1837) della Parrocchiale di Grondona, uno dei più significativi esemplari che la provincia di Alessandria può vantare.</div>
<div class="gmail_default">E&#8217; uno strumento non molto antico ma dalle caratteristiche assai arcaicizzanti, perciò il raffinato programma che proporrà il maestro Roberto Menichetti sarà interamente dedicato al Barocco italiano e straniero, includendo anche interessanti pagine di origine nordica e di raro ascolto.</div>
<div class="gmail_default">Da questa edizione prende il via l&#8217;esperimento di affiancare ad un concerto l&#8217;illustrazione di un&#8217;importante opera d&#8217;arte presente nella chiesa dove questo si tiene, in modo da dare agli intervenuti l&#8217;opportunità di avere delucidazioni in merito ad un affresco o ad una scultura magari notati più volte ma rimasti praticamente senza alcuna descrizione.</div>
<div class="gmail_default">Il dottor Silvano Bellò, storico locale e curatore del sito archeologico di Libarna, nonché attuale Assessore alla Cultura del Comune di Grondona, ci parlerà brevemente della bellissima Madonna lignea che nessuno che entri nella chiesa di Grondona può fare a meno di notare. Sarà sicuramente una piacevole scoperta specialmente per chi è appassionato di musica ma non altrettanto competente nel campo artistico. Altri appuntamenti come questo impreziosiranno alcuni fra i concerti che seguiranno.</div>
<div></div>
</div>
<p><strong>Programma<br />
</strong>Claudio Merulo (1533-1604)<br />
Toccata Prima del V tono</p>
<p>Luca Marenzio (1553-1599)<br />
Madrigale intavolato Madonna sua mercè<br />
Madrigale intavolato Zefiro torna</p>
<p>Johann Ulrich Steigleder (1593-1635)<br />
Ricercar in re</p>
<p>Melchior Schildt (1592-1667)<br />
Paduana Lachrymae</p>
<p>Heinrich Scheidemann (1596-1663)<br />
Praeambulum in re<br />
Benedicam Domino (Intavolatura di un Mottetto di H.Praetorius)<br />
Galliarda in re</p>
<p>Matthias Weckmann (1616-1674)<br />
Toccata ex d<br />
Canzon IV</p>
<p>Girolamo Frescobaldi (1583-1643)<br />
Toccata per l’Elevazione (Messa degli Apostoli)<br />
Capriccio sopra un Soggetto (1624)</p>
<p><strong>ROBERTO MENICHETTI</strong><br />
nato a Pisa, si è diplomato al Conservatorio di Musica di Firenze, prima in Pianoforte e poi in Organo e Composizione Organistica, con il massimo dei voti. Intrapreso lo studio del Clavicembalo, si è diplomato a pieni voti nel 1992, presso il Conservatorio di Bologna. Nel 1991 si è trasferito ad Amsterdam, dove ha studiato Clavicembalo con Gustav Leonhardt, ottenendo il Diploma di concertista nel 1993 al Conservatorio “Sweelinck” della stessa città.<br />
Si è sempre distinto in alcune delle più importanti competizioni internazionali, come il Concorso nazionale organistico di Milano (2° Premio exaequo, 1990), il Concorso Internazionale “Schnitger” di Alkmaar (finalista, 1991, Olanda), il Concorso Internazionale per Organo di Bruges (3° Premio, 1994, Belgio), e infine, nel 1995, ha vinto il 3° Premio (1°e 2°non assegnati) al Concorso Internazionale per Clavicembalo di Bruges, considerato uno dei palchi più ambiti e conosciuti per le competizioni relative alla musica antica.<br />
Come docente, ha collaborato con la Scuola Comunale di Musica “Mabellini” di Pistoia, con il Conservatorio Statale di Musica di Campobasso finché, in seguito alla vincita del Concorso Nazionale a cattedre indetto dal Ministero della Pubblica Istruzione, è stato nominato in ruolo come docente di Organo e Composizione Organistica, insegnando al Conservatorio di Musica di Matera e al Conservatorio di Musica di Rovigo: è attualmente titolare di cattedra al Conservatorio Statale di Musica “G. Puccini” di La Spezia.<br />
Si dedica allo studio della musica antica, privilegiando esecuzioni su strumenti storici. Ha al suo attivo concerti nelle maggiori rassegne italiane e si è esibito come solista all’Organo e al Clavicembalo in Germania, Olanda, Svezia e Giappone. In Giappone ha tenuto concerti con musica strumentale di J.S.Bach, e Masterclass dedicate al Clavicembalo.<br />
Per l’etichetta La Bottega Discantica di Milano, ha inciso un CD dedicato agli Organi storici della Toscana.<br />
E’ Diacono permanente della Diocesi di Pisa.</p>
