{"id":1184,"date":"2019-11-03T19:23:07","date_gmt":"2019-11-03T18:23:07","guid":{"rendered":"http:\/\/www.amicidellorgano.org\/?post_type=tribe_events&#038;p=1184"},"modified":"2019-11-03T19:23:07","modified_gmt":"2019-11-03T18:23:07","slug":"concerto-johannes-skudlik-10-novembre-2019","status":"publish","type":"tribe_events","link":"https:\/\/www.amicidellorgano.org\/index.php\/event\/concerto-johannes-skudlik-10-novembre-2019\/","title":{"rendered":"Concerto Johannes Skudlik &#8211; 10 novembre 2019"},"content":{"rendered":"<p><strong>Concerto Johannes Skudlik &#8211; 10 novembre 2019<\/strong><\/p>\n<p><img loading=\"lazy\" decoding=\"async\" class=\"aligncenter wp-image-1077 size-large\" src=\"http:\/\/www.amicidellorgano.org\/wp-content\/uploads\/concerti2019\/18-johannes-skudlik-1024x574.jpg\" alt=\"Concerto Johannes Skudlik - 10 novembre 2019\" width=\"474\" height=\"266\" \/><\/p>\n<p>La quarantesima Stagione sugli organi storici della provincia di Alessandria si conclude domenica 10 novembre alle ore 16 ad\u00a0ALESSANDRIA, nella sala Conferenze dell&#8217;Associazione Cultura e Sviluppo, piazza De Andr\u00e9 76, quartiere Orti.<br \/>\nIl noto organista e direttore d&#8217;orchestra tedesco JOHANNES SKUDLIK, gi\u00e0 noto al pubblico per aver tenuto lo scorso anno un apprezzato concerto ad Ovada, si esibir\u00e0 questa volta al poderoso Pedalfluegel, un pianoforte gran coda sovrapposto ad un secondo strumento che aziona una pedaliera, n\u00e9 pi\u00f9 n\u00e9 meno come succede nell&#8217;organo.<br \/>\nLo strumento trae la propria origine sia dal clavicordo sia dal clavicembalo a pedali. Il primo \u00e8 menzionato gi\u00e0 in una fonte del XVI secolo.<br \/>\nGli organisti usavano questi strumenti per lo studio domestico, soprattutto per evitare di fermarsi lunghe ore in una chiesa non riscaldata. Bach stesso possedeva un pedalcembalo e pare che le Trio Sonate e diverse altre opere abbiano avuto questa particolare destinazione.<br \/>\nMozart aveva invece gi\u00e0 un pianoforte a pedali, costruito per lui nel 1785. Ma fu soprattutto nel periodo romantico, in Francia ed in Germania in particolare, che il Pedalfluegel trov\u00f2 la massima fioritura e diffusione, soprattutto per opera di Robert Schumann, che gli dedic\u00f2 svariate opere, oggi udite soprattutto all&#8217;organo, e di Mendelssohn che apr\u00ec addirittura una classe di pianoforte a pedali al Conservatorio di Lipsia.<br \/>\nNell&#8217;Ottocento molti famosi compositori (oltre a Schumann Camille Saint Saens, Charles Gounod, Leon Boellmann, Franz Liszt ) composero per questo particolare tipo di pianoforte. Nello scorso secolo invece lo strumento sub\u00ec un brusco declino, e torn\u00f2 ad essere usato solo dagli organisti per studiare a casa, come nel Seicento e nel Settecento.<br \/>\nSolo in tempi recentissimi alcune ditte ne hanno ricominciato la produzione, e conseguentemente alcuni compositori contemporanei fra cui Ennio Morricone, Jean Guillou\u00a0 e lo stesso Skudlik hanno voluto scrivere per questo strumento &#8220;ritrovato&#8221;.<br \/>\nGli Amici dell&#8217;Organo colgono l&#8217;occasione per ringraziare gli Enti sostenitori (Compagnia di San Paolo, Fondazioni CRT, CRAL, SociAL e Piemonte dal Vivo), il pubblico affezionato che ha seguito i concerti della Stagione, e per dare a tutti un arrivederci al prossimo anno.<\/p>\n<p><strong>PROGRAMMA:<br \/>\n<\/strong>Johann Sebastian Bach (1685-1750)<br \/>\nPraeludium und Fuge D-Dur BWV 532<\/p>\n<p>Robert Schumann (1810-1856)<br \/>\nStudien f\u00fcr den Pedalfl\u00fcgel op. 56<br \/>\nNr. 3 E-Dur: Andantino<br \/>\nNr. 5 h-moll: Nicht zu schnell<\/p>\n<p>Franz Liszt (1811-1886)<br \/>\nPr\u00e4ludium und Fuge \u00fcber B-A-C-H<br \/>\n(Synkretische Fassung von Jean Guillou;bearbeitet f\u00fcr Pedalfl\u00fcgel von J.Skudlik)<\/p>\n<p>Robert Schumann: Skizzen f\u00fcr den Pedalfl\u00fcgel op. 58<br \/>\nNr. 1 c-moll: Nicht schnell und sehr markiert<br \/>\nNr. 2 C-Dur: Nicht schnell und sehr markiert<\/p>\n<p>Bach\/Busoni: Chaconne BWV 1004<br \/>\ntrascrizione per Gran Coda a Pedaliera di Johannes Skudlik<\/p>\n<p><strong>Johannes Skudlik<br \/>\n<\/strong>Johannes Skudlik, \u201cKantor\u201d a Landsberg, \u00e8 uno fra i pi\u00f9 noti organisti e direttori d&#8217;orchestra a livello internazionale.<br \/>\nI suoi viaggi lo hanno condotto come direttore ospite fra le pi\u00f9 note orchestre sinfoniche, quali l&#8217; Orchestra of the Age of Enlightenment, Prague Symphony, Ural Symphony Orchestra, M\u00fcnchner Rundfunkorchester. Ha diretto anche l&#8217; Elbphilharmonie Hamburg e la Berliner Philharmonie.<br \/>\nCome organista concertista ha suonato in Europa, America ed in Estremo Oriente su famosissimi organi ( Notre Dame Paris, Westminster Cathedral, Synagoga di New York, \u00a0St. Michaelis, Hamburg, Frauenkirche Dresden, K\u00f6lner Dom, Santorin Hall, Tokio, Harvard University, Moskau Rachmaninoff Hall)<br \/>\nDal 2016 \u00e8 primo direttore ospite dell&#8217; Orchestra Sinfonica di Praga e organizzatore dei RATIONAL Konzerte in Landsberg am Lech.E&#8217; fondatore e direttore artistico dei Festival \u201cBayerischen Orgelsommers\u201d ed \u201c Euro Via Festivals\u201d, che si svolge in dieci Nazioni.<\/p>\n","protected":false},"excerpt":{"rendered":"<p>Concerto Johannes Skudlik &#8211; 10 novembre 2019 La quarantesima Stagione sugli organi storici della provincia di Alessandria si conclude domenica 10 novembre alle ore 16 ad\u00a0ALESSANDRIA, nella sala Conferenze dell&#8217;Associazione &hellip; <a href=\"https:\/\/www.amicidellorgano.org\/index.php\/event\/concerto-johannes-skudlik-10-novembre-2019\/\" class=\"more-link\">Continua la lettura di <span class=\"screen-reader-text\">Concerto Johannes Skudlik &#8211; 10 novembre 2019<\/span> <span class=\"meta-nav\">&rarr;<\/span><\/a><\/p>\n","protected":false},"author":1,"featured_media":0,"template":"","meta":{"_tribe_events_status":"","_tribe_events_status_reason":"","footnotes":""},"tags":[51,167,143,109],"tribe_events_cat":[144],"class_list":["post-1184","tribe_events","type-tribe_events","status-publish","hentry","tag-alessandria","tag-associazione-cultura-e-sviluppo","tag-concerti2019","tag-johannes-skudlik","tribe_events_cat-concerti-2019","cat_concerti-2019"],"_links":{"self":[{"href":"https:\/\/www.amicidellorgano.org\/index.php\/wp-json\/wp\/v2\/tribe_events\/1184"}],"collection":[{"href":"https:\/\/www.amicidellorgano.org\/index.php\/wp-json\/wp\/v2\/tribe_events"}],"about":[{"href":"https:\/\/www.amicidellorgano.org\/index.php\/wp-json\/wp\/v2\/types\/tribe_events"}],"author":[{"embeddable":true,"href":"https:\/\/www.amicidellorgano.org\/index.php\/wp-json\/wp\/v2\/users\/1"}],"version-history":[{"count":1,"href":"https:\/\/www.amicidellorgano.org\/index.php\/wp-json\/wp\/v2\/tribe_events\/1184\/revisions"}],"predecessor-version":[{"id":1185,"href":"https:\/\/www.amicidellorgano.org\/index.php\/wp-json\/wp\/v2\/tribe_events\/1184\/revisions\/1185"}],"wp:attachment":[{"href":"https:\/\/www.amicidellorgano.org\/index.php\/wp-json\/wp\/v2\/media?parent=1184"}],"wp:term":[{"taxonomy":"post_tag","embeddable":true,"href":"https:\/\/www.amicidellorgano.org\/index.php\/wp-json\/wp\/v2\/tags?post=1184"},{"taxonomy":"tribe_events_cat","embeddable":true,"href":"https:\/\/www.amicidellorgano.org\/index.php\/wp-json\/wp\/v2\/tribe_events_cat?post=1184"}],"curies":[{"name":"wp","href":"https:\/\/api.w.org\/{rel}","templated":true}]}}

<p><strong>Concerto Johannes Skudlik &#8211; 10 novembre 2019</strong></p>
<p><img loading="lazy" decoding="async" class="aligncenter wp-image-1077 size-large" src="http://www.amicidellorgano.org/wp-content/uploads/concerti2019/18-johannes-skudlik-1024x574.jpg" alt="Concerto Johannes Skudlik - 10 novembre 2019" width="474" height="266" /></p>
<p>La quarantesima Stagione sugli organi storici della provincia di Alessandria si conclude domenica 10 novembre alle ore 16 ad ALESSANDRIA, nella sala Conferenze dell&#8217;Associazione Cultura e Sviluppo, piazza De André 76, quartiere Orti.<br />
Il noto organista e direttore d&#8217;orchestra tedesco JOHANNES SKUDLIK, già noto al pubblico per aver tenuto lo scorso anno un apprezzato concerto ad Ovada, si esibirà questa volta al poderoso Pedalfluegel, un pianoforte gran coda sovrapposto ad un secondo strumento che aziona una pedaliera, né più né meno come succede nell&#8217;organo.<br />
Lo strumento trae la propria origine sia dal clavicordo sia dal clavicembalo a pedali. Il primo è menzionato già in una fonte del XVI secolo.<br />
Gli organisti usavano questi strumenti per lo studio domestico, soprattutto per evitare di fermarsi lunghe ore in una chiesa non riscaldata. Bach stesso possedeva un pedalcembalo e pare che le Trio Sonate e diverse altre opere abbiano avuto questa particolare destinazione.<br />
Mozart aveva invece già un pianoforte a pedali, costruito per lui nel 1785. Ma fu soprattutto nel periodo romantico, in Francia ed in Germania in particolare, che il Pedalfluegel trovò la massima fioritura e diffusione, soprattutto per opera di Robert Schumann, che gli dedicò svariate opere, oggi udite soprattutto all&#8217;organo, e di Mendelssohn che aprì addirittura una classe di pianoforte a pedali al Conservatorio di Lipsia.<br />
Nell&#8217;Ottocento molti famosi compositori (oltre a Schumann Camille Saint Saens, Charles Gounod, Leon Boellmann, Franz Liszt ) composero per questo particolare tipo di pianoforte. Nello scorso secolo invece lo strumento subì un brusco declino, e tornò ad essere usato solo dagli organisti per studiare a casa, come nel Seicento e nel Settecento.<br />
Solo in tempi recentissimi alcune ditte ne hanno ricominciato la produzione, e conseguentemente alcuni compositori contemporanei fra cui Ennio Morricone, Jean Guillou  e lo stesso Skudlik hanno voluto scrivere per questo strumento &#8220;ritrovato&#8221;.<br />
Gli Amici dell&#8217;Organo colgono l&#8217;occasione per ringraziare gli Enti sostenitori (Compagnia di San Paolo, Fondazioni CRT, CRAL, SociAL e Piemonte dal Vivo), il pubblico affezionato che ha seguito i concerti della Stagione, e per dare a tutti un arrivederci al prossimo anno.</p>
<p><strong>PROGRAMMA:<br />
</strong>Johann Sebastian Bach (1685-1750)<br />
Praeludium und Fuge D-Dur BWV 532</p>
<p>Robert Schumann (1810-1856)<br />
Studien für den Pedalflügel op. 56<br />
Nr. 3 E-Dur: Andantino<br />
Nr. 5 h-moll: Nicht zu schnell</p>
<p>Franz Liszt (1811-1886)<br />
Präludium und Fuge über B-A-C-H<br />
(Synkretische Fassung von Jean Guillou;bearbeitet für Pedalflügel von J.Skudlik)</p>
<p>Robert Schumann: Skizzen für den Pedalflügel op. 58<br />
Nr. 1 c-moll: Nicht schnell und sehr markiert<br />
Nr. 2 C-Dur: Nicht schnell und sehr markiert</p>
<p>Bach/Busoni: Chaconne BWV 1004<br />
trascrizione per Gran Coda a Pedaliera di Johannes Skudlik</p>
<p><strong>Johannes Skudlik<br />
</strong>Johannes Skudlik, “Kantor” a Landsberg, è uno fra i più noti organisti e direttori d&#8217;orchestra a livello internazionale.<br />
I suoi viaggi lo hanno condotto come direttore ospite fra le più note orchestre sinfoniche, quali l&#8217; Orchestra of the Age of Enlightenment, Prague Symphony, Ural Symphony Orchestra, Münchner Rundfunkorchester. Ha diretto anche l&#8217; Elbphilharmonie Hamburg e la Berliner Philharmonie.<br />
Come organista concertista ha suonato in Europa, America ed in Estremo Oriente su famosissimi organi ( Notre Dame Paris, Westminster Cathedral, Synagoga di New York,  St. Michaelis, Hamburg, Frauenkirche Dresden, Kölner Dom, Santorin Hall, Tokio, Harvard University, Moskau Rachmaninoff Hall)<br />
Dal 2016 è primo direttore ospite dell&#8217; Orchestra Sinfonica di Praga e organizzatore dei RATIONAL Konzerte in Landsberg am Lech.E&#8217; fondatore e direttore artistico dei Festival “Bayerischen Orgelsommers” ed “ Euro Via Festivals”, che si svolge in dieci Nazioni.</p>
