{"id":1153,"date":"2019-09-30T23:07:43","date_gmt":"2019-09-30T21:07:43","guid":{"rendered":"http:\/\/www.amicidellorgano.org\/?post_type=tribe_events&#038;p=1153"},"modified":"2019-09-30T23:11:59","modified_gmt":"2019-09-30T21:11:59","slug":"concerto-di-philippe-emmanuel-haas-e-dominique-aubert-6-ottobre-2019","status":"publish","type":"tribe_events","link":"https:\/\/www.amicidellorgano.org\/index.php\/event\/concerto-di-philippe-emmanuel-haas-e-dominique-aubert-6-ottobre-2019\/","title":{"rendered":"Concerto di Philippe Emmanuel Haas e Dominique Aubert &#8211; 6 ottobre 2019"},"content":{"rendered":"<p><strong>Concerto di Philippe Emmanuel Haas e Dominique Aubert &#8211; 6 ottobre 2019<\/strong><\/p>\n<p><img loading=\"lazy\" decoding=\"async\" class=\"aligncenter wp-image-1069 size-full\" src=\"http:\/\/www.amicidellorgano.org\/wp-content\/uploads\/concerti2019\/12-philippe-emmanuel-haas-e-dominique-aubert.jpg\" alt=\"Concerto di Philippe Emmanuel Haas e Dominique Aubert - 6 ottobre 2019\" width=\"648\" height=\"976\" \/><\/p>\n<div>\n<p>La Stagione di concerti sugli organi storici, sostenuta dalla Compagnia di San Paolo e dalle Fondazioni CRT, CRAL, SociAL e Piemonte dal Vivo, riesce anche quest&#8217;anno a presentare uno strumento assai particolare, di rarissimo ascolto e completamente inedito per la provincia di Alessandria.<br \/>\nSi tratta del <b>flauto di Pan<\/b>, strumento legato nell&#8217;immaginario collettivo alla mitologia greca. E&#8217; costituito da un numero variabile di canne di lunghezza diversa e legate o unite tra loro. Per ottenere il suono si soffia trasversalmente sulle aperture superiori delle canne.<br \/>\nLo strumento impiega di solito per la costruzione il legno di bamb\u00f9, ma pu\u00f2 essere utilizzato anche il legno d&#8217;acero, il metallo o la plastica.<br \/>\nIl flauto di Pan \u00e8 uno strumento che viene molto usato nella musica popolare dei Paesi nordici, ma \u00e8 soprattutto diffuso e popolare nella Svizzera tedesca, dove viene utilizzato di pi\u00f9 dai cantanti, tanto da renderlo uno degli strumenti tipici della cultura svizzera.<br \/>\n<span style=\"font-family: Arial, sans-serif;\"><span style=\"font-size: medium;\">Domenica 6 ottobre alle\u00a0 ore 17<\/span><\/span><span style=\"font-family: Arial, sans-serif;\"><span style=\"font-size: medium;\"> a QUARGNENTO, nella Basilica di San Dalmazio,<\/span><\/span><span style=\"font-family: Arial, sans-serif;\"><span style=\"font-size: medium;\"> l&#8217;insolito ma famosissimo duo formato da PHILIPPE EMMANUEL HAAS (Svizzera)\u00a0 e <\/span><\/span><span style=\"font-family: Arial, sans-serif;\"><span style=\"font-size: medium;\">DOMINIQUE AUBERT\u00a0 (Francia) proporr\u00e0 un vario ed intrigante programma costituito in buona parte da danze rinascimentali, con incursioni che proseguiranno fino al diciottesimo secolo grazie a trascrizioni da Haendel, Marin Marais, Benedetto Marcello e da altri autori, e con brani per organo solo che metteranno in luce le caratteristiche foniche del bel &#8220;Lingiardi&#8221; conservato nella Basilica.<\/span><\/span><\/p>\n<p><strong>Programma<br \/>\nOrazio VECCHI (1550 &#8211; 1605)<br \/>\nAria \u201cSo ben mi ch\u2019a bon tempo\u201c<br \/>\n<\/strong><strong><br \/>\nClaude GERVAISE \/ Michael PRAETORIUS (seicento \/ 1571 &#8211; 1621)<br \/>\n<\/strong>Suite del Rinascimento<br \/>\nPavane &#8211; Gaillarde \u2013 tre Bransles de Bourgogne \u2013 Volta &#8211; Bransle de Villages \u2013 Allemande &#8211; Bransle\u00a0\u00a0double de Poictou &#8211; Spagnoletta<\/p>\n<p><strong>Benedict Anton AUFSCHNAITER (1665 &#8211; 1742)<\/strong><strong><br \/>\n<\/strong>Tre pezzi da<strong> &#8220;Concors Discordia&#8221; <\/strong>(Norimberga 1695)<br \/>\nper flauto di Pan solo<\/p>\n<p><strong>Jos\u00e9 JIMENEZ <\/strong>(1601-1672)<br \/>\nBatalla de sexto tono per organo<br \/>\n<strong><br \/>\nEsprit-Philippe CH\u00c9DEVILLE (1696 &#8211; 1762)<br \/>\n<\/strong>Suite from the &#8220;Six Duos galants&#8221;<br \/>\nRondeau &#8211; Cotillon &#8211; Musette &#8211; Tambourin<\/p>\n<p><strong>Marin MARAIS (1656 &#8211; 1728)<br \/>\n<\/strong>Suite dalle \u201cFollie d\u2019Espagne\u201c<br \/>\nper flauto di Pan solo<\/p>\n<p><strong>Antoine FORQUERAY (1671-1745)<br \/>\n<\/strong>Chaconne \u201c La Buisson\u201c<br \/>\n(Trascrizione per organo da Jean-Paul L\u00e9cot)<br \/>\n<strong><br \/>\nGeorg Friedrich H\u00c4NDEL (1685 &#8211; 1759)<br \/>\n<\/strong>Arie di Opere e di Oratori<br \/>\nAria di &#8220;Il Floridante&#8221;<br \/>\n&#8220;Lord Loundon&#8217;s March&#8221;<br \/>\nGavotta di &#8220;Il Pastor Fido&#8221;<br \/>\nAria di &#8220;Judas Maccabaeus<\/p>\n<p><strong>Louis-James-Alfred LEF\u00c9BURE-W\u00c9LY (1817-1869)<br \/>\n<\/strong>Bol\u00e9ro de concert Op.166<br \/>\nper organo solo<\/p>\n<p><strong>Benedetto MARCELLO (1686 &#8211; 1739)<br \/>\n<\/strong>Sonata in Sol maggiore Op.I\/XII (Venezia 1712)<br \/>\nLargo &#8211; Allegro &#8211; Adagio \u2013 Allegro<\/p>\n<p>Il duo fu costituito nel 2009 da Philippe Emmanuel Haas di Basilea, in Svizzera, al flauto di Pan, e da Dominique Aubert, primo organista della chiesa San Pietro di Chennevi\u00e8res-sur-Marne, dopo un concerto organizzato dall&#8217;associazione degli Amici dell\u02bcOrgano di Chennevi\u00e8res-sur-Marne, di cui Dominique Aubert \u00e8 il presidente. Da allora, il Duo suona come formazione invitata nell\u02bcambito di<br \/>\nfestival internazionali di musica antica et classica, organizzati da associazioni, particolarmente in Francia ed in paesi francofoni.<br \/>\nPhilippe Emmanuel Haas \u00e8 nato a Basilea, in Svizzera, nel 1962, e ha studiato il flauto di Pan nell\u2019ambito del repertorio di musica antica e classica a Berna ed al Conservatorio di Hilversum, in Olanda.<br \/>\nHa partecipato a corsi magistrali per l\u2019interpretazione della musica antica su strumenti d\u2019epoca presso il \u201eCentre International de Formation Musicale\u201c a Nizza, in Francia, con Jean-Loup Gr\u00e9goire e Simion Stanciu \u201eSyrinx\u201c, presso la \u201eGesellschaft f\u00fcr Alte Musik\u201c a Rastatt in Germania, con Hans-Martin Linde e all\u2019\u201eAcad\u00e9mie de Musique de Sion\u201c a Sion, in Svizzera, e nell\u2019ambito del \u201eFestival<br \/>\nTibor Varga\u201c, sotto la direzione di Jordi Savall.<br \/>\nTiene regolarmente concerti come solista, accompagnato dall\u2019organo, dal clavicembalo, dall&#8217;arpa o dal liuto, e come membro di formazioni di musica antica nell\u2019ambito di festival internazionali di musica in Austria, Belgio, nella provincia canadese del Qu\u00e9bec, in California, Estonia, Francia, Germania, Israele, Italia, Malta, Spagna ed in Svizzera.<br \/>\nE&#8217; direttore artistico dei concerti d\u2019avvento, presso la chiesa di R\u00f6tteln\/L\u00f6rrach, nel Baden-W\u00fcrttemberg, in Germania.<br \/>\nDal 1992 \u00e8 docente straordinario dell\u2019Acad\u00e9mie Musique et Danse Florigammes a Sart\u00e8ne-Propriano in Corsica, oltre che docente di flauto di Pan in scuole di musica in Svizzera.<br \/>\nHa registrato e pubblicato dei CD per le case discografiche AUROPHON CLASSICS,VDE-GALLO e MONTHABOR con musica del Rinascimento e del periodo barocco, accompagnato dal clavicembalo, dal violoncello e dall\u2019organo.<br \/>\nPhilippe Emmanuel Haas suona su flauti di Pan accordati nei diapason 440 Hz, 415 Hz e 392 Hz.<\/p>\n<p>Dominique Aubert \u00e8 nato ad Arles, Bocca del Rodano, in Francia, nel 1959, e ha cominciato il solfeggio ed il pianoforte a 8 anni con lezioni da suo padre, primo premio del Conservatorio di musica di N\u00eemes. A 12 anni si appassiona per l\u2019organo \u00e8 studia con Monsignore Pierre Rachet, organista ad Arles.<br \/>\nEntra poi nella classe di Jean-Paul L\u00e9cot, con cui studia in particolare la scrittura, l\u2019interpretazione e l\u2019accompagnamento liturgico. Ha partecipato a numerose sessioni di organo a Tolosa, Francia, sotto la direzione di Xavier Darasse. Organista dal 1976 a 1980 ad Arles, \u00e8 organista dal 1982 alla chiesa San Pietro di Cennevi\u00e8res-sur- Marne, vicino Parigi.<br \/>\nTitolare della carta professionale degli organisti liturgici assegnata dal vescovo di Parigi, Dominique Aubert si dedica alla musica liturgica. \u00c8 autore di diversi salmi, alleluia, di una cantata a San Pietro e di una messa.<br \/>\nNel 2008 diventa membro della Commissione diocesana di musica liturgica, e nel 2015 \u00e8 nominato delegato diocesano per la musica liturgica nella Diocesi di Cr\u00e9teil, vicino Parigi.<br \/>\nLavora come concertista in Francia e all\u2019estero, suonando sia come solista che anche come accompagnatore del flauto di Pan, violino, viola, corno da caccia, di formazioni strumentali e corali&#8230;.<br \/>\nDalla sua creazione nel 2001, Dominique Aubert \u00e8 il presidente dell\u2019Associazione degli Amici dell\u2019Organo della chiesa di Chennevi\u00e8res.<\/p>\n<\/div>\n<p>&nbsp;<\/p>\n","protected":false},"excerpt":{"rendered":"<p>Concerto di Philippe Emmanuel Haas e Dominique Aubert &#8211; 6 ottobre 2019 La Stagione di concerti sugli organi storici, sostenuta dalla Compagnia di San Paolo e dalle Fondazioni CRT, CRAL, &hellip; <a href=\"https:\/\/www.amicidellorgano.org\/index.php\/event\/concerto-di-philippe-emmanuel-haas-e-dominique-aubert-6-ottobre-2019\/\" class=\"more-link\">Continua la lettura di <span class=\"screen-reader-text\">Concerto di Philippe Emmanuel Haas e Dominique Aubert &#8211; 6 ottobre 2019<\/span> <span class=\"meta-nav\">&rarr;<\/span><\/a><\/p>\n","protected":false},"author":1,"featured_media":0,"template":"","meta":{"_tribe_events_status":"","_tribe_events_status_reason":"","footnotes":""},"tags":[159,143,157,156,158],"tribe_events_cat":[144],"class_list":["post-1153","tribe_events","type-tribe_events","status-publish","hentry","tag-basilica-di-san-dalmazio","tag-concerti2019","tag-dominique-aubert","tag-philippe-emmanuel-haas","tag-quargnento","tribe_events_cat-concerti-2019","cat_concerti-2019"],"_links":{"self":[{"href":"https:\/\/www.amicidellorgano.org\/index.php\/wp-json\/wp\/v2\/tribe_events\/1153"}],"collection":[{"href":"https:\/\/www.amicidellorgano.org\/index.php\/wp-json\/wp\/v2\/tribe_events"}],"about":[{"href":"https:\/\/www.amicidellorgano.org\/index.php\/wp-json\/wp\/v2\/types\/tribe_events"}],"author":[{"embeddable":true,"href":"https:\/\/www.amicidellorgano.org\/index.php\/wp-json\/wp\/v2\/users\/1"}],"version-history":[{"count":2,"href":"https:\/\/www.amicidellorgano.org\/index.php\/wp-json\/wp\/v2\/tribe_events\/1153\/revisions"}],"predecessor-version":[{"id":1157,"href":"https:\/\/www.amicidellorgano.org\/index.php\/wp-json\/wp\/v2\/tribe_events\/1153\/revisions\/1157"}],"wp:attachment":[{"href":"https:\/\/www.amicidellorgano.org\/index.php\/wp-json\/wp\/v2\/media?parent=1153"}],"wp:term":[{"taxonomy":"post_tag","embeddable":true,"href":"https:\/\/www.amicidellorgano.org\/index.php\/wp-json\/wp\/v2\/tags?post=1153"},{"taxonomy":"tribe_events_cat","embeddable":true,"href":"https:\/\/www.amicidellorgano.org\/index.php\/wp-json\/wp\/v2\/tribe_events_cat?post=1153"}],"curies":[{"name":"wp","href":"https:\/\/api.w.org\/{rel}","templated":true}]}}

<p><strong>Concerto di Philippe Emmanuel Haas e Dominique Aubert &#8211; 6 ottobre 2019</strong></p>
<p><img loading="lazy" decoding="async" class="aligncenter wp-image-1069 size-full" src="http://www.amicidellorgano.org/wp-content/uploads/concerti2019/12-philippe-emmanuel-haas-e-dominique-aubert.jpg" alt="Concerto di Philippe Emmanuel Haas e Dominique Aubert - 6 ottobre 2019" width="648" height="976" /></p>
<div>
<p>La Stagione di concerti sugli organi storici, sostenuta dalla Compagnia di San Paolo e dalle Fondazioni CRT, CRAL, SociAL e Piemonte dal Vivo, riesce anche quest&#8217;anno a presentare uno strumento assai particolare, di rarissimo ascolto e completamente inedito per la provincia di Alessandria.<br />
Si tratta del <b>flauto di Pan</b>, strumento legato nell&#8217;immaginario collettivo alla mitologia greca. E&#8217; costituito da un numero variabile di canne di lunghezza diversa e legate o unite tra loro. Per ottenere il suono si soffia trasversalmente sulle aperture superiori delle canne.<br />
Lo strumento impiega di solito per la costruzione il legno di bambù, ma può essere utilizzato anche il legno d&#8217;acero, il metallo o la plastica.<br />
Il flauto di Pan è uno strumento che viene molto usato nella musica popolare dei Paesi nordici, ma è soprattutto diffuso e popolare nella Svizzera tedesca, dove viene utilizzato di più dai cantanti, tanto da renderlo uno degli strumenti tipici della cultura svizzera.<br />
<span style="font-family: Arial, sans-serif;"><span style="font-size: medium;">Domenica 6 ottobre alle  ore 17</span></span><span style="font-family: Arial, sans-serif;"><span style="font-size: medium;"> a QUARGNENTO, nella Basilica di San Dalmazio,</span></span><span style="font-family: Arial, sans-serif;"><span style="font-size: medium;"> l&#8217;insolito ma famosissimo duo formato da PHILIPPE EMMANUEL HAAS (Svizzera)  e </span></span><span style="font-family: Arial, sans-serif;"><span style="font-size: medium;">DOMINIQUE AUBERT  (Francia) proporrà un vario ed intrigante programma costituito in buona parte da danze rinascimentali, con incursioni che proseguiranno fino al diciottesimo secolo grazie a trascrizioni da Haendel, Marin Marais, Benedetto Marcello e da altri autori, e con brani per organo solo che metteranno in luce le caratteristiche foniche del bel &#8220;Lingiardi&#8221; conservato nella Basilica.</span></span></p>
<p><strong>Programma<br />
Orazio VECCHI (1550 &#8211; 1605)<br />
Aria “So ben mi ch’a bon tempo“<br />
</strong><strong><br />
Claude GERVAISE / Michael PRAETORIUS (seicento / 1571 &#8211; 1621)<br />
</strong>Suite del Rinascimento<br />
Pavane &#8211; Gaillarde – tre Bransles de Bourgogne – Volta &#8211; Bransle de Villages – Allemande &#8211; Bransle  double de Poictou &#8211; Spagnoletta</p>
<p><strong>Benedict Anton AUFSCHNAITER (1665 &#8211; 1742)</strong><strong><br />
</strong>Tre pezzi da<strong> &#8220;Concors Discordia&#8221; </strong>(Norimberga 1695)<br />
per flauto di Pan solo</p>
<p><strong>José JIMENEZ </strong>(1601-1672)<br />
Batalla de sexto tono per organo<br />
<strong><br />
Esprit-Philippe CHÉDEVILLE (1696 &#8211; 1762)<br />
</strong>Suite from the &#8220;Six Duos galants&#8221;<br />
Rondeau &#8211; Cotillon &#8211; Musette &#8211; Tambourin</p>
<p><strong>Marin MARAIS (1656 &#8211; 1728)<br />
</strong>Suite dalle “Follie d’Espagne“<br />
per flauto di Pan solo</p>
<p><strong>Antoine FORQUERAY (1671-1745)<br />
</strong>Chaconne “ La Buisson“<br />
(Trascrizione per organo da Jean-Paul Lécot)<br />
<strong><br />
Georg Friedrich HÄNDEL (1685 &#8211; 1759)<br />
</strong>Arie di Opere e di Oratori<br />
Aria di &#8220;Il Floridante&#8221;<br />
&#8220;Lord Loundon&#8217;s March&#8221;<br />
Gavotta di &#8220;Il Pastor Fido&#8221;<br />
Aria di &#8220;Judas Maccabaeus</p>
<p><strong>Louis-James-Alfred LEFÉBURE-WÉLY (1817-1869)<br />
</strong>Boléro de concert Op.166<br />
per organo solo</p>
<p><strong>Benedetto MARCELLO (1686 &#8211; 1739)<br />
</strong>Sonata in Sol maggiore Op.I/XII (Venezia 1712)<br />
Largo &#8211; Allegro &#8211; Adagio – Allegro</p>
<p>Il duo fu costituito nel 2009 da Philippe Emmanuel Haas di Basilea, in Svizzera, al flauto di Pan, e da Dominique Aubert, primo organista della chiesa San Pietro di Chennevières-sur-Marne, dopo un concerto organizzato dall&#8217;associazione degli Amici dellʼOrgano di Chennevières-sur-Marne, di cui Dominique Aubert è il presidente. Da allora, il Duo suona come formazione invitata nellʼambito di<br />
festival internazionali di musica antica et classica, organizzati da associazioni, particolarmente in Francia ed in paesi francofoni.<br />
Philippe Emmanuel Haas è nato a Basilea, in Svizzera, nel 1962, e ha studiato il flauto di Pan nell’ambito del repertorio di musica antica e classica a Berna ed al Conservatorio di Hilversum, in Olanda.<br />
Ha partecipato a corsi magistrali per l’interpretazione della musica antica su strumenti d’epoca presso il „Centre International de Formation Musicale“ a Nizza, in Francia, con Jean-Loup Grégoire e Simion Stanciu „Syrinx“, presso la „Gesellschaft für Alte Musik“ a Rastatt in Germania, con Hans-Martin Linde e all’„Académie de Musique de Sion“ a Sion, in Svizzera, e nell’ambito del „Festival<br />
Tibor Varga“, sotto la direzione di Jordi Savall.<br />
Tiene regolarmente concerti come solista, accompagnato dall’organo, dal clavicembalo, dall&#8217;arpa o dal liuto, e come membro di formazioni di musica antica nell’ambito di festival internazionali di musica in Austria, Belgio, nella provincia canadese del Québec, in California, Estonia, Francia, Germania, Israele, Italia, Malta, Spagna ed in Svizzera.<br />
E&#8217; direttore artistico dei concerti d’avvento, presso la chiesa di Rötteln/Lörrach, nel Baden-Württemberg, in Germania.<br />
Dal 1992 è docente straordinario dell’Académie Musique et Danse Florigammes a Sartène-Propriano in Corsica, oltre che docente di flauto di Pan in scuole di musica in Svizzera.<br />
Ha registrato e pubblicato dei CD per le case discografiche AUROPHON CLASSICS,VDE-GALLO e MONTHABOR con musica del Rinascimento e del periodo barocco, accompagnato dal clavicembalo, dal violoncello e dall’organo.<br />
Philippe Emmanuel Haas suona su flauti di Pan accordati nei diapason 440 Hz, 415 Hz e 392 Hz.</p>
<p>Dominique Aubert è nato ad Arles, Bocca del Rodano, in Francia, nel 1959, e ha cominciato il solfeggio ed il pianoforte a 8 anni con lezioni da suo padre, primo premio del Conservatorio di musica di Nîmes. A 12 anni si appassiona per l’organo è studia con Monsignore Pierre Rachet, organista ad Arles.<br />
Entra poi nella classe di Jean-Paul Lécot, con cui studia in particolare la scrittura, l’interpretazione e l’accompagnamento liturgico. Ha partecipato a numerose sessioni di organo a Tolosa, Francia, sotto la direzione di Xavier Darasse. Organista dal 1976 a 1980 ad Arles, è organista dal 1982 alla chiesa San Pietro di Cennevières-sur- Marne, vicino Parigi.<br />
Titolare della carta professionale degli organisti liturgici assegnata dal vescovo di Parigi, Dominique Aubert si dedica alla musica liturgica. È autore di diversi salmi, alleluia, di una cantata a San Pietro e di una messa.<br />
Nel 2008 diventa membro della Commissione diocesana di musica liturgica, e nel 2015 è nominato delegato diocesano per la musica liturgica nella Diocesi di Créteil, vicino Parigi.<br />
Lavora come concertista in Francia e all’estero, suonando sia come solista che anche come accompagnatore del flauto di Pan, violino, viola, corno da caccia, di formazioni strumentali e corali&#8230;.<br />
Dalla sua creazione nel 2001, Dominique Aubert è il presidente dell’Associazione degli Amici dell’Organo della chiesa di Chennevières.</p>
</div>
<p>&nbsp;</p>
