{"id":1099,"date":"2019-08-02T13:14:43","date_gmt":"2019-08-02T11:14:43","guid":{"rendered":"http:\/\/www.amicidellorgano.org\/?post_type=tribe_events&#038;p=1099"},"modified":"2019-08-02T13:14:43","modified_gmt":"2019-08-02T11:14:43","slug":"concerto-zeno-bianchini-organo-1-settembre-2019","status":"publish","type":"tribe_events","link":"https:\/\/www.amicidellorgano.org\/index.php\/event\/concerto-zeno-bianchini-organo-1-settembre-2019\/","title":{"rendered":"Concerto Zeno Bianchini, organo &#8211; 1 settembre 2019"},"content":{"rendered":"<p><strong>Concerto Zeno Bianchini, organo &#8211; 1 settembre 2019<\/strong><\/p>\n<p><img loading=\"lazy\" decoding=\"async\" class=\"aligncenter wp-image-1059 size-large\" src=\"http:\/\/www.amicidellorgano.org\/wp-content\/uploads\/concerti2019\/04-zeno-bianchini-739x1024.jpg\" alt=\"Concerto Zeno Bianchini, organo - 1 settembre 2019\" width=\"474\" height=\"657\" \/><\/p>\n<p><strong>Domenica 1 settembre ore 17.30<\/strong><br \/>\n<strong>VIGUZZOLO, chiesa Parrocchiale<\/strong><br \/>\n<strong>ZENO BIANCHINI, organo (italia \u2013 Germania)<\/strong><\/p>\n<p><strong>Programma<br \/>\n<\/strong><strong>Johann Pachelbel (Norimberga 1653-1706)<br \/>\n<\/strong>Toccata &amp; Fuga in Do maggiore<\/p>\n<p><strong>Georg Friederich H\u00e4ndel (Halle 1685-Londra 1759)<br \/>\n<\/strong>da<em> \u201cTwelve Voluntaries and Fugues for the Organ or Harpsichord, with Rules for Tuning by the celebrated Mr. Handel.\u201d<\/em>, \u00a0Book IV. London (ca. 1776):<br \/>\nVoluntary III:<br \/>\nSlow \u2013 Allegro \u2013 Largo \u2013 Fugue<br \/>\nA Voluntary or a Flight of Angels, HWV 600<\/p>\n<p><strong>Domenico Zipoli (Prato, Firenze 1688-C\u00f3rdoba, Argentina 1726)<br \/>\n<\/strong>da <em>\u201cSonate d\u2019Intavolatura per Organo e Cimbalo\u201d<\/em> (1716):<br \/>\nToccata<br \/>\nCanzona in sol minore<br \/>\nAll\u2019Offertorio<\/p>\n<p><strong>Padre Giovan Battista Martini (Bologna 1706-1784)<br \/>\n<\/strong>da <em>\u201cMissa solemnis\u201d<\/em>:<br \/>\nElevazione<br \/>\nPost Comunio<br \/>\nToccata per il Deo gratias<\/p>\n<p><strong>Andrea Luchesi (Motta di Livenza, Treviso 1741-Bonn 1801)<br \/>\n<\/strong>Divertimento [Do maggiore]<br \/>\nDivertimento [Sol maggiore]<\/p>\n<p><strong>Ludwig van Beethoven (Bonn 1770-Vienna 1827)<br \/>\n<\/strong>da <em>\u201cF\u00fcnf St\u00fccke f\u00fcr Fl\u00f6tenuhr\u201d<\/em>, WoO 33:<br \/>\nNo. 4 Allegro non pi\u00f9 molto<br \/>\nNo. 5 Allegretto<\/p>\n<p><strong>Wolfgang Amad\u00e9 Mozart (Salisburgo 1756-Vienna 1791)<br \/>\n<\/strong>Allegro veronese, KV 72a (completamento di Zeno Bianchini)<br \/>\nSonata del Signor Mozart ridotta per l\u2019Organo dal Signor Nicol\u00f2 Moretti (1763-1821), KV 381<\/p>\n<p><strong>Zeno Bianchini<\/strong> (1971), organista e cembalista veronese, appassionato interprete di musica antica e in particolare di quella barocca, si dedica alla diffusione di questo repertorio secondo la prassi esecutiva antica.<br \/>\nDopo aver conseguito il diploma di Organo e Composizione organistica al Conservatorio \u2018E.F. Dall\u2019Abaco\u2019 della sua citt\u00e0 natale, studia Organo barocco all\u2019Accademia di musica antica di Pistoia e Clavicembalo, Strumenti da tasto e Prassi esecutiva antica presso la Musikhochschule di Freiburg (D).<br \/>\nTra i suoi insegnanti figurano Umberto Forni, Luigi Ferdinando Tagliavini, Peter Westerbrink, Wolfgang Zerer, Lorenzo Ghielmi (Organo), Robert Hill e Michael Behringer (Cembalo).<br \/>\nGli studi in materia di Composizione (Verona), Musica sacra (Freiburg, primo italiano ad essere insignito di tale grado accademico), Storia della musica (Universit\u00e0 di Padova) e Direzione (Musikhochschule di Trossingen &#8211; D) completano la sua formazione musicale.<br \/>\nIn qualit\u00e0 di Organista, cembalista e continuista \u00e8 attivo in campo concertistico in vari Paesi europei: suona in importanti rassegne e collabora con Ensemble che si dedicano alla musica antica, eseguita su strumenti originali. La sua attivit\u00e0 artistica \u00e8 documentata dalla produzione di alcuni CD.<br \/>\nAttualmente risiede a Stockach (D) sul Lago di Costanza, dove ricopre la carica di Organista e Maestro di cappella della Stadtpfarrkirche St. Oswald e quella di Organista allo storico organo della Loreto-Kapelle, il pi\u00f9 antico strumento funzionante del Baden-W\u00fcrttenberg, costruito nel 1661 da Johann Christophorus Pfleger. \u00c8 inoltre Direttore artistico della Rassegna internazionale \u201cStockacher Orgelkonzertreihe\u201d e docente di organo e improvvisazione per la diocesi di Freiburg.<\/p>\n","protected":false},"excerpt":{"rendered":"<p>Concerto Zeno Bianchini, organo &#8211; 1 settembre 2019 Domenica 1 settembre ore 17.30 VIGUZZOLO, chiesa Parrocchiale ZENO BIANCHINI, organo (italia \u2013 Germania) Programma Johann Pachelbel (Norimberga 1653-1706) Toccata &amp; Fuga &hellip; <a href=\"https:\/\/www.amicidellorgano.org\/index.php\/event\/concerto-zeno-bianchini-organo-1-settembre-2019\/\" class=\"more-link\">Continua la lettura di <span class=\"screen-reader-text\">Concerto Zeno Bianchini, organo &#8211; 1 settembre 2019<\/span> <span class=\"meta-nav\">&rarr;<\/span><\/a><\/p>\n","protected":false},"author":1,"featured_media":0,"template":"","meta":{"_tribe_events_status":"","_tribe_events_status_reason":"","footnotes":""},"tags":[143,124,147],"tribe_events_cat":[144],"class_list":["post-1099","tribe_events","type-tribe_events","status-publish","hentry","tag-concerti2019","tag-viguzzolo","tag-zeno-bianchini","tribe_events_cat-concerti-2019","cat_concerti-2019"],"_links":{"self":[{"href":"https:\/\/www.amicidellorgano.org\/index.php\/wp-json\/wp\/v2\/tribe_events\/1099"}],"collection":[{"href":"https:\/\/www.amicidellorgano.org\/index.php\/wp-json\/wp\/v2\/tribe_events"}],"about":[{"href":"https:\/\/www.amicidellorgano.org\/index.php\/wp-json\/wp\/v2\/types\/tribe_events"}],"author":[{"embeddable":true,"href":"https:\/\/www.amicidellorgano.org\/index.php\/wp-json\/wp\/v2\/users\/1"}],"version-history":[{"count":1,"href":"https:\/\/www.amicidellorgano.org\/index.php\/wp-json\/wp\/v2\/tribe_events\/1099\/revisions"}],"predecessor-version":[{"id":1100,"href":"https:\/\/www.amicidellorgano.org\/index.php\/wp-json\/wp\/v2\/tribe_events\/1099\/revisions\/1100"}],"wp:attachment":[{"href":"https:\/\/www.amicidellorgano.org\/index.php\/wp-json\/wp\/v2\/media?parent=1099"}],"wp:term":[{"taxonomy":"post_tag","embeddable":true,"href":"https:\/\/www.amicidellorgano.org\/index.php\/wp-json\/wp\/v2\/tags?post=1099"},{"taxonomy":"tribe_events_cat","embeddable":true,"href":"https:\/\/www.amicidellorgano.org\/index.php\/wp-json\/wp\/v2\/tribe_events_cat?post=1099"}],"curies":[{"name":"wp","href":"https:\/\/api.w.org\/{rel}","templated":true}]}}

<p><strong>Concerto Zeno Bianchini, organo &#8211; 1 settembre 2019</strong></p>
<p><img loading="lazy" decoding="async" class="aligncenter wp-image-1059 size-large" src="http://www.amicidellorgano.org/wp-content/uploads/concerti2019/04-zeno-bianchini-739x1024.jpg" alt="Concerto Zeno Bianchini, organo - 1 settembre 2019" width="474" height="657" /></p>
<p><strong>Domenica 1 settembre ore 17.30</strong><br />
<strong>VIGUZZOLO, chiesa Parrocchiale</strong><br />
<strong>ZENO BIANCHINI, organo (italia – Germania)</strong></p>
<p><strong>Programma<br />
</strong><strong>Johann Pachelbel (Norimberga 1653-1706)<br />
</strong>Toccata &amp; Fuga in Do maggiore</p>
<p><strong>Georg Friederich Händel (Halle 1685-Londra 1759)<br />
</strong>da<em> “Twelve Voluntaries and Fugues for the Organ or Harpsichord, with Rules for Tuning by the celebrated Mr. Handel.”</em>,  Book IV. London (ca. 1776):<br />
Voluntary III:<br />
Slow – Allegro – Largo – Fugue<br />
A Voluntary or a Flight of Angels, HWV 600</p>
<p><strong>Domenico Zipoli (Prato, Firenze 1688-Córdoba, Argentina 1726)<br />
</strong>da <em>“Sonate d’Intavolatura per Organo e Cimbalo”</em> (1716):<br />
Toccata<br />
Canzona in sol minore<br />
All’Offertorio</p>
<p><strong>Padre Giovan Battista Martini (Bologna 1706-1784)<br />
</strong>da <em>“Missa solemnis”</em>:<br />
Elevazione<br />
Post Comunio<br />
Toccata per il Deo gratias</p>
<p><strong>Andrea Luchesi (Motta di Livenza, Treviso 1741-Bonn 1801)<br />
</strong>Divertimento [Do maggiore]<br />
Divertimento [Sol maggiore]</p>
<p><strong>Ludwig van Beethoven (Bonn 1770-Vienna 1827)<br />
</strong>da <em>“Fünf Stücke für Flötenuhr”</em>, WoO 33:<br />
No. 4 Allegro non più molto<br />
No. 5 Allegretto</p>
<p><strong>Wolfgang Amadé Mozart (Salisburgo 1756-Vienna 1791)<br />
</strong>Allegro veronese, KV 72a (completamento di Zeno Bianchini)<br />
Sonata del Signor Mozart ridotta per l’Organo dal Signor Nicolò Moretti (1763-1821), KV 381</p>
<p><strong>Zeno Bianchini</strong> (1971), organista e cembalista veronese, appassionato interprete di musica antica e in particolare di quella barocca, si dedica alla diffusione di questo repertorio secondo la prassi esecutiva antica.<br />
Dopo aver conseguito il diploma di Organo e Composizione organistica al Conservatorio ‘E.F. Dall’Abaco’ della sua città natale, studia Organo barocco all’Accademia di musica antica di Pistoia e Clavicembalo, Strumenti da tasto e Prassi esecutiva antica presso la Musikhochschule di Freiburg (D).<br />
Tra i suoi insegnanti figurano Umberto Forni, Luigi Ferdinando Tagliavini, Peter Westerbrink, Wolfgang Zerer, Lorenzo Ghielmi (Organo), Robert Hill e Michael Behringer (Cembalo).<br />
Gli studi in materia di Composizione (Verona), Musica sacra (Freiburg, primo italiano ad essere insignito di tale grado accademico), Storia della musica (Università di Padova) e Direzione (Musikhochschule di Trossingen &#8211; D) completano la sua formazione musicale.<br />
In qualità di Organista, cembalista e continuista è attivo in campo concertistico in vari Paesi europei: suona in importanti rassegne e collabora con Ensemble che si dedicano alla musica antica, eseguita su strumenti originali. La sua attività artistica è documentata dalla produzione di alcuni CD.<br />
Attualmente risiede a Stockach (D) sul Lago di Costanza, dove ricopre la carica di Organista e Maestro di cappella della Stadtpfarrkirche St. Oswald e quella di Organista allo storico organo della Loreto-Kapelle, il più antico strumento funzionante del Baden-Württenberg, costruito nel 1661 da Johann Christophorus Pfleger. È inoltre Direttore artistico della Rassegna internazionale “Stockacher Orgelkonzertreihe” e docente di organo e improvvisazione per la diocesi di Freiburg.</p>
