{"id":1748,"date":"2023-02-22T11:14:07","date_gmt":"2023-02-22T10:14:07","guid":{"rendered":"https:\/\/www.amicidellorgano.org\/?page_id=1748"},"modified":"2023-02-22T11:27:52","modified_gmt":"2023-02-22T10:27:52","slug":"la-musica-e-il-sacro-2023","status":"publish","type":"page","link":"https:\/\/www.amicidellorgano.org\/index.php\/la-musica-e-il-sacro-2023\/","title":{"rendered":"La Musica e il sacro 2023"},"content":{"rendered":"<p><strong>La Musica e il sacro 2023<\/strong><\/p>\n<div id='gallery-1' class='gallery galleryid-1748 gallery-columns-3 gallery-size-thumbnail'><figure class='gallery-item'>\n\t\t\t<div class='gallery-icon portrait'>\n\t\t\t\t<a href='https:\/\/www.amicidellorgano.org\/foto-scavio-e-giusy-polito-1-2\/'><img loading=\"lazy\" decoding=\"async\" width=\"150\" height=\"150\" src=\"https:\/\/www.amicidellorgano.org\/wp-content\/uploads\/messecumorgano2023\/foto-Scavio-e-Giusy-Polito-1-150x150.jpg\" class=\"attachment-thumbnail size-thumbnail\" alt=\"\" \/><\/a>\n\t\t\t<\/div><\/figure><figure class='gallery-item'>\n\t\t\t<div class='gallery-icon portrait'>\n\t\t\t\t<a href='https:\/\/www.amicidellorgano.org\/index.php\/2023\/03\/20\/la-musica-e-il-sacro-2023-concerti-del-25-marzo-2023-e-del-1-aprile-2023\/foto-scavio-2020-1\/'><img loading=\"lazy\" decoding=\"async\" width=\"150\" height=\"150\" src=\"https:\/\/www.amicidellorgano.org\/wp-content\/uploads\/messecumorgano2023\/foto-Scavio-2020-1-150x150.jpg\" class=\"attachment-thumbnail size-thumbnail\" alt=\"\" \/><\/a>\n\t\t\t<\/div><\/figure><figure class='gallery-item'>\n\t\t\t<div class='gallery-icon landscape'>\n\t\t\t\t<a href='https:\/\/www.amicidellorgano.org\/index.php\/2023\/03\/20\/la-musica-e-il-sacro-2023-concerti-del-25-marzo-2023-e-del-1-aprile-2023\/foto-colosetti-1\/'><img loading=\"lazy\" decoding=\"async\" width=\"150\" height=\"150\" src=\"https:\/\/www.amicidellorgano.org\/wp-content\/uploads\/messecumorgano2023\/foto-Colosetti-1-150x150.jpg\" class=\"attachment-thumbnail size-thumbnail\" alt=\"\" \/><\/a>\n\t\t\t<\/div><\/figure><figure class='gallery-item'>\n\t\t\t<div class='gallery-icon portrait'>\n\t\t\t\t<a href='https:\/\/www.amicidellorgano.org\/index.php\/2023\/03\/20\/la-musica-e-il-sacro-2023-concerti-del-25-marzo-2023-e-del-1-aprile-2023\/foto-colosetti-2-2\/'><img loading=\"lazy\" decoding=\"async\" width=\"150\" height=\"150\" src=\"https:\/\/www.amicidellorgano.org\/wp-content\/uploads\/messecumorgano2023\/foto-Colosetti-2-150x150.jpg\" class=\"attachment-thumbnail size-thumbnail\" alt=\"\" \/><\/a>\n\t\t\t<\/div><\/figure><figure class='gallery-item'>\n\t\t\t<div class='gallery-icon portrait'>\n\t\t\t\t<a href='https:\/\/www.amicidellorgano.org\/index.php\/2023\/05\/20\/la-musica-e-il-sacro-2023-concerti-del-27-maggio-2023-e-3-giugno-2023\/foto-verrando-1-2\/'><img loading=\"lazy\" decoding=\"async\" width=\"150\" height=\"150\" src=\"https:\/\/www.amicidellorgano.org\/wp-content\/uploads\/messecumorgano2023\/foto-Verrando-1-150x150.jpg\" class=\"attachment-thumbnail size-thumbnail\" alt=\"\" \/><\/a>\n\t\t\t<\/div><\/figure><figure class='gallery-item'>\n\t\t\t<div class='gallery-icon landscape'>\n\t\t\t\t<a href='https:\/\/www.amicidellorgano.org\/index.php\/2023\/05\/20\/la-musica-e-il-sacro-2023-concerti-del-27-maggio-2023-e-3-giugno-2023\/foto-polselli-3\/'><img loading=\"lazy\" decoding=\"async\" width=\"150\" height=\"150\" src=\"https:\/\/www.amicidellorgano.org\/wp-content\/uploads\/messecumorgano2023\/foto-Polselli-150x150.jpg\" class=\"attachment-thumbnail size-thumbnail\" alt=\"\" \/><\/a>\n\t\t\t<\/div><\/figure><figure class='gallery-item'>\n\t\t\t<div class='gallery-icon portrait'>\n\t\t\t\t<a href='https:\/\/www.amicidellorgano.org\/foto-daniele-guidobono\/'><img loading=\"lazy\" decoding=\"async\" width=\"150\" height=\"150\" src=\"https:\/\/www.amicidellorgano.org\/wp-content\/uploads\/messecumorgano2023\/foto-Daniele-Guidobono-150x150.jpg\" class=\"attachment-thumbnail size-thumbnail\" alt=\"\" \/><\/a>\n\t\t\t<\/div><\/figure>\n\t\t<\/div>\n\n<p><a href=\"http:\/\/www.amicidellorgano.org\/wp-content\/uploads\/messecumorgano2023\/programma-Musica-e-Sacro-2023.pdf\">programma Musica e Sacro 2023<\/a><\/p>\n<p>Con il mese di marzo ricomincia &#8220;La Musica e il Sacro&#8221; , manifestazione tradizionalmente organizzata dagli Amici dell&#8217;Organo come appendice alla Stagione di concerti sugli organi storici, in collaborazione con il Conservatorio &#8220;A. Vivaldi&#8221; ed affidata ad allievi ed ex allievi dell&#8217;Istituto, in qualche caso anche ad artisti ospiti.<\/p>\n<p>Le chiese interessate saranno quella del Carmine in via dei Guasco ad Alessandria e la Basilica della Maddalena a Novi Ligure, con una puntata nella Parrocchiale di Oviglio domenica 7 maggio alle ore 10.<br \/>\nL&#8217;edizione di quest&#8217;anno si apre con un&#8217;importante novit\u00e0: mentre alla Maddalena come ad Oviglio gli interventi organistici durante la liturgia si svolgeranno in forma tradizionale, in citt\u00e0\u00a0 mezz&#8217;ora prima della messa i musicisti di turno eseguiranno di seguito una serie di brani animando poi, salvo eccezioni, anche il culto, con una formula che di fatto costituisce un &#8221; Vespro d&#8217;organo&#8221;.<\/p>\n<p>Nella chiesa del Carmine il primo sabato del mese da marzo a giugno si comincer\u00e0 quindi alle 17.30, mentre a Novi Ligure l&#8217;appuntamento come sempre coincider\u00e0 con l&#8217;inizio della messa, alle 17.30 con l&#8217;ora solare ed alle 18 con il passaggio all&#8217;ora legale.<\/p>\n<p>Sabato 4 marzo ci sar\u00e0 il gradito ritorno\u00a0 alla chiesa del Carmine di Giusy Polito al flauto e di Daniela Scavio all&#8217;organo, le quali faranno ascoltare una ricca carrellata di brani di Bach, Haendel e Benedetto Marcello; la messa sar\u00e0 poi accompagnata da Giovanni Oliveri.<\/p>\n<p>Il mese successivo sar\u00e0 poi la volta di Emanuele Colosetti, prossimo laureando del nostro Conservatorio. A Novi Ligure si partir\u00e0 invece il 25 marzo sempre con Daniela Scavio al settecentesco organo &#8220;Poncini&#8221;, con brani di Haendel e di Galuppi.<\/p>\n<p>&#8220;La Musica e il Sacro&#8221; , come tutte le altre attivit\u00e0 degli Amici dell&#8217;organo, \u00e8 sostenuta dalla Fondazione Cassa di Risparmio di Alessandria cui vanno una volta di pi\u00f9 i ringraziamenti degli organizzatori per il supporto alla missione di fare conoscere quanto pi\u00f9 possibile l&#8217;organo ed il suo vastissimo repertorio, che trova nelle<br \/>\nMesse e nei Vespri un&#8217;occasione non meno importante che nei concerti\u00a0per attirare ed incuriosire i presenti.<\/p>\n<p>&#8220;Oggi non \u00e8 pi\u00f9 una cosa scontata avere la presenza di un organo a commento del culto, specialmente se ben restaurato o almeno adeguatamente mantenuto&#8221; &#8211; dice Letizia Romiti curatrice della piccola rassegna &#8211; per cui un titolo di merito va al parroco del Carmine don Giampaolo Orsini, al Priore della Confraternita della Maddalena Paolo Reppetti come pure al Priore emerito Mario Ristagno.<\/p>\n","protected":false},"excerpt":{"rendered":"<p>La Musica e il sacro 2023 programma Musica e Sacro 2023 Con il mese di marzo ricomincia &#8220;La Musica e il Sacro&#8221; , manifestazione tradizionalmente organizzata dagli Amici dell&#8217;Organo come &hellip; <a href=\"https:\/\/www.amicidellorgano.org\/index.php\/la-musica-e-il-sacro-2023\/\" class=\"more-link\">Continua la lettura di <span class=\"screen-reader-text\">La Musica e il sacro 2023<\/span> <span class=\"meta-nav\">&rarr;<\/span><\/a><\/p>\n","protected":false},"author":1,"featured_media":0,"parent":0,"menu_order":0,"comment_status":"closed","ping_status":"closed","template":"","meta":{"footnotes":""},"class_list":["post-1748","page","type-page","status-publish","hentry"],"_links":{"self":[{"href":"https:\/\/www.amicidellorgano.org\/index.php\/wp-json\/wp\/v2\/pages\/1748"}],"collection":[{"href":"https:\/\/www.amicidellorgano.org\/index.php\/wp-json\/wp\/v2\/pages"}],"about":[{"href":"https:\/\/www.amicidellorgano.org\/index.php\/wp-json\/wp\/v2\/types\/page"}],"author":[{"embeddable":true,"href":"https:\/\/www.amicidellorgano.org\/index.php\/wp-json\/wp\/v2\/users\/1"}],"replies":[{"embeddable":true,"href":"https:\/\/www.amicidellorgano.org\/index.php\/wp-json\/wp\/v2\/comments?post=1748"}],"version-history":[{"count":8,"href":"https:\/\/www.amicidellorgano.org\/index.php\/wp-json\/wp\/v2\/pages\/1748\/revisions"}],"predecessor-version":[{"id":1767,"href":"https:\/\/www.amicidellorgano.org\/index.php\/wp-json\/wp\/v2\/pages\/1748\/revisions\/1767"}],"wp:attachment":[{"href":"https:\/\/www.amicidellorgano.org\/index.php\/wp-json\/wp\/v2\/media?parent=1748"}],"curies":[{"name":"wp","href":"https:\/\/api.w.org\/{rel}","templated":true}]}}

<p><strong>La Musica e il sacro 2023</strong></p>
<div id='gallery-1' class='gallery galleryid-1748 gallery-columns-3 gallery-size-thumbnail'><figure class='gallery-item'>
			<div class='gallery-icon portrait'>
				<a href='https://www.amicidellorgano.org/foto-scavio-e-giusy-polito-1-2/'><img loading="lazy" decoding="async" width="150" height="150" src="https://www.amicidellorgano.org/wp-content/uploads/messecumorgano2023/foto-Scavio-e-Giusy-Polito-1-150x150.jpg" class="attachment-thumbnail size-thumbnail" alt="" /></a>
			</div></figure><figure class='gallery-item'>
			<div class='gallery-icon portrait'>
				<a href='https://www.amicidellorgano.org/index.php/2023/03/20/la-musica-e-il-sacro-2023-concerti-del-25-marzo-2023-e-del-1-aprile-2023/foto-scavio-2020-1/'><img loading="lazy" decoding="async" width="150" height="150" src="https://www.amicidellorgano.org/wp-content/uploads/messecumorgano2023/foto-Scavio-2020-1-150x150.jpg" class="attachment-thumbnail size-thumbnail" alt="" /></a>
			</div></figure><figure class='gallery-item'>
			<div class='gallery-icon landscape'>
				<a href='https://www.amicidellorgano.org/index.php/2023/03/20/la-musica-e-il-sacro-2023-concerti-del-25-marzo-2023-e-del-1-aprile-2023/foto-colosetti-1/'><img loading="lazy" decoding="async" width="150" height="150" src="https://www.amicidellorgano.org/wp-content/uploads/messecumorgano2023/foto-Colosetti-1-150x150.jpg" class="attachment-thumbnail size-thumbnail" alt="" /></a>
			</div></figure><figure class='gallery-item'>
			<div class='gallery-icon portrait'>
				<a href='https://www.amicidellorgano.org/index.php/2023/03/20/la-musica-e-il-sacro-2023-concerti-del-25-marzo-2023-e-del-1-aprile-2023/foto-colosetti-2-2/'><img loading="lazy" decoding="async" width="150" height="150" src="https://www.amicidellorgano.org/wp-content/uploads/messecumorgano2023/foto-Colosetti-2-150x150.jpg" class="attachment-thumbnail size-thumbnail" alt="" /></a>
			</div></figure><figure class='gallery-item'>
			<div class='gallery-icon portrait'>
				<a href='https://www.amicidellorgano.org/index.php/2023/05/20/la-musica-e-il-sacro-2023-concerti-del-27-maggio-2023-e-3-giugno-2023/foto-verrando-1-2/'><img loading="lazy" decoding="async" width="150" height="150" src="https://www.amicidellorgano.org/wp-content/uploads/messecumorgano2023/foto-Verrando-1-150x150.jpg" class="attachment-thumbnail size-thumbnail" alt="" /></a>
			</div></figure><figure class='gallery-item'>
			<div class='gallery-icon landscape'>
				<a href='https://www.amicidellorgano.org/index.php/2023/05/20/la-musica-e-il-sacro-2023-concerti-del-27-maggio-2023-e-3-giugno-2023/foto-polselli-3/'><img loading="lazy" decoding="async" width="150" height="150" src="https://www.amicidellorgano.org/wp-content/uploads/messecumorgano2023/foto-Polselli-150x150.jpg" class="attachment-thumbnail size-thumbnail" alt="" /></a>
			</div></figure><figure class='gallery-item'>
			<div class='gallery-icon portrait'>
				<a href='https://www.amicidellorgano.org/foto-daniele-guidobono/'><img loading="lazy" decoding="async" width="150" height="150" src="https://www.amicidellorgano.org/wp-content/uploads/messecumorgano2023/foto-Daniele-Guidobono-150x150.jpg" class="attachment-thumbnail size-thumbnail" alt="" /></a>
			</div></figure>
		</div>

<p><a href="http://www.amicidellorgano.org/wp-content/uploads/messecumorgano2023/programma-Musica-e-Sacro-2023.pdf">programma Musica e Sacro 2023</a></p>
<p>Con il mese di marzo ricomincia &#8220;La Musica e il Sacro&#8221; , manifestazione tradizionalmente organizzata dagli Amici dell&#8217;Organo come appendice alla Stagione di concerti sugli organi storici, in collaborazione con il Conservatorio &#8220;A. Vivaldi&#8221; ed affidata ad allievi ed ex allievi dell&#8217;Istituto, in qualche caso anche ad artisti ospiti.</p>
<p>Le chiese interessate saranno quella del Carmine in via dei Guasco ad Alessandria e la Basilica della Maddalena a Novi Ligure, con una puntata nella Parrocchiale di Oviglio domenica 7 maggio alle ore 10.<br />
L&#8217;edizione di quest&#8217;anno si apre con un&#8217;importante novità: mentre alla Maddalena come ad Oviglio gli interventi organistici durante la liturgia si svolgeranno in forma tradizionale, in città  mezz&#8217;ora prima della messa i musicisti di turno eseguiranno di seguito una serie di brani animando poi, salvo eccezioni, anche il culto, con una formula che di fatto costituisce un &#8221; Vespro d&#8217;organo&#8221;.</p>
<p>Nella chiesa del Carmine il primo sabato del mese da marzo a giugno si comincerà quindi alle 17.30, mentre a Novi Ligure l&#8217;appuntamento come sempre coinciderà con l&#8217;inizio della messa, alle 17.30 con l&#8217;ora solare ed alle 18 con il passaggio all&#8217;ora legale.</p>
<p>Sabato 4 marzo ci sarà il gradito ritorno  alla chiesa del Carmine di Giusy Polito al flauto e di Daniela Scavio all&#8217;organo, le quali faranno ascoltare una ricca carrellata di brani di Bach, Haendel e Benedetto Marcello; la messa sarà poi accompagnata da Giovanni Oliveri.</p>
<p>Il mese successivo sarà poi la volta di Emanuele Colosetti, prossimo laureando del nostro Conservatorio. A Novi Ligure si partirà invece il 25 marzo sempre con Daniela Scavio al settecentesco organo &#8220;Poncini&#8221;, con brani di Haendel e di Galuppi.</p>
<p>&#8220;La Musica e il Sacro&#8221; , come tutte le altre attività degli Amici dell&#8217;organo, è sostenuta dalla Fondazione Cassa di Risparmio di Alessandria cui vanno una volta di più i ringraziamenti degli organizzatori per il supporto alla missione di fare conoscere quanto più possibile l&#8217;organo ed il suo vastissimo repertorio, che trova nelle<br />
Messe e nei Vespri un&#8217;occasione non meno importante che nei concerti per attirare ed incuriosire i presenti.</p>
<p>&#8220;Oggi non è più una cosa scontata avere la presenza di un organo a commento del culto, specialmente se ben restaurato o almeno adeguatamente mantenuto&#8221; &#8211; dice Letizia Romiti curatrice della piccola rassegna &#8211; per cui un titolo di merito va al parroco del Carmine don Giampaolo Orsini, al Priore della Confraternita della Maddalena Paolo Reppetti come pure al Priore emerito Mario Ristagno.</p>
